{"id":7326,"date":"2025-06-28T18:22:50","date_gmt":"2025-06-28T16:22:50","guid":{"rendered":"https:\/\/uj.adatbank.ro\/lexikon\/termek\/enyedi-jeno-%c2%a7-enyedy-jeno\/"},"modified":"2025-06-28T18:22:50","modified_gmt":"2025-06-28T16:22:50","slug":"enyedi-jeno-%c2%a7-enyedy-jeno","status":"publish","type":"product","link":"https:\/\/uj.adatbank.ro\/lexikon\/termek\/enyedi-jeno-%c2%a7-enyedy-jeno\/","title":{"rendered":"ENYEDI Jen\u0151, \u00a7 Enyedy Jen\u0151"},"content":{"rendered":"<p>Mv., 1877., \u2020\u00a0? : v\u00e1llalkoz\u00f3, m\u00e9sz\u00e1rosmester, f\u00f6ldbirtokos. \u2013 E. S\u00e1muel, m\u00e9sz\u00e1ros \u00e9s Petry Katalin fia. Feles\u00e9ge: R\u00e9thy Erzs\u00e9bet, a Ref. N\u0151egyletben tev\u00e9kenykedett. \u2013 Iskol\u00e1i elv\u00e9gz\u00e9se ut\u00e1n kitanulta a m\u00e9sz\u00e1ros mesters\u00e9get \u00e9s \u00f6n\u00e1ll\u00f3s\u00edtotta mag\u00e1t Mv.-en (1900). \u00dczletember \u00e9s a k\u00f6z\u00e9rt munk\u00e1lkod\u00f3 f\u00e9rfi\u00fa. Az Apollo egyik tulajdonosa volt (1918\u201320), amikor az \u00e9p\u00fcletet eladta egy nagyszebeni sz\u00e1sz banknak. A t\u00f6bb mint 300 \u00e9ve fenn\u00e1ll\u00f3 Mv.-i Iparost\u00e1rsulat Seg\u00e9lyez\u0151 Egylet\u00e9nek 15 \u00e9vig aln\u00f6ke, 10 \u00e9vig eln\u00f6ke, a MP int\u00e9z\u0151bizotts\u00e1gi \u00e9s a M. Iparostest\u00fclet v\u00e1lasztott tagja, ref. egyh\u00e1ztan\u00e1csos, a Gazdak\u00f6r, a Temetkez\u00e9si Egylet \u00e9s m\u00e9g t\u00f6bb t\u00e1rsadalmi, kultur\u00e1lis egyes\u00fclet m\u0171k\u00f6d\u00e9s\u00e9ben vett r\u00e9szt. <br \/><strong>Irod.:<\/strong> Bern\u00e1dy; Id\u0151t\u00e1r 3; Ki kicsoda\u00a0?; \u00d6kr\u00f6s<\/br><\/p>\n","protected":false},"excerpt":{"rendered":"<p>Mv., 1877., \u2020\u00a0? : v\u00e1llalkoz\u00f3, m\u00e9sz\u00e1rosmester, f\u00f6ldbirtokos. \u2013 E. S\u00e1muel, m\u00e9sz\u00e1ros \u00e9s Petry Katalin fia. Feles\u00e9ge: R\u00e9thy Erzs\u00e9bet, a Ref. N\u0151egyletben tev\u00e9kenykedett. \u2013 Iskol\u00e1i elv\u00e9gz\u00e9se ut\u00e1n kitanulta a m\u00e9sz\u00e1ros mesters\u00e9get \u00e9s \u00f6n\u00e1ll\u00f3s\u00edtotta mag\u00e1t Mv.-en (1900). \u00dczletember \u00e9s a k\u00f6z\u00e9rt munk\u00e1lkod\u00f3 f\u00e9rfi\u00fa. Az Apollo egyik tulajdonosa volt (1918\u201320), amikor az \u00e9p\u00fcletet eladta egy nagyszebeni sz\u00e1sz banknak. [&hellip;]<\/p>\n","protected":false},"featured_media":0,"comment_status":"open","ping_status":"closed","template":"","meta":[],"product_brand":[],"product_cat":[137],"product_tag":[],"class_list":{"0":"post-7326","1":"product","2":"type-product","3":"status-publish","5":"product_cat-maros-megyei-eletrajzi-lexikon","7":"first","8":"instock","9":"shipping-taxable","10":"product-type-simple"},"_links":{"self":[{"href":"https:\/\/uj.adatbank.ro\/lexikon\/wp-json\/wp\/v2\/product\/7326","targetHints":{"allow":["GET"]}}],"collection":[{"href":"https:\/\/uj.adatbank.ro\/lexikon\/wp-json\/wp\/v2\/product"}],"about":[{"href":"https:\/\/uj.adatbank.ro\/lexikon\/wp-json\/wp\/v2\/types\/product"}],"replies":[{"embeddable":true,"href":"https:\/\/uj.adatbank.ro\/lexikon\/wp-json\/wp\/v2\/comments?post=7326"}],"wp:attachment":[{"href":"https:\/\/uj.adatbank.ro\/lexikon\/wp-json\/wp\/v2\/media?parent=7326"}],"wp:term":[{"taxonomy":"product_brand","embeddable":true,"href":"https:\/\/uj.adatbank.ro\/lexikon\/wp-json\/wp\/v2\/product_brand?post=7326"},{"taxonomy":"product_cat","embeddable":true,"href":"https:\/\/uj.adatbank.ro\/lexikon\/wp-json\/wp\/v2\/product_cat?post=7326"},{"taxonomy":"product_tag","embeddable":true,"href":"https:\/\/uj.adatbank.ro\/lexikon\/wp-json\/wp\/v2\/product_tag?post=7326"}],"curies":[{"name":"wp","href":"https:\/\/api.w.org\/{rel}","templated":true}]}}

ENYEDI Jenő, § Enyedy Jenő

<p>Mv., 1877., † ? : vállalkozó, mészárosmester, földbirtokos. – E. Sámuel, mészáros és Petry Katalin fia. Felesége: Réthy Erzsébet, a Ref. Nőegyletben tevékenykedett. – Iskolái elvégzése után kitanulta a mészáros mesterséget és önállósította magát Mv.-en (1900). Üzletember és a közért munkálkodó férfiú. Az Apollo egyik tulajdonosa volt (1918–20), amikor az épületet eladta egy nagyszebeni szász banknak. A több mint 300 éve fennálló Mv.-i Iparostársulat Segélyező Egyletének 15 évig alnöke, 10 évig elnöke, a MP intézőbizottsági és a M. Iparostestület választott tagja, ref. egyháztanácsos, a Gazdakör, a Temetkezési Egylet és még több társadalmi, kulturális egyesület működésében vett részt. <br /><strong>Irod.:</strong> Bernády; Időtár 3; Ki kicsoda ?; Ökrös</br></p>

<p>Mv., 1877., † ? : vállalkozó, mészárosmester, földbirtokos. – E. Sámuel, mészáros és Petry Katalin fia. Felesége: Réthy Erzsébet, a Ref. Nőegyletben tevékenykedett. – Iskolái elvégzése után kitanulta a mészáros mesterséget és önállósította magát Mv.-en (1900). Üzletember és a közért munkálkodó férfiú. Az Apollo egyik tulajdonosa volt (1918–20), amikor az épületet eladta egy nagyszebeni szász banknak. [&hellip;]</p>
