{"id":7329,"date":"2025-06-28T18:22:59","date_gmt":"2025-06-28T16:22:59","guid":{"rendered":"https:\/\/uj.adatbank.ro\/lexikon\/termek\/enyedi-lakatos-marton\/"},"modified":"2025-06-28T18:22:59","modified_gmt":"2025-06-28T16:22:59","slug":"enyedi-lakatos-marton","status":"publish","type":"product","link":"https:\/\/uj.adatbank.ro\/lexikon\/termek\/enyedi-lakatos-marton\/","title":{"rendered":"ENYEDI LAKATOS M\u00e1rton"},"content":{"rendered":"<p>Mv., 1710., \u2020 1776.: kr\u00f3nika\u00edr\u00f3. \u2013Feles\u00e9ge: D\u00e9vai Erzs\u00e9bet (1733. szept. 1.\u2013), aki 32 \u00e9vesen hunyt el (1747). Gyermekeik: M\u00e1rton (sz. 1742), Erzs\u00e9bet. \u2013 A mv.-i Ref. Koll.-ban tanult. N\u00e9pi \u00e9rzelm\u0171, a mesteremberek l\u00e1zad\u00e1s\u00e1val szimpatiz\u00e1l\u00f3 k\u00e9zm\u0171ves volt. A mv.-i Ref. Koll. K\u00f6nyvt\u00e1ra \u0151rizte Dissertatio historica ecclesiastica c. k\u00e9zirat\u00e1t (1745-b\u0151l), egyh\u00e1zi adatokat tartalmaz, valamint inform\u00e1ci\u00f3kat a v\u00e1ros hivatalnokair\u00f3l, \u00e9let\u00e9r\u0151l (1658\u20131745). El kezdte \u00edrni Mv kr\u00f3nik\u00e1j\u00e1t a v\u00e1ros fontosabb esem\u00e9nyeir\u0151l (1743), amit Koncz J\u00f3zsef adott ki Eml\u00e9kez\u00e9sek k\u00f6nyve c\u00edmen. Ebben 1655\u20131675- ig \u00edrta le az esem\u00e9nyeket. \u00cdrt a tat\u00e1r bet\u0151r\u00e9sr\u0151l (1658), le\u00edrta Gyulafeh\u00e9rv\u00e1r rombad\u00f6nt\u00e9s\u00e9t, Torda fel\u00e9get\u00e9s\u00e9t, Kv. megsarcol\u00e1s\u00e1t, de sz\u00fcl\u0151v\u00e1rosa el\u00f6z\u00f6nl\u00e9s\u00e9t meg sem eml\u00edti, pedig 3000 ember elhurcol\u00e1sa m\u00e9gha a k\u00f6rny\u00e9kr\u0151l idemenek\u00fcltek voltak is egy 3000\u20133200 lak\u00f3s\u00fa v\u00e1rosb\u00f3l nem ker\u00fclhette el a figyelm\u00e9t. \u2013 <strong>F. m.:<\/strong> Eml\u00e9kezetnek k\u00f6nyve \/ Koncz J\u00f3zsef bevezet\u0151j\u00e9vel = Marossz\u00e9ki kr\u00f3nik\u00e1k 1.\/ V\u00e1logatta \u00e9s sajt\u00f3 al\u00e1 rendezte Sebesty\u00e9n Mih\u00e1ly (Mv., 2010). <br \/><strong>Irod.:<\/strong> Id\u0151t\u00e1r 1\u00a0; Kelemen Lajos 2006; Marossz\u00e9ki kr\u00f3nik\u00e1k 1.; P\u00e1l-Antal 2003; P\u00e1l-Antal 2006\u00a0; P\u00e1l-Antal 2009; Tonk S.: Mv.- kr\u00f3nik\u00e1sok = Mv. t\u00f6rt\u00e9net\u00e9b\u0151l<\/br><\/p>\n","protected":false},"excerpt":{"rendered":"<p>Mv., 1710., \u2020 1776.: kr\u00f3nika\u00edr\u00f3. \u2013Feles\u00e9ge: D\u00e9vai Erzs\u00e9bet (1733. szept. 1.\u2013), aki 32 \u00e9vesen hunyt el (1747). Gyermekeik: M\u00e1rton (sz. 1742), Erzs\u00e9bet. \u2013 A mv.-i Ref. Koll.-ban tanult. N\u00e9pi \u00e9rzelm\u0171, a mesteremberek l\u00e1zad\u00e1s\u00e1val szimpatiz\u00e1l\u00f3 k\u00e9zm\u0171ves volt. A mv.-i Ref. Koll. K\u00f6nyvt\u00e1ra \u0151rizte Dissertatio historica ecclesiastica c. k\u00e9zirat\u00e1t (1745-b\u0151l), egyh\u00e1zi adatokat tartalmaz, valamint inform\u00e1ci\u00f3kat a v\u00e1ros [&hellip;]<\/p>\n","protected":false},"featured_media":0,"comment_status":"open","ping_status":"closed","template":"","meta":[],"product_brand":[],"product_cat":[137],"product_tag":[],"class_list":{"0":"post-7329","1":"product","2":"type-product","3":"status-publish","5":"product_cat-maros-megyei-eletrajzi-lexikon","7":"first","8":"instock","9":"shipping-taxable","10":"product-type-simple"},"_links":{"self":[{"href":"https:\/\/uj.adatbank.ro\/lexikon\/wp-json\/wp\/v2\/product\/7329","targetHints":{"allow":["GET"]}}],"collection":[{"href":"https:\/\/uj.adatbank.ro\/lexikon\/wp-json\/wp\/v2\/product"}],"about":[{"href":"https:\/\/uj.adatbank.ro\/lexikon\/wp-json\/wp\/v2\/types\/product"}],"replies":[{"embeddable":true,"href":"https:\/\/uj.adatbank.ro\/lexikon\/wp-json\/wp\/v2\/comments?post=7329"}],"wp:attachment":[{"href":"https:\/\/uj.adatbank.ro\/lexikon\/wp-json\/wp\/v2\/media?parent=7329"}],"wp:term":[{"taxonomy":"product_brand","embeddable":true,"href":"https:\/\/uj.adatbank.ro\/lexikon\/wp-json\/wp\/v2\/product_brand?post=7329"},{"taxonomy":"product_cat","embeddable":true,"href":"https:\/\/uj.adatbank.ro\/lexikon\/wp-json\/wp\/v2\/product_cat?post=7329"},{"taxonomy":"product_tag","embeddable":true,"href":"https:\/\/uj.adatbank.ro\/lexikon\/wp-json\/wp\/v2\/product_tag?post=7329"}],"curies":[{"name":"wp","href":"https:\/\/api.w.org\/{rel}","templated":true}]}}

ENYEDI LAKATOS Márton

<p>Mv., 1710., † 1776.: krónikaíró. –Felesége: Dévai Erzsébet (1733. szept. 1.–), aki 32 évesen hunyt el (1747). Gyermekeik: Márton (sz. 1742), Erzsébet. – A mv.-i Ref. Koll.-ban tanult. Népi érzelmű, a mesteremberek lázadásával szimpatizáló kézműves volt. A mv.-i Ref. Koll. Könyvtára őrizte Dissertatio historica ecclesiastica c. kéziratát (1745-ből), egyházi adatokat tartalmaz, valamint információkat a város hivatalnokairól, életéről (1658–1745). El kezdte írni Mv krónikáját a város fontosabb eseményeiről (1743), amit Koncz József adott ki Emlékezések könyve címen. Ebben 1655–1675- ig írta le az eseményeket. Írt a tatár betőrésről (1658), leírta Gyulafehérvár rombadöntését, Torda felégetését, Kv. megsarcolását, de szülővárosa elözönlését meg sem említi, pedig 3000 ember elhurcolása mégha a környékről idemenekültek voltak is egy 3000–3200 lakósú városból nem kerülhette el a figyelmét. – <strong>F. m.:</strong> Emlékezetnek könyve / Koncz József bevezetőjével = Marosszéki krónikák 1./ Válogatta és sajtó alá rendezte Sebestyén Mihály (Mv., 2010). <br /><strong>Irod.:</strong> Időtár 1 ; Kelemen Lajos 2006; Marosszéki krónikák 1.; Pál-Antal 2003; Pál-Antal 2006 ; Pál-Antal 2009; Tonk S.: Mv.- krónikások = Mv. történetéből</br></p>

<p>Mv., 1710., † 1776.: krónikaíró. –Felesége: Dévai Erzsébet (1733. szept. 1.–), aki 32 évesen hunyt el (1747). Gyermekeik: Márton (sz. 1742), Erzsébet. – A mv.-i Ref. Koll.-ban tanult. Népi érzelmű, a mesteremberek lázadásával szimpatizáló kézműves volt. A mv.-i Ref. Koll. Könyvtára őrizte Dissertatio historica ecclesiastica c. kéziratát (1745-ből), egyházi adatokat tartalmaz, valamint információkat a város [&hellip;]</p>
