{"id":7332,"date":"2025-06-28T18:23:05","date_gmt":"2025-06-28T16:23:05","guid":{"rendered":"https:\/\/uj.adatbank.ro\/lexikon\/termek\/enyedi-samuel-2\/"},"modified":"2025-06-28T18:23:05","modified_gmt":"2025-06-28T16:23:05","slug":"enyedi-samuel-2","status":"publish","type":"product","link":"https:\/\/uj.adatbank.ro\/lexikon\/termek\/enyedi-samuel-2\/","title":{"rendered":"ENYEDI S\u00e1muel"},"content":{"rendered":"<p>1788 \u2020\u00a01842\u00a0: ?.Feles\u00e9ge: Szathm\u00e1ri Juli\u00e1nna.Gyermekeik: E. S\u00e1muel; Ferenc; J\u00f3zsef; M\u00e1ria Szigethi S\u00e1ndorn\u00e9; Juli\u00e1nna Dab\u00f3czi J\u00e1nosn\u00e9; Anna Nagy M\u00e1rtonn\u00e9 <br \/><strong>Irod.:<\/strong> Csekme; Gy\u00e1szjelent\u0151<\/br><\/p>\n","protected":false},"excerpt":{"rendered":"<p>1788 \u2020\u00a01842\u00a0: ?.Feles\u00e9ge: Szathm\u00e1ri Juli\u00e1nna.Gyermekeik: E. S\u00e1muel; Ferenc; J\u00f3zsef; M\u00e1ria Szigethi S\u00e1ndorn\u00e9; Juli\u00e1nna Dab\u00f3czi J\u00e1nosn\u00e9; Anna Nagy M\u00e1rtonn\u00e9 Irod.: Csekme; Gy\u00e1szjelent\u0151<\/p>\n","protected":false},"featured_media":0,"comment_status":"open","ping_status":"closed","template":"","meta":[],"product_brand":[],"product_cat":[137],"product_tag":[],"class_list":{"0":"post-7332","1":"product","2":"type-product","3":"status-publish","5":"product_cat-maros-megyei-eletrajzi-lexikon","7":"first","8":"instock","9":"shipping-taxable","10":"product-type-simple"},"_links":{"self":[{"href":"https:\/\/uj.adatbank.ro\/lexikon\/wp-json\/wp\/v2\/product\/7332","targetHints":{"allow":["GET"]}}],"collection":[{"href":"https:\/\/uj.adatbank.ro\/lexikon\/wp-json\/wp\/v2\/product"}],"about":[{"href":"https:\/\/uj.adatbank.ro\/lexikon\/wp-json\/wp\/v2\/types\/product"}],"replies":[{"embeddable":true,"href":"https:\/\/uj.adatbank.ro\/lexikon\/wp-json\/wp\/v2\/comments?post=7332"}],"wp:attachment":[{"href":"https:\/\/uj.adatbank.ro\/lexikon\/wp-json\/wp\/v2\/media?parent=7332"}],"wp:term":[{"taxonomy":"product_brand","embeddable":true,"href":"https:\/\/uj.adatbank.ro\/lexikon\/wp-json\/wp\/v2\/product_brand?post=7332"},{"taxonomy":"product_cat","embeddable":true,"href":"https:\/\/uj.adatbank.ro\/lexikon\/wp-json\/wp\/v2\/product_cat?post=7332"},{"taxonomy":"product_tag","embeddable":true,"href":"https:\/\/uj.adatbank.ro\/lexikon\/wp-json\/wp\/v2\/product_tag?post=7332"}],"curies":[{"name":"wp","href":"https:\/\/api.w.org\/{rel}","templated":true}]}}