{"id":7341,"date":"2025-06-28T18:23:23","date_gmt":"2025-06-28T16:23:23","guid":{"rendered":"https:\/\/uj.adatbank.ro\/lexikon\/termek\/eossi-andras-osi-andras\/"},"modified":"2025-06-28T18:23:23","modified_gmt":"2025-06-28T16:23:23","slug":"eossi-andras-osi-andras","status":"publish","type":"product","link":"https:\/\/uj.adatbank.ro\/lexikon\/termek\/eossi-andras-osi-andras\/","title":{"rendered":"E\u00d6SSI Andr\u00e1s; \u0150si\u00a0Andr\u00e1s"},"content":{"rendered":"<p>1558, \u2020Sz\u00e9kelyszenterzs\u00e9bet, 1602. j\u00fal.: sz\u00e9kely nemes, f\u00f6ldbirtokos, a szombatosok felekezet\u00e9nek megalap\u00edt\u00f3ja, egyh\u00e1zi \u00edr\u00f3 \u2013 Fogadott fia: P\u00e9chi Simon. \u2013 A padovai egy. hallgat\u00f3ja (1582). Szenterzs\u00e9beten \u00e9lt. K\u00fck\u00fcl\u0151- \u00e9s Feh\u00e9rmegy\u00e9ben, Udvarhelysz\u00e9ken terjedelmes f\u00f6ldbirtokai voltak. Az Erd\u00e9lyben keletkez\u0151 unit\u00e1rius hitnek egyik legr\u00e9gibb h\u00edve. D\u00e1vid Ferenchez csatlakozott (1567), nem volt k\u00e9pzett teol\u00f3gus, de ann\u00e1l j\u00e1ratosabb volt a bibli\u00e1ban \u00e9s az egyh\u00e1zt\u00f6rt\u00e9nelemben, kital\u00e1lta a szombatosok vall\u00e1s\u00e1t. Val\u00f3sz\u00edn\u0171leg \u0151 a szerz\u0151je-ford\u00edt\u00f3ja azoknak a tan\u00edt\u00f3 \u00e9nekeknek \u00e9s \u00e9rtekez\u00e9seknek (1580\u201390), amelyek els\u0151sorban Mathias Vehe-Glirius m\u0171vein ala\u00adpulva, \u00f6sszefoglalj\u00e1k az erd\u00e9lyi szombatoss\u00e1g dogmatikai n\u00e9zeteit. \u0150t tartj\u00e1k a szombatos felekezet megalap\u00edt\u00f3j\u00e1nak, amelynek utols\u00f3 k\u00e9pvisel\u0151i a b\u00f6z\u00f6d\u00fajfalusiak voltak. Az \u00f6sszegy\u0171jt\u00f6tt hatalmas vagyon\u00e1t P\u00e9chi Simonra hagyta, aki k\u00e9s\u0151bb Erd\u00e9ly f\u0151kancell\u00e1rja, a szombatoss\u00e1g egyh\u00e1zi \u00e9s vil\u00e1gi feje lett, hozz\u00e1 csatlakoztak a felekezet legjobbjai, k\u00f6zt\u00fck Bog\u00e1ti Fazekas Mikl\u00f3s. \u00cdrt \u00e9s \u00edratott m\u00e1sokkal k\u00fcl\u00f6nf\u00e9le egyh\u00e1zi m\u0171veket, \u00e9rtekez\u00e9seket, im\u00e1kat pr\u00e9dik\u00e1ci\u00f3kat, magyar\u00e1zatokat, tan\u00edt\u00f3\u00e9nekeket. \u2013 <strong>F. m.:<\/strong> A zsid\u00f3 k\u00fcl\u00f6n val\u00f3k k\u00f6z\u00fcl kiszakadott ember ellen M\u00f3zes pr\u00f3f\u00e9t\u00e1nak&#8230; b\u00f6lcsess\u00e9g\u00e9r\u0151l (Bp., 1970). K\u00e9ziratban maradtak fenn\u00a0: K\u00e1t\u00e9, K\u00e9t magyar ima, \u00c9nekesk\u00f6nyv az hamis vll\u00e1soknak ront\u00e1s\u00e1ra \u00e9s az igaz vall\u00e1snak minden r\u00e9szeinek megmutat\u00e1s\u00e1ra. <br \/><strong>Irod.:<\/strong> D\u00e1n R\u00f3bert: Az erd\u00e9lyi szom\u00adbatosok \u00e9s P\u00e9chi Simon (Bp., 1987); Kov\u00e1cs Andr\u00e1s: A sz\u00e9kely szombatosok (Korunk, 8. sz., 1991); Szinnyei; \u00daM\u00c9L<\/br><\/p>\n","protected":false},"excerpt":{"rendered":"<p>1558, \u2020Sz\u00e9kelyszenterzs\u00e9bet, 1602. j\u00fal.: sz\u00e9kely nemes, f\u00f6ldbirtokos, a szombatosok felekezet\u00e9nek megalap\u00edt\u00f3ja, egyh\u00e1zi \u00edr\u00f3 \u2013 Fogadott fia: P\u00e9chi Simon. \u2013 A padovai egy. hallgat\u00f3ja (1582). Szenterzs\u00e9beten \u00e9lt. K\u00fck\u00fcl\u0151- \u00e9s Feh\u00e9rmegy\u00e9ben, Udvarhelysz\u00e9ken terjedelmes f\u00f6ldbirtokai voltak. Az Erd\u00e9lyben keletkez\u0151 unit\u00e1rius hitnek egyik legr\u00e9gibb h\u00edve. D\u00e1vid Ferenchez csatlakozott (1567), nem volt k\u00e9pzett teol\u00f3gus, de ann\u00e1l j\u00e1ratosabb volt a bibli\u00e1ban [&hellip;]<\/p>\n","protected":false},"featured_media":0,"comment_status":"open","ping_status":"closed","template":"","meta":[],"product_brand":[],"product_cat":[137],"product_tag":[],"class_list":{"0":"post-7341","1":"product","2":"type-product","3":"status-publish","5":"product_cat-maros-megyei-eletrajzi-lexikon","7":"first","8":"instock","9":"shipping-taxable","10":"product-type-simple"},"_links":{"self":[{"href":"https:\/\/uj.adatbank.ro\/lexikon\/wp-json\/wp\/v2\/product\/7341","targetHints":{"allow":["GET"]}}],"collection":[{"href":"https:\/\/uj.adatbank.ro\/lexikon\/wp-json\/wp\/v2\/product"}],"about":[{"href":"https:\/\/uj.adatbank.ro\/lexikon\/wp-json\/wp\/v2\/types\/product"}],"replies":[{"embeddable":true,"href":"https:\/\/uj.adatbank.ro\/lexikon\/wp-json\/wp\/v2\/comments?post=7341"}],"wp:attachment":[{"href":"https:\/\/uj.adatbank.ro\/lexikon\/wp-json\/wp\/v2\/media?parent=7341"}],"wp:term":[{"taxonomy":"product_brand","embeddable":true,"href":"https:\/\/uj.adatbank.ro\/lexikon\/wp-json\/wp\/v2\/product_brand?post=7341"},{"taxonomy":"product_cat","embeddable":true,"href":"https:\/\/uj.adatbank.ro\/lexikon\/wp-json\/wp\/v2\/product_cat?post=7341"},{"taxonomy":"product_tag","embeddable":true,"href":"https:\/\/uj.adatbank.ro\/lexikon\/wp-json\/wp\/v2\/product_tag?post=7341"}],"curies":[{"name":"wp","href":"https:\/\/api.w.org\/{rel}","templated":true}]}}

EÖSSI András; Ősi András

<p>1558, †Székelyszenterzsébet, 1602. júl.: székely nemes, földbirtokos, a szombatosok felekezetének megalapítója, egyházi író – Fogadott fia: Péchi Simon. – A padovai egy. hallgatója (1582). Szenterzsébeten élt. Kükülő- és Fehérmegyében, Udvarhelyszéken terjedelmes földbirtokai voltak. Az Erdélyben keletkező unitárius hitnek egyik legrégibb híve. Dávid Ferenchez csatlakozott (1567), nem volt képzett teológus, de annál járatosabb volt a bibliában és az egyháztörténelemben, kitalálta a szombatosok vallását. Valószínűleg ő a szerzője-fordítója azoknak a tanító énekeknek és értekezéseknek (1580–90), amelyek elsősorban Mathias Vehe-Glirius művein ala­pulva, összefoglalják az erdélyi szombatosság dogmatikai nézeteit. Őt tartják a szombatos felekezet megalapítójának, amelynek utolsó képviselői a bözödújfalusiak voltak. Az összegyűjtött hatalmas vagyonát Péchi Simonra hagyta, aki később Erdély főkancellárja, a szombatosság egyházi és világi feje lett, hozzá csatlakoztak a felekezet legjobbjai, köztük Bogáti Fazekas Miklós. Írt és íratott másokkal különféle egyházi műveket, értekezéseket, imákat prédikációkat, magyarázatokat, tanítóénekeket. – <strong>F. m.:</strong> A zsidó külön valók közül kiszakadott ember ellen Mózes prófétának&#8230; bölcsességéről (Bp., 1970). Kéziratban maradtak fenn : Káté, Két magyar ima, Énekeskönyv az hamis vllásoknak rontására és az igaz vallásnak minden részeinek megmutatására. <br /><strong>Irod.:</strong> Dán Róbert: Az erdélyi szom­batosok és Péchi Simon (Bp., 1987); Kovács András: A székely szombatosok (Korunk, 8. sz., 1991); Szinnyei; ÚMÉL</br></p>

<p>1558, †Székelyszenterzsébet, 1602. júl.: székely nemes, földbirtokos, a szombatosok felekezetének megalapítója, egyházi író – Fogadott fia: Péchi Simon. – A padovai egy. hallgatója (1582). Szenterzsébeten élt. Kükülő- és Fehérmegyében, Udvarhelyszéken terjedelmes földbirtokai voltak. Az Erdélyben keletkező unitárius hitnek egyik legrégibb híve. Dávid Ferenchez csatlakozott (1567), nem volt képzett teológus, de annál járatosabb volt a bibliában [&hellip;]</p>
