{"id":7348,"date":"2025-06-28T18:23:34","date_gmt":"2025-06-28T16:23:34","guid":{"rendered":"https:\/\/uj.adatbank.ro\/lexikon\/termek\/eperjessy-anna-kiss-arpadne\/"},"modified":"2025-06-28T18:23:34","modified_gmt":"2025-06-28T16:23:34","slug":"eperjessy-anna-kiss-arpadne","status":"publish","type":"product","link":"https:\/\/uj.adatbank.ro\/lexikon\/termek\/eperjessy-anna-kiss-arpadne\/","title":{"rendered":"EPERJESSY Anna, Kiss \u00c1rp\u00e1dn\u00e9"},"content":{"rendered":"<p>D\u00e9s, 1906. szept. 20., \u2020 Mv., 1990. szept. 30.: bi\u00f3k\u00e9mikus, egyetemi tan\u00e1r. \u2013 A k\u00f6z\u00e9piskol\u00e1t D\u00e9sen kezdte \u00e9s Kv.-on a Marianumban \u00e9retts\u00e9gizett (1927), Kv.-on az I. Ferdin\u00e1nd egyetemen \u00e9s Ia\u015fi-ban v\u00e9gezte, vegy\u00e9szi oklevelet (1936), fizika-k\u00e9mia tan\u00e1ri diplom\u00e1t szerzett (1937). K\u00f6z\u00e9piskolai tan\u00e1r D\u00e9sen; vegy\u00e9sz a kv.-i Gy\u00f3gyszergy\u00e1rban; tan\u00edtott a kv.-i FJTE-en (1940\u2013) az orvosk\u00e9miai szakon tan\u00e1rseg\u00e9d, adjunktus, a k\u00e9miai tudom\u00e1nyok doktora (1944). Az Orvosi Kar Mv.-re k\u00f6lt\u00f6z\u00f6tt \u00e9s itt tartotta az orvosi-vegytani tansz\u00e9ken az elm\u00e9leti \u00e9s gyakorlati \u00f3r\u00e1kat (1945\u2013), a Gy\u00f3gyszer\u00e9szeti Kar alap\u00edt\u00f3 tan\u00e1ra, az \u00c1ltal\u00e1nos- \u00e9s Szervetlen- k\u00e9miai Tansz\u00e9k l\u00e9trehoz\u00f3ja (1948\u201357); egyetemi el\u0151ad\u00f3tan\u00e1r, majd a Gy\u00f3gyszer\u00e9szi Biok\u00e9mia Tansz\u00e9k vezet\u0151je nyugd\u00edjaz\u00e1s\u00e1ig (1952\u201367). Nyugd\u00edjaz\u00e1sa ut\u00e1n is az Akad.-i Kutat\u00f3 B\u00e1zis Biok\u00e9mia Szakoszt\u00e1ly\u00e1nak vezet\u0151je (1956\u201377). Foglalkozott a zs\u00edrok oxid\u00e1ci\u00f3j\u00e1val, a sejtek l\u00e9gz\u00e9si anyagcser\u00e9j\u00e9vel, a k\u00eds\u00e9rletes encephalopathia k\u00e9rd\u00e9s\u00e9vel; f\u00e9rj\u00e9vel egy\u00fctt \u00faj r\u00e1kellenes anyagot \u00e1ll\u00edtott el\u0151 \u00e9s szabadalmaztatott. Biok\u00e9miai tanulm\u00e1nyait rom\u00e1n, m. \u00e9s n\u00e9met szakfoly\u00f3iratok k\u00f6z\u00f6lt\u00e9k: Hoppe-Seyler\u2019s Zeitschrift f\u00fcr Physiologische Chemie, EME Orvostudom\u00e1nyi Szakoszt\u00e1ly\u00e1nak \u00c9rtes\u00edt\u0151je, Orvosi Szemle, Rev. Med., M. Onkol\u00f3gia, Studii \u015fi Cercet\u0103ri de Neurologie, Die Naturwissenschaften. Jelent\u0151s a szerepe a Farmacopeea Rom\u00e2n\u0103 (VI. \u00e9s VIII.) kidolgoz\u00e1s\u00e1ban; orvosk\u00e9miai (1947), \u00e1ltal\u00e1nos \u00e9s anorganikus k\u00e9miai (1950\u201352), m. (1962) \u00e9s rom\u00e1n biok\u00e9miai (1963\u201364) t\u00e1rgy\u00fa egyetemi jegyzetek szerz\u0151je. \u2013 <strong>F. m.:<\/strong> <strong>t\u00e1rssz.:<\/strong> Farmacopeea rom\u00e2n\u0103 ( Buc., 1956, 1965); Bi\u00f3k\u00e9mia (Nemes L\u00e1szl\u00f3val; Mv., 1959); Biochimie Medical\u0103 (Manta-val; Buc., 1961); Cercet\u0103ri medicale. (Buc., 1968). <br \/><strong>Irod.:<\/strong> Facultatea de Farmacie; Genersich; Mv.-i Gy\u00f3gyszer\u00e9szeti Kar; [Nekrol\u00f3g] (N\u00fa., 1990. okt. 2.); Barab\u00e1s-P\u00e9ter M.-P\u00e9ter H.M.; P\u00e9ter H. M.; P\u00e9ter H. M. 2013; RMIL; Todea\u2013F\u00fcl\u00f6p\u2013Avram<\/br><\/p>\n","protected":false},"excerpt":{"rendered":"<p>D\u00e9s, 1906. szept. 20., \u2020 Mv., 1990. szept. 30.: bi\u00f3k\u00e9mikus, egyetemi tan\u00e1r. \u2013 A k\u00f6z\u00e9piskol\u00e1t D\u00e9sen kezdte \u00e9s Kv.-on a Marianumban \u00e9retts\u00e9gizett (1927), Kv.-on az I. Ferdin\u00e1nd egyetemen \u00e9s Ia\u015fi-ban v\u00e9gezte, vegy\u00e9szi oklevelet (1936), fizika-k\u00e9mia tan\u00e1ri diplom\u00e1t szerzett (1937). K\u00f6z\u00e9piskolai tan\u00e1r D\u00e9sen; vegy\u00e9sz a kv.-i Gy\u00f3gyszergy\u00e1rban; tan\u00edtott a kv.-i FJTE-en (1940\u2013) az orvosk\u00e9miai szakon tan\u00e1rseg\u00e9d, [&hellip;]<\/p>\n","protected":false},"featured_media":0,"comment_status":"open","ping_status":"closed","template":"","meta":[],"product_brand":[],"product_cat":[137],"product_tag":[],"class_list":{"0":"post-7348","1":"product","2":"type-product","3":"status-publish","5":"product_cat-maros-megyei-eletrajzi-lexikon","7":"first","8":"instock","9":"shipping-taxable","10":"product-type-simple"},"_links":{"self":[{"href":"https:\/\/uj.adatbank.ro\/lexikon\/wp-json\/wp\/v2\/product\/7348","targetHints":{"allow":["GET"]}}],"collection":[{"href":"https:\/\/uj.adatbank.ro\/lexikon\/wp-json\/wp\/v2\/product"}],"about":[{"href":"https:\/\/uj.adatbank.ro\/lexikon\/wp-json\/wp\/v2\/types\/product"}],"replies":[{"embeddable":true,"href":"https:\/\/uj.adatbank.ro\/lexikon\/wp-json\/wp\/v2\/comments?post=7348"}],"wp:attachment":[{"href":"https:\/\/uj.adatbank.ro\/lexikon\/wp-json\/wp\/v2\/media?parent=7348"}],"wp:term":[{"taxonomy":"product_brand","embeddable":true,"href":"https:\/\/uj.adatbank.ro\/lexikon\/wp-json\/wp\/v2\/product_brand?post=7348"},{"taxonomy":"product_cat","embeddable":true,"href":"https:\/\/uj.adatbank.ro\/lexikon\/wp-json\/wp\/v2\/product_cat?post=7348"},{"taxonomy":"product_tag","embeddable":true,"href":"https:\/\/uj.adatbank.ro\/lexikon\/wp-json\/wp\/v2\/product_tag?post=7348"}],"curies":[{"name":"wp","href":"https:\/\/api.w.org\/{rel}","templated":true}]}}

EPERJESSY Anna, Kiss Árpádné

<p>Dés, 1906. szept. 20., † Mv., 1990. szept. 30.: biókémikus, egyetemi tanár. – A középiskolát Désen kezdte és Kv.-on a Marianumban érettségizett (1927), Kv.-on az I. Ferdinánd egyetemen és Iaşi-ban végezte, vegyészi oklevelet (1936), fizika-kémia tanári diplomát szerzett (1937). Középiskolai tanár Désen; vegyész a kv.-i Gyógyszergyárban; tanított a kv.-i FJTE-en (1940–) az orvoskémiai szakon tanársegéd, adjunktus, a kémiai tudományok doktora (1944). Az Orvosi Kar Mv.-re költözött és itt tartotta az orvosi-vegytani tanszéken az elméleti és gyakorlati órákat (1945–), a Gyógyszerészeti Kar alapító tanára, az Általános- és Szervetlen- kémiai Tanszék létrehozója (1948–57); egyetemi előadótanár, majd a Gyógyszerészi Biokémia Tanszék vezetője nyugdíjazásáig (1952–67). Nyugdíjazása után is az Akad.-i Kutató Bázis Biokémia Szakosztályának vezetője (1956–77). Foglalkozott a zsírok oxidációjával, a sejtek légzési anyagcseréjével, a kísérletes encephalopathia kérdésével; férjével együtt új rákellenes anyagot állított elő és szabadalmaztatott. Biokémiai tanulmányait román, m. és német szakfolyóiratok közölték: Hoppe-Seyler’s Zeitschrift für Physiologische Chemie, EME Orvostudományi Szakosztályának Értesítője, Orvosi Szemle, Rev. Med., M. Onkológia, Studii şi Cercetări de Neurologie, Die Naturwissenschaften. Jelentős a szerepe a Farmacopeea Română (VI. és VIII.) kidolgozásában; orvoskémiai (1947), általános és anorganikus kémiai (1950–52), m. (1962) és román biokémiai (1963–64) tárgyú egyetemi jegyzetek szerzője. – <strong>F. m.:</strong> <strong>társsz.:</strong> Farmacopeea română ( Buc., 1956, 1965); Biókémia (Nemes Lászlóval; Mv., 1959); Biochimie Medicală (Manta-val; Buc., 1961); Cercetări medicale. (Buc., 1968). <br /><strong>Irod.:</strong> Facultatea de Farmacie; Genersich; Mv.-i Gyógyszerészeti Kar; [Nekrológ] (Nú., 1990. okt. 2.); Barabás-Péter M.-Péter H.M.; Péter H. M.; Péter H. M. 2013; RMIL; Todea–Fülöp–Avram</br></p>

<p>Dés, 1906. szept. 20., † Mv., 1990. szept. 30.: biókémikus, egyetemi tanár. – A középiskolát Désen kezdte és Kv.-on a Marianumban érettségizett (1927), Kv.-on az I. Ferdinánd egyetemen és Iaşi-ban végezte, vegyészi oklevelet (1936), fizika-kémia tanári diplomát szerzett (1937). Középiskolai tanár Désen; vegyész a kv.-i Gyógyszergyárban; tanított a kv.-i FJTE-en (1940–) az orvoskémiai szakon tanársegéd, [&hellip;]</p>
