{"id":7353,"date":"2025-06-28T18:23:43","date_gmt":"2025-06-28T16:23:43","guid":{"rendered":"https:\/\/uj.adatbank.ro\/lexikon\/termek\/eperjesy-laszlo\/"},"modified":"2025-06-28T18:23:43","modified_gmt":"2025-06-28T16:23:43","slug":"eperjesy-laszlo","status":"publish","type":"product","link":"https:\/\/uj.adatbank.ro\/lexikon\/termek\/eperjesy-laszlo\/","title":{"rendered":"EPERJESY L\u00e1szl\u00f3"},"content":{"rendered":"<p>? \u2020\u00a0?: rend\u0151rbiztos. A mv.-i Keresztel\u0151 Szent J\u00e1nos-pl\u00e9b\u00e1nia kript\u00e1j\u00e1ba temett\u00e9k. \u2013 Mv. ker\u00fcleti cs. kir. rend\u0151rbiztos, lovass\u00e1gi kapit\u00e1ny. Maros j\u00e1r\u00e1s komissz\u00e1riusa, aki a forradalmi esem\u00e9nyek ideje alatt m\u00e1s n\u00e9gy beosztottj\u00e1val l\u00e1tta el a v\u00e1ros k\u00f6zbiztons\u00e1g\u00e1t (1848. okt. 7.\u2013). Rendeletet adott ki a 1848\u201349-es forradalomban r\u00e9szt vett marossz\u00e9ki nyugd\u00edjas katonatisztek, vezet\u0151k \u00f6ssze\u00edr\u00e1s\u00e1ra, megb\u00fcntet\u00e9s\u00fck c\u00e9lj\u00e1b\u00f3l (1849. dec.). <br \/><strong>Irod.:<\/strong> 1848\u20131849 Marossz\u00e9k; 1848\u20131849 Transilvania; Pusk\u00e1s Attila \u2013 s\u00edrfeliratok<\/br><\/p>\n","protected":false},"excerpt":{"rendered":"<p>? \u2020\u00a0?: rend\u0151rbiztos. A mv.-i Keresztel\u0151 Szent J\u00e1nos-pl\u00e9b\u00e1nia kript\u00e1j\u00e1ba temett\u00e9k. \u2013 Mv. ker\u00fcleti cs. kir. rend\u0151rbiztos, lovass\u00e1gi kapit\u00e1ny. Maros j\u00e1r\u00e1s komissz\u00e1riusa, aki a forradalmi esem\u00e9nyek ideje alatt m\u00e1s n\u00e9gy beosztottj\u00e1val l\u00e1tta el a v\u00e1ros k\u00f6zbiztons\u00e1g\u00e1t (1848. okt. 7.\u2013). Rendeletet adott ki a 1848\u201349-es forradalomban r\u00e9szt vett marossz\u00e9ki nyugd\u00edjas katonatisztek, vezet\u0151k \u00f6ssze\u00edr\u00e1s\u00e1ra, megb\u00fcntet\u00e9s\u00fck c\u00e9lj\u00e1b\u00f3l (1849. dec.). [&hellip;]<\/p>\n","protected":false},"featured_media":0,"comment_status":"open","ping_status":"closed","template":"","meta":[],"product_brand":[],"product_cat":[137],"product_tag":[],"class_list":{"0":"post-7353","1":"product","2":"type-product","3":"status-publish","5":"product_cat-maros-megyei-eletrajzi-lexikon","7":"first","8":"instock","9":"shipping-taxable","10":"product-type-simple"},"_links":{"self":[{"href":"https:\/\/uj.adatbank.ro\/lexikon\/wp-json\/wp\/v2\/product\/7353","targetHints":{"allow":["GET"]}}],"collection":[{"href":"https:\/\/uj.adatbank.ro\/lexikon\/wp-json\/wp\/v2\/product"}],"about":[{"href":"https:\/\/uj.adatbank.ro\/lexikon\/wp-json\/wp\/v2\/types\/product"}],"replies":[{"embeddable":true,"href":"https:\/\/uj.adatbank.ro\/lexikon\/wp-json\/wp\/v2\/comments?post=7353"}],"wp:attachment":[{"href":"https:\/\/uj.adatbank.ro\/lexikon\/wp-json\/wp\/v2\/media?parent=7353"}],"wp:term":[{"taxonomy":"product_brand","embeddable":true,"href":"https:\/\/uj.adatbank.ro\/lexikon\/wp-json\/wp\/v2\/product_brand?post=7353"},{"taxonomy":"product_cat","embeddable":true,"href":"https:\/\/uj.adatbank.ro\/lexikon\/wp-json\/wp\/v2\/product_cat?post=7353"},{"taxonomy":"product_tag","embeddable":true,"href":"https:\/\/uj.adatbank.ro\/lexikon\/wp-json\/wp\/v2\/product_tag?post=7353"}],"curies":[{"name":"wp","href":"https:\/\/api.w.org\/{rel}","templated":true}]}}

EPERJESY László

<p>? † ?: rendőrbiztos. A mv.-i Keresztelő Szent János-plébánia kriptájába temették. – Mv. kerületi cs. kir. rendőrbiztos, lovassági kapitány. Maros járás komisszáriusa, aki a forradalmi események ideje alatt más négy beosztottjával látta el a város közbiztonságát (1848. okt. 7.–). Rendeletet adott ki a 1848–49-es forradalomban részt vett marosszéki nyugdíjas katonatisztek, vezetők összeírására, megbüntetésük céljából (1849. dec.). <br /><strong>Irod.:</strong> 1848–1849 Marosszék; 1848–1849 Transilvania; Puskás Attila – sírfeliratok</br></p>

<p>? † ?: rendőrbiztos. A mv.-i Keresztelő Szent János-plébánia kriptájába temették. – Mv. kerületi cs. kir. rendőrbiztos, lovassági kapitány. Maros járás komisszáriusa, aki a forradalmi események ideje alatt más négy beosztottjával látta el a város közbiztonságát (1848. okt. 7.–). Rendeletet adott ki a 1848–49-es forradalomban részt vett marosszéki nyugdíjas katonatisztek, vezetők összeírására, megbüntetésük céljából (1849. dec.). [&hellip;]</p>
