{"id":7357,"date":"2025-06-28T18:23:49","date_gmt":"2025-06-28T16:23:49","guid":{"rendered":"https:\/\/uj.adatbank.ro\/lexikon\/termek\/eranosz-jakab\/"},"modified":"2025-06-28T18:23:49","modified_gmt":"2025-06-28T16:23:49","slug":"eranosz-jakab","status":"publish","type":"product","link":"https:\/\/uj.adatbank.ro\/lexikon\/termek\/eranosz-jakab\/","title":{"rendered":"ER\u00c1NOSZ Jakab"},"content":{"rendered":"<p>Gyergy\u00f3szentmikl\u00f3s, 1776., \u2020 Gyergy\u00f3szentmikl\u00f3s, 1833.: keresked\u0151. \u2013 E. Krist\u00f3f \u00e9s Jakab Anna fia. Feles\u00e9ge: Merza Kata (1789-Gyergy\u00f3, 1869). Az els\u0151 gyermek sz\u00fclet\u00e9se ut\u00e1n Mv.-en folytatta keresked\u0151i tev\u00e9kenys\u00e9g\u00e9t (1806 ut\u00e1n). Gyermekei Mv.-en sz\u00fclettek: M\u00e1ria (1806\u20131846), f\u00e9rje \u00c1gopsa Agg T\u00f3dor (1796\u20131865); R\u00f3za (1812-?). Rebeka (1808-?), nem ment f\u00e9rjhez \u00e9s Antal (1810-?), sz\u00edn\u00e9sz testv\u00e9re r\u00e9v\u00e9n gyakran a mv.-i Petelei h\u00e1zban tartozkodott, mert Istv\u00e1nfi M\u00e1ria f\u00e9rje Petelei Istv\u00e1n volt. Antal 1842-ben n\u0151s\u00fclt, feles\u00e9ge Istv\u00e1nfi Anna (1822-? ) <br \/><strong>Irod.:<\/strong> Sz\u00e1va 2012<\/br><\/p>\n","protected":false},"excerpt":{"rendered":"<p>Gyergy\u00f3szentmikl\u00f3s, 1776., \u2020 Gyergy\u00f3szentmikl\u00f3s, 1833.: keresked\u0151. \u2013 E. Krist\u00f3f \u00e9s Jakab Anna fia. Feles\u00e9ge: Merza Kata (1789-Gyergy\u00f3, 1869). Az els\u0151 gyermek sz\u00fclet\u00e9se ut\u00e1n Mv.-en folytatta keresked\u0151i tev\u00e9kenys\u00e9g\u00e9t (1806 ut\u00e1n). Gyermekei Mv.-en sz\u00fclettek: M\u00e1ria (1806\u20131846), f\u00e9rje \u00c1gopsa Agg T\u00f3dor (1796\u20131865); R\u00f3za (1812-?). Rebeka (1808-?), nem ment f\u00e9rjhez \u00e9s Antal (1810-?), sz\u00edn\u00e9sz testv\u00e9re r\u00e9v\u00e9n gyakran a mv.-i [&hellip;]<\/p>\n","protected":false},"featured_media":0,"comment_status":"open","ping_status":"closed","template":"","meta":[],"product_brand":[],"product_cat":[137],"product_tag":[],"class_list":{"0":"post-7357","1":"product","2":"type-product","3":"status-publish","5":"product_cat-maros-megyei-eletrajzi-lexikon","7":"first","8":"instock","9":"shipping-taxable","10":"product-type-simple"},"_links":{"self":[{"href":"https:\/\/uj.adatbank.ro\/lexikon\/wp-json\/wp\/v2\/product\/7357","targetHints":{"allow":["GET"]}}],"collection":[{"href":"https:\/\/uj.adatbank.ro\/lexikon\/wp-json\/wp\/v2\/product"}],"about":[{"href":"https:\/\/uj.adatbank.ro\/lexikon\/wp-json\/wp\/v2\/types\/product"}],"replies":[{"embeddable":true,"href":"https:\/\/uj.adatbank.ro\/lexikon\/wp-json\/wp\/v2\/comments?post=7357"}],"wp:attachment":[{"href":"https:\/\/uj.adatbank.ro\/lexikon\/wp-json\/wp\/v2\/media?parent=7357"}],"wp:term":[{"taxonomy":"product_brand","embeddable":true,"href":"https:\/\/uj.adatbank.ro\/lexikon\/wp-json\/wp\/v2\/product_brand?post=7357"},{"taxonomy":"product_cat","embeddable":true,"href":"https:\/\/uj.adatbank.ro\/lexikon\/wp-json\/wp\/v2\/product_cat?post=7357"},{"taxonomy":"product_tag","embeddable":true,"href":"https:\/\/uj.adatbank.ro\/lexikon\/wp-json\/wp\/v2\/product_tag?post=7357"}],"curies":[{"name":"wp","href":"https:\/\/api.w.org\/{rel}","templated":true}]}}