{"id":7363,"date":"2025-06-28T18:23:57","date_gmt":"2025-06-28T16:23:57","guid":{"rendered":"https:\/\/uj.adatbank.ro\/lexikon\/termek\/ercsei-benjamin-ertsei-benjamin\/"},"modified":"2025-06-28T18:23:57","modified_gmt":"2025-06-28T16:23:57","slug":"ercsei-benjamin-ertsei-benjamin","status":"publish","type":"product","link":"https:\/\/uj.adatbank.ro\/lexikon\/termek\/ercsei-benjamin-ertsei-benjamin\/","title":{"rendered":"ERCSEI Benj\u00e1min, Ertsei Benjamin"},"content":{"rendered":"<p>? \u2020 Sz\u00e9kes, 1821. : ref. lelk\u00e9sz. \u2013 Sz\u00e9kesen apja, J\u00f3zsef \u00f6r\u00f6k\u00e9be l\u00e9pett (1790\u20131820). Mv.-en polg\u00e1ri esk\u00fct tett (1790. j\u00fal. 14.). A sz\u00e9kesiek egyik legnagyobb papjukat tisztelik benne. Sok megval\u00f3s\u00edt\u00e1sa volt: al\u00e1pinc\u00e9zt\u00e9k \u00e9s \u00fajrafedt\u00e9k a papi lakot, \u00faj gabon\u00e1st \u00e9p\u00edtettek (1805), \u00faj tan\u00edt\u00f3i lak\u00e1st hoztak tet\u0151 al\u00e1 az \u00e1lland\u00f3s\u00edtott mester r\u00e9sz\u00e9re (1812), \u00f6ner\u0151b\u0151l \u00e9s k\u00f6zmunk\u00e1val \u00faj templomot \u00e9p\u00edtettek, amely napjainkban is \u00e1ll (1818.\u00e1pr.1.\u20131819.aug.16.), a toronyot k\u00e9s\u0151bb emelt\u00e9k (1821\u201322), az orgon\u00e1t v\u00e1s\u00e1rolta egy j\u00f3tev\u0151 (1818). <br \/><strong>Irod.:<\/strong> Orb\u00e1n J\u00e1nos: T\u00e1blab\u00edr\u00e1k, f\u0151nemesek, pall\u00e9rok \u00e9s h\u00e1zak: V\u00e1rosk\u00e9p \u00e9s t\u00e1rsadalom v\u00e1ltoz\u00e1sai Mv.-en a Kir\u00e1lyi T\u00e1bla bek\u00f6lt\u00f6z\u00e9se ut\u00e1n [1754] =  K\u00f6nyvek \u00e1ltal; Sz\u00e9kes<\/br><\/p>\n","protected":false},"excerpt":{"rendered":"<p>? \u2020 Sz\u00e9kes, 1821. : ref. lelk\u00e9sz. \u2013 Sz\u00e9kesen apja, J\u00f3zsef \u00f6r\u00f6k\u00e9be l\u00e9pett (1790\u20131820). Mv.-en polg\u00e1ri esk\u00fct tett (1790. j\u00fal. 14.). A sz\u00e9kesiek egyik legnagyobb papjukat tisztelik benne. Sok megval\u00f3s\u00edt\u00e1sa volt: al\u00e1pinc\u00e9zt\u00e9k \u00e9s \u00fajrafedt\u00e9k a papi lakot, \u00faj gabon\u00e1st \u00e9p\u00edtettek (1805), \u00faj tan\u00edt\u00f3i lak\u00e1st hoztak tet\u0151 al\u00e1 az \u00e1lland\u00f3s\u00edtott mester r\u00e9sz\u00e9re (1812), \u00f6ner\u0151b\u0151l \u00e9s k\u00f6zmunk\u00e1val [&hellip;]<\/p>\n","protected":false},"featured_media":0,"comment_status":"open","ping_status":"closed","template":"","meta":[],"product_brand":[],"product_cat":[137],"product_tag":[],"class_list":{"0":"post-7363","1":"product","2":"type-product","3":"status-publish","5":"product_cat-maros-megyei-eletrajzi-lexikon","7":"first","8":"instock","9":"shipping-taxable","10":"product-type-simple"},"_links":{"self":[{"href":"https:\/\/uj.adatbank.ro\/lexikon\/wp-json\/wp\/v2\/product\/7363","targetHints":{"allow":["GET"]}}],"collection":[{"href":"https:\/\/uj.adatbank.ro\/lexikon\/wp-json\/wp\/v2\/product"}],"about":[{"href":"https:\/\/uj.adatbank.ro\/lexikon\/wp-json\/wp\/v2\/types\/product"}],"replies":[{"embeddable":true,"href":"https:\/\/uj.adatbank.ro\/lexikon\/wp-json\/wp\/v2\/comments?post=7363"}],"wp:attachment":[{"href":"https:\/\/uj.adatbank.ro\/lexikon\/wp-json\/wp\/v2\/media?parent=7363"}],"wp:term":[{"taxonomy":"product_brand","embeddable":true,"href":"https:\/\/uj.adatbank.ro\/lexikon\/wp-json\/wp\/v2\/product_brand?post=7363"},{"taxonomy":"product_cat","embeddable":true,"href":"https:\/\/uj.adatbank.ro\/lexikon\/wp-json\/wp\/v2\/product_cat?post=7363"},{"taxonomy":"product_tag","embeddable":true,"href":"https:\/\/uj.adatbank.ro\/lexikon\/wp-json\/wp\/v2\/product_tag?post=7363"}],"curies":[{"name":"wp","href":"https:\/\/api.w.org\/{rel}","templated":true}]}}

ERCSEI Benjámin, Ertsei Benjamin

<p>? † Székes, 1821. : ref. lelkész. – Székesen apja, József örökébe lépett (1790–1820). Mv.-en polgári esküt tett (1790. júl. 14.). A székesiek egyik legnagyobb papjukat tisztelik benne. Sok megvalósítása volt: alápincézték és újrafedték a papi lakot, új gabonást építettek (1805), új tanítói lakást hoztak tető alá az állandósított mester részére (1812), önerőből és közmunkával új templomot építettek, amely napjainkban is áll (1818.ápr.1.–1819.aug.16.), a toronyot később emelték (1821–22), az orgonát vásárolta egy jótevő (1818). <br /><strong>Irod.:</strong> Orbán János: Táblabírák, főnemesek, pallérok és házak: Városkép és társadalom változásai Mv.-en a Királyi Tábla beköltözése után [1754] =  Könyvek által; Székes</br></p>

<p>? † Székes, 1821. : ref. lelkész. – Székesen apja, József örökébe lépett (1790–1820). Mv.-en polgári esküt tett (1790. júl. 14.). A székesiek egyik legnagyobb papjukat tisztelik benne. Sok megvalósítása volt: alápincézték és újrafedték a papi lakot, új gabonást építettek (1805), új tanítói lakást hoztak tető alá az állandósított mester részére (1812), önerőből és közmunkával [&hellip;]</p>
