{"id":7364,"date":"2025-06-28T18:23:58","date_gmt":"2025-06-28T16:23:58","guid":{"rendered":"https:\/\/uj.adatbank.ro\/lexikon\/termek\/ercsei-ferenc\/"},"modified":"2025-06-28T18:23:58","modified_gmt":"2025-06-28T16:23:58","slug":"ercsei-ferenc","status":"publish","type":"product","link":"https:\/\/uj.adatbank.ro\/lexikon\/termek\/ercsei-ferenc\/","title":{"rendered":"ERCSEI Ferenc"},"content":{"rendered":"<p>Sz\u00e1szr\u00e9gen, 1956, \u2020 ?: fest\u0151, szobr\u00e1sz. \u2013A kv.-i K\u00e9pz\u0151m\u0171v\u00e9szeti F\u0151iskol\u00e1ban a szobr\u00e1sz szakon v\u00e9gzett. Tan\u00edtott Cs\u00edkszered\u00e1ban a K\u00e9pz\u0151m\u0171v\u00e9szeti L\u00edceumban. Ki\u00e1ll\u00edtott Sz\u00e1szr\u00e9genben, Kv.-on, Cs\u00edkszered\u00e1ban \u00e9s Mv.-en, majd Lengyel \u00e9s Magyarorsz\u00e1gon. R\u00e9szt vett Sz\u00e1rhegyenben, Homor\u00f3dszentm\u00e1rtonban az alkot\u00f3t\u00e1borban. <br \/><strong>Irod.:<\/strong> Szab\u00f3\u2013K\u00e1llai<\/br><\/p>\n","protected":false},"excerpt":{"rendered":"<p>Sz\u00e1szr\u00e9gen, 1956, \u2020 ?: fest\u0151, szobr\u00e1sz. \u2013A kv.-i K\u00e9pz\u0151m\u0171v\u00e9szeti F\u0151iskol\u00e1ban a szobr\u00e1sz szakon v\u00e9gzett. Tan\u00edtott Cs\u00edkszered\u00e1ban a K\u00e9pz\u0151m\u0171v\u00e9szeti L\u00edceumban. Ki\u00e1ll\u00edtott Sz\u00e1szr\u00e9genben, Kv.-on, Cs\u00edkszered\u00e1ban \u00e9s Mv.-en, majd Lengyel \u00e9s Magyarorsz\u00e1gon. R\u00e9szt vett Sz\u00e1rhegyenben, Homor\u00f3dszentm\u00e1rtonban az alkot\u00f3t\u00e1borban. Irod.: Szab\u00f3\u2013K\u00e1llai<\/p>\n","protected":false},"featured_media":0,"comment_status":"open","ping_status":"closed","template":"","meta":[],"product_brand":[],"product_cat":[137],"product_tag":[],"class_list":{"0":"post-7364","1":"product","2":"type-product","3":"status-publish","5":"product_cat-maros-megyei-eletrajzi-lexikon","7":"first","8":"instock","9":"shipping-taxable","10":"product-type-simple"},"_links":{"self":[{"href":"https:\/\/uj.adatbank.ro\/lexikon\/wp-json\/wp\/v2\/product\/7364","targetHints":{"allow":["GET"]}}],"collection":[{"href":"https:\/\/uj.adatbank.ro\/lexikon\/wp-json\/wp\/v2\/product"}],"about":[{"href":"https:\/\/uj.adatbank.ro\/lexikon\/wp-json\/wp\/v2\/types\/product"}],"replies":[{"embeddable":true,"href":"https:\/\/uj.adatbank.ro\/lexikon\/wp-json\/wp\/v2\/comments?post=7364"}],"wp:attachment":[{"href":"https:\/\/uj.adatbank.ro\/lexikon\/wp-json\/wp\/v2\/media?parent=7364"}],"wp:term":[{"taxonomy":"product_brand","embeddable":true,"href":"https:\/\/uj.adatbank.ro\/lexikon\/wp-json\/wp\/v2\/product_brand?post=7364"},{"taxonomy":"product_cat","embeddable":true,"href":"https:\/\/uj.adatbank.ro\/lexikon\/wp-json\/wp\/v2\/product_cat?post=7364"},{"taxonomy":"product_tag","embeddable":true,"href":"https:\/\/uj.adatbank.ro\/lexikon\/wp-json\/wp\/v2\/product_tag?post=7364"}],"curies":[{"name":"wp","href":"https:\/\/api.w.org\/{rel}","templated":true}]}}

<p>Szászrégen, 1956, † ?: festő, szobrász. –A kv.-i Képzőművészeti Főiskolában a szobrász szakon végzett. Tanított Csíkszeredában a Képzőművészeti Líceumban. Kiállított Szászrégenben, Kv.-on, Csíkszeredában és Mv.-en, majd Lengyel és Magyarországon. Részt vett Szárhegyenben, Homoródszentmártonban az alkotótáborban. <br /><strong>Irod.:</strong> Szabó–Kállai</br></p>

<p>Szászrégen, 1956, † ?: festő, szobrász. –A kv.-i Képzőművészeti Főiskolában a szobrász szakon végzett. Tanított Csíkszeredában a Képzőművészeti Líceumban. Kiállított Szászrégenben, Kv.-on, Csíkszeredában és Mv.-en, majd Lengyel és Magyarországon. Részt vett Szárhegyenben, Homoródszentmártonban az alkotótáborban. Irod.: Szabó–Kállai</p>
