{"id":7365,"date":"2025-06-28T18:23:59","date_gmt":"2025-06-28T16:23:59","guid":{"rendered":"https:\/\/uj.adatbank.ro\/lexikon\/termek\/ercsei-gyorgy\/"},"modified":"2025-06-28T18:23:59","modified_gmt":"2025-06-28T16:23:59","slug":"ercsei-gyorgy","status":"publish","type":"product","link":"https:\/\/uj.adatbank.ro\/lexikon\/termek\/ercsei-gyorgy\/","title":{"rendered":"ERCSEI Gy\u00f6rgy"},"content":{"rendered":"<p>Maross\u00e1rpatak, 1917.m\u00e1j.11., \u2020\u00a0Maross\u00e1rpatak, 2002.: csend\u0151r. \u2013 E. J\u00e1nos \u00e9s Sz\u00e9kely Katalin fia. \u2013 A rom\u00e1n hadseregben, Buk.-ben katona, leszerelt (1940). Ungv\u00e1ron jelentkezett a Magy. Kir. Csend\u0151rs\u00e9gbe, \u00e1tk\u00e9pz\u0151 tanfolyamon vett r\u00e9szt \u00e9s pr\u00f3bacsend\u0151ri szolg\u00e1latot is teljes\u00edtett. A mv.-i X. ker\u00fcletn\u00e9l szakaszvezet\u0151 csend\u0151r.(1942. okt.\u2013). Tov\u00e1bbk\u00e9pz\u0151n vett r\u00e9szt Nagyv\u00e1radon. Gelenc\u00e9n, Ny\u00e1r\u00e1dszered\u00e1ban \u00e9s \u00c1kosfalv\u00e1n teljes\u00edtett szolg\u00e1latot. <br \/><strong>Irod.:<\/strong> Maros megyei t\u00f6rt.<\/br><\/p>\n","protected":false},"excerpt":{"rendered":"<p>Maross\u00e1rpatak, 1917.m\u00e1j.11., \u2020\u00a0Maross\u00e1rpatak, 2002.: csend\u0151r. \u2013 E. J\u00e1nos \u00e9s Sz\u00e9kely Katalin fia. \u2013 A rom\u00e1n hadseregben, Buk.-ben katona, leszerelt (1940). Ungv\u00e1ron jelentkezett a Magy. Kir. Csend\u0151rs\u00e9gbe, \u00e1tk\u00e9pz\u0151 tanfolyamon vett r\u00e9szt \u00e9s pr\u00f3bacsend\u0151ri szolg\u00e1latot is teljes\u00edtett. A mv.-i X. ker\u00fcletn\u00e9l szakaszvezet\u0151 csend\u0151r.(1942. okt.\u2013). Tov\u00e1bbk\u00e9pz\u0151n vett r\u00e9szt Nagyv\u00e1radon. Gelenc\u00e9n, Ny\u00e1r\u00e1dszered\u00e1ban \u00e9s \u00c1kosfalv\u00e1n teljes\u00edtett szolg\u00e1latot. Irod.: Maros megyei [&hellip;]<\/p>\n","protected":false},"featured_media":0,"comment_status":"open","ping_status":"closed","template":"","meta":[],"product_brand":[],"product_cat":[137],"product_tag":[],"class_list":{"0":"post-7365","1":"product","2":"type-product","3":"status-publish","5":"product_cat-maros-megyei-eletrajzi-lexikon","7":"first","8":"instock","9":"shipping-taxable","10":"product-type-simple"},"_links":{"self":[{"href":"https:\/\/uj.adatbank.ro\/lexikon\/wp-json\/wp\/v2\/product\/7365","targetHints":{"allow":["GET"]}}],"collection":[{"href":"https:\/\/uj.adatbank.ro\/lexikon\/wp-json\/wp\/v2\/product"}],"about":[{"href":"https:\/\/uj.adatbank.ro\/lexikon\/wp-json\/wp\/v2\/types\/product"}],"replies":[{"embeddable":true,"href":"https:\/\/uj.adatbank.ro\/lexikon\/wp-json\/wp\/v2\/comments?post=7365"}],"wp:attachment":[{"href":"https:\/\/uj.adatbank.ro\/lexikon\/wp-json\/wp\/v2\/media?parent=7365"}],"wp:term":[{"taxonomy":"product_brand","embeddable":true,"href":"https:\/\/uj.adatbank.ro\/lexikon\/wp-json\/wp\/v2\/product_brand?post=7365"},{"taxonomy":"product_cat","embeddable":true,"href":"https:\/\/uj.adatbank.ro\/lexikon\/wp-json\/wp\/v2\/product_cat?post=7365"},{"taxonomy":"product_tag","embeddable":true,"href":"https:\/\/uj.adatbank.ro\/lexikon\/wp-json\/wp\/v2\/product_tag?post=7365"}],"curies":[{"name":"wp","href":"https:\/\/api.w.org\/{rel}","templated":true}]}}

ERCSEI György

<p>Marossárpatak, 1917.máj.11., † Marossárpatak, 2002.: csendőr. – E. János és Székely Katalin fia. – A román hadseregben, Buk.-ben katona, leszerelt (1940). Ungváron jelentkezett a Magy. Kir. Csendőrségbe, átképző tanfolyamon vett részt és próbacsendőri szolgálatot is teljesített. A mv.-i X. kerületnél szakaszvezető csendőr.(1942. okt.–). Továbbképzőn vett részt Nagyváradon. Gelencén, Nyárádszeredában és Ákosfalván teljesített szolgálatot. <br /><strong>Irod.:</strong> Maros megyei tört.</br></p>

<p>Marossárpatak, 1917.máj.11., † Marossárpatak, 2002.: csendőr. – E. János és Székely Katalin fia. – A román hadseregben, Buk.-ben katona, leszerelt (1940). Ungváron jelentkezett a Magy. Kir. Csendőrségbe, átképző tanfolyamon vett részt és próbacsendőri szolgálatot is teljesített. A mv.-i X. kerületnél szakaszvezető csendőr.(1942. okt.–). Továbbképzőn vett részt Nagyváradon. Gelencén, Nyárádszeredában és Ákosfalván teljesített szolgálatot. Irod.: Maros megyei [&hellip;]</p>
