{"id":7367,"date":"2025-06-28T18:24:06","date_gmt":"2025-06-28T16:24:06","guid":{"rendered":"https:\/\/uj.adatbank.ro\/lexikon\/termek\/ercsei-janos-janos-ercsei-nolanus-janos-neven-szerepel-1768\/"},"modified":"2025-06-28T18:24:06","modified_gmt":"2025-06-28T16:24:06","slug":"ercsei-janos-janos-ercsei-nolanus-janos-neven-szerepel-1768","status":"publish","type":"product","link":"https:\/\/uj.adatbank.ro\/lexikon\/termek\/ercsei-janos-janos-ercsei-nolanus-janos-neven-szerepel-1768\/","title":{"rendered":"ERCSEI J\u00e1nos, J\u00e1nos Ercsei Nolanus J\u00e1nos n\u00e9ven szerepel (1768\u2013)"},"content":{"rendered":"<p>1693 \u2020\u00a0Mez\u0151\u00fajlak, 1775. \u00e1pr. 29.: ref. lelk\u00e9sz. \u2013 Fia szint\u00e9n J\u00f3zsef. Mv.-en subscrib\u00e1lt Johannes Nagy Ercseik\u00e9nt (1711). A g\u00f6rg\u00e9nyi ref. egyh\u00e1zmegy\u00e9hez ker\u00fclt (1728). Felf\u00fcggesztett\u00e9k (1731) Lelk\u00e9sz Nagy\u00f6lyvesen (1732\u201334), Als\u00f3b\u00f6lk\u00e9nyben (1737\u201338; 1760\u201366), Marosj\u00e1r\u00e1ban (1741), Marosv\u00e9csen (1743\u201345), Dedr\u00e1dsz\u00e9plakon (1746\u201352), nem volt gy\u00fclekezete (1752\u201355). Ezut\u00e1n Mez\u0151\u00fajlakon (1755), Als\u00f3b\u00f6lk\u00e9nyben (1760\u201366), L\u00fadv\u00e9gen (1767), ism\u00e9t Mez\u0151\u00fajlakon szolg\u00e1lt hal\u00e1l\u00e1ig (1768\u201375). <br \/><strong>Irod.:<\/strong> \u0150sz<\/br><\/p>\n","protected":false},"excerpt":{"rendered":"<p>1693 \u2020\u00a0Mez\u0151\u00fajlak, 1775. \u00e1pr. 29.: ref. lelk\u00e9sz. \u2013 Fia szint\u00e9n J\u00f3zsef. Mv.-en subscrib\u00e1lt Johannes Nagy Ercseik\u00e9nt (1711). A g\u00f6rg\u00e9nyi ref. egyh\u00e1zmegy\u00e9hez ker\u00fclt (1728). Felf\u00fcggesztett\u00e9k (1731) Lelk\u00e9sz Nagy\u00f6lyvesen (1732\u201334), Als\u00f3b\u00f6lk\u00e9nyben (1737\u201338; 1760\u201366), Marosj\u00e1r\u00e1ban (1741), Marosv\u00e9csen (1743\u201345), Dedr\u00e1dsz\u00e9plakon (1746\u201352), nem volt gy\u00fclekezete (1752\u201355). Ezut\u00e1n Mez\u0151\u00fajlakon (1755), Als\u00f3b\u00f6lk\u00e9nyben (1760\u201366), L\u00fadv\u00e9gen (1767), ism\u00e9t Mez\u0151\u00fajlakon szolg\u00e1lt hal\u00e1l\u00e1ig (1768\u201375). Irod.: \u0150sz<\/p>\n","protected":false},"featured_media":0,"comment_status":"open","ping_status":"closed","template":"","meta":[],"product_brand":[],"product_cat":[137],"product_tag":[],"class_list":{"0":"post-7367","1":"product","2":"type-product","3":"status-publish","5":"product_cat-maros-megyei-eletrajzi-lexikon","7":"first","8":"instock","9":"shipping-taxable","10":"product-type-simple"},"_links":{"self":[{"href":"https:\/\/uj.adatbank.ro\/lexikon\/wp-json\/wp\/v2\/product\/7367","targetHints":{"allow":["GET"]}}],"collection":[{"href":"https:\/\/uj.adatbank.ro\/lexikon\/wp-json\/wp\/v2\/product"}],"about":[{"href":"https:\/\/uj.adatbank.ro\/lexikon\/wp-json\/wp\/v2\/types\/product"}],"replies":[{"embeddable":true,"href":"https:\/\/uj.adatbank.ro\/lexikon\/wp-json\/wp\/v2\/comments?post=7367"}],"wp:attachment":[{"href":"https:\/\/uj.adatbank.ro\/lexikon\/wp-json\/wp\/v2\/media?parent=7367"}],"wp:term":[{"taxonomy":"product_brand","embeddable":true,"href":"https:\/\/uj.adatbank.ro\/lexikon\/wp-json\/wp\/v2\/product_brand?post=7367"},{"taxonomy":"product_cat","embeddable":true,"href":"https:\/\/uj.adatbank.ro\/lexikon\/wp-json\/wp\/v2\/product_cat?post=7367"},{"taxonomy":"product_tag","embeddable":true,"href":"https:\/\/uj.adatbank.ro\/lexikon\/wp-json\/wp\/v2\/product_tag?post=7367"}],"curies":[{"name":"wp","href":"https:\/\/api.w.org\/{rel}","templated":true}]}}

ERCSEI János, János Ercsei Nolanus János néven szerepel (1768–)

<p>1693 † Mezőújlak, 1775. ápr. 29.: ref. lelkész. – Fia szintén József. Mv.-en subscribált Johannes Nagy Ercseiként (1711). A görgényi ref. egyházmegyéhez került (1728). Felfüggesztették (1731) Lelkész Nagyölyvesen (1732–34), Alsóbölkényben (1737–38; 1760–66), Marosjárában (1741), Marosvécsen (1743–45), Dedrádszéplakon (1746–52), nem volt gyülekezete (1752–55). Ezután Mezőújlakon (1755), Alsóbölkényben (1760–66), Lúdvégen (1767), ismét Mezőújlakon szolgált haláláig (1768–75). <br /><strong>Irod.:</strong> Ősz</br></p>

<p>1693 † Mezőújlak, 1775. ápr. 29.: ref. lelkész. – Fia szintén József. Mv.-en subscribált Johannes Nagy Ercseiként (1711). A görgényi ref. egyházmegyéhez került (1728). Felfüggesztették (1731) Lelkész Nagyölyvesen (1732–34), Alsóbölkényben (1737–38; 1760–66), Marosjárában (1741), Marosvécsen (1743–45), Dedrádszéplakon (1746–52), nem volt gyülekezete (1752–55). Ezután Mezőújlakon (1755), Alsóbölkényben (1760–66), Lúdvégen (1767), ismét Mezőújlakon szolgált haláláig (1768–75). Irod.: Ősz</p>
