{"id":7369,"date":"2025-06-28T18:24:09","date_gmt":"2025-06-28T16:24:09","guid":{"rendered":"https:\/\/uj.adatbank.ro\/lexikon\/termek\/ercsei-janos-teglasi-teglasi-ercsei-janos-teglasi-ertsei-janos\/"},"modified":"2025-06-28T18:24:09","modified_gmt":"2025-06-28T16:24:09","slug":"ercsei-janos-teglasi-teglasi-ercsei-janos-teglasi-ertsei-janos","status":"publish","type":"product","link":"https:\/\/uj.adatbank.ro\/lexikon\/termek\/ercsei-janos-teglasi-teglasi-ercsei-janos-teglasi-ertsei-janos\/","title":{"rendered":"ERCSEI J\u00e1nos, t\u00e9gl\u00e1si, T\u00e9gl\u00e1si Ercsei J\u00e1nos, T\u00e9gl\u00e1si Ertsei J\u00e1nos"},"content":{"rendered":"<p>Somosd, 1800 , \u2020 Mv., 1852. szept.. 22.: ref. lelk\u00e9sz, tan\u00e1r, egyh\u00e1zi \u00edr\u00f3. \u2013 Fia: Mikl\u00f3s, \u00fcgyv\u00e9d Dics\u0151szentm\u00e1rtonban. \u2013 Mv.-en tanult, tanulm\u00e1nyait befejezve a Kir. T\u00e1bl\u00e1n\u00e1l \u00edrnok lett, azut\u00e1n \u00f6szt\u00f6nd\u00edjjal a marburgi egyetemen folytatta (1830\u201332), ahol teol\u00f3gi\u00e1t, b\u00f6lcseletet, mennyis\u00e9gtant, vegytant, term\u00e9szetrajzot, csillag\u00e1szatot tanult, valamint a n\u00e9met, angol \u00e9s francia nyelvekben gyakorolta mag\u00e1t. Hazat\u00e9rte ut\u00e1n a sz\u00e9kelyudvarhelyi koll.-ban hittantan\u00e1r (1833 nyara\u201337). Mv.-en a Ref. Koll.-ban a b\u0151lcs\u00e9szet tan\u00e1ra (1837\u20131852), cenzor a nagybaconi zsinaton (1836), Bodola S\u00e1muellel az el\u0151lj\u00e1r\u00f3s\u00e1gi gy\u0171l\u00e9sek jegyz\u0151je (1838\u2013), nyomdai fel\u00fcgyel\u0151 (\u20131851), rektor (1841\u201344). A Mv.-en alakul\u00f3 \u00f6nk\u00e9ntes honv\u00e9d \u2013 z\u00e1szl\u00f3alj jav\u00e1ra felaj\u00e1lotta fizet\u00e9s\u00e9nek 3%-t h\u00e1rom \u00e9ven kereszt\u00fcl (1848. j\u00fan\u2013). K\u00e9s\u0151bb betegs\u00e9ge miatt nem tan\u00edtott az iskol\u00e1ban (1848\u201350), tan\u00e1ri lak\u00e1s\u00e1n fogadta a di\u00e1kjait (1850\u201352). K\u00f6nyveit a mv.-i Ref. Koll-ra hagyta. Bodolla J\u00e1nos p\u00fcsp\u00f6k engedelm\u00e9vel elhagyta papi sz\u00e9k\u00e9t \u00e9s csap\u00f3i birtok\u00e1ra k\u00f6lt\u00f6z\u00f6tt; majd t\u00e1blab\u00edr\u00f3 volt Kisk\u00fck\u00fcll\u0151 v\u00e1rmegy\u00e9ben. Betegs\u00e1ge miatt \u00f6ngyilkos lett. Egyh\u00e1zi jelleg\u0171 m\u0171veket hagyott h\u00e1tra. \u2013 <strong>F. m.:<\/strong> A n\u00e9pek atyj\u00e1nak testamentoma\u00a0: Halotti besz\u00e9d&#8230;I. Ferenc v\u00e9gtisztelet\u00e9re (Kv., 1835); A vall\u00e1s \u00e9s annak az emberre val\u00f3 befoly\u00e1sa : Bek\u00f6sz\u00f6nt\u0151 besz\u00e9d,&#8230; a sz\u00e9kelyudvarhelyi Ev. Ref. Koll\u00e9giumban 1833. nov. 2. (Kv., 1835); Gondolkod\u00e1stan vagy logica (Mv., 1840); <strong>K\u00e9ziratban:<\/strong> A filoz\u00f3fi\u00e1nak az embri \u00e9let vez\u00e9r\u00e9nek kell lenni (1834); Jegyzetek akad\u00e9miai utaz\u00e1s\u00e1r\u00f3l\u00a0; Bevezet\u00e9s egy k\u00f6nnyen felfoghat\u00f3 fizik\u00e1ra; Versir\u00e1si pr\u00f3bagyakorlatok; Bek\u00f6sz\u00f6nt\u0151, \u00e9vnyit\u00f3, bucsuz\u00f3, esket\u0151 besz\u00e9dei; Lehet e a vall\u00e1sos igazs\u00e1g veszedelmes, a t\u00e9velyg\u00e9s pedig hasznos?. <br \/><strong>Irod.:<\/strong> 1848\u20131849 Transilvania; B\u00f6jthe Andor: A G\u00f6rg\u00e9nyi ev. ref. egyh\u00e1zmegye t\u00f6rt\u00e9nete [k\u00e9zirat]; Er\u0151s v\u00e1runk; Farcz\u00e1dy Elek: A marosv\u00e1s\u00e1rhjelyi Bolyai tudom\u00e1nyos k\u00f6nyvt\u00e1r = Eml\u00e9kk. K.L. 80; F\u00fcl\u00f6p\u2013Ferencz; Gy\u00e1szjelent\u0151, Kiss-K\u00e1lm\u00e1n-Bierbrunner; Koncz; Ko\u00f3s Ferenc : \u00c9letem \u00e9s eml\u00e9keim (Brass\u00f3, 1890); Kozma; \u00d6r\u00f6ks\u00e9g\u00fcnk (2007. 2.sz.); Par\u00e1dy; P\u00e1l-Antal 2009; P\u00e1lmay; P\u00e1lmay J\u00f3zsef; Somosd; Szab\u00f3\u2013Sz\u00f6gi; Szinnyei; Zov\u00e1nyi<\/br><\/p>\n","protected":false},"excerpt":{"rendered":"<p>Somosd, 1800 , \u2020 Mv., 1852. szept.. 22.: ref. lelk\u00e9sz, tan\u00e1r, egyh\u00e1zi \u00edr\u00f3. \u2013 Fia: Mikl\u00f3s, \u00fcgyv\u00e9d Dics\u0151szentm\u00e1rtonban. \u2013 Mv.-en tanult, tanulm\u00e1nyait befejezve a Kir. T\u00e1bl\u00e1n\u00e1l \u00edrnok lett, azut\u00e1n \u00f6szt\u00f6nd\u00edjjal a marburgi egyetemen folytatta (1830\u201332), ahol teol\u00f3gi\u00e1t, b\u00f6lcseletet, mennyis\u00e9gtant, vegytant, term\u00e9szetrajzot, csillag\u00e1szatot tanult, valamint a n\u00e9met, angol \u00e9s francia nyelvekben gyakorolta mag\u00e1t. Hazat\u00e9rte ut\u00e1n a [&hellip;]<\/p>\n","protected":false},"featured_media":0,"comment_status":"open","ping_status":"closed","template":"","meta":[],"product_brand":[],"product_cat":[137],"product_tag":[],"class_list":{"0":"post-7369","1":"product","2":"type-product","3":"status-publish","5":"product_cat-maros-megyei-eletrajzi-lexikon","7":"first","8":"instock","9":"shipping-taxable","10":"product-type-simple"},"_links":{"self":[{"href":"https:\/\/uj.adatbank.ro\/lexikon\/wp-json\/wp\/v2\/product\/7369","targetHints":{"allow":["GET"]}}],"collection":[{"href":"https:\/\/uj.adatbank.ro\/lexikon\/wp-json\/wp\/v2\/product"}],"about":[{"href":"https:\/\/uj.adatbank.ro\/lexikon\/wp-json\/wp\/v2\/types\/product"}],"replies":[{"embeddable":true,"href":"https:\/\/uj.adatbank.ro\/lexikon\/wp-json\/wp\/v2\/comments?post=7369"}],"wp:attachment":[{"href":"https:\/\/uj.adatbank.ro\/lexikon\/wp-json\/wp\/v2\/media?parent=7369"}],"wp:term":[{"taxonomy":"product_brand","embeddable":true,"href":"https:\/\/uj.adatbank.ro\/lexikon\/wp-json\/wp\/v2\/product_brand?post=7369"},{"taxonomy":"product_cat","embeddable":true,"href":"https:\/\/uj.adatbank.ro\/lexikon\/wp-json\/wp\/v2\/product_cat?post=7369"},{"taxonomy":"product_tag","embeddable":true,"href":"https:\/\/uj.adatbank.ro\/lexikon\/wp-json\/wp\/v2\/product_tag?post=7369"}],"curies":[{"name":"wp","href":"https:\/\/api.w.org\/{rel}","templated":true}]}}

ERCSEI János, téglási, Téglási Ercsei János, Téglási Ertsei János

<p>Somosd, 1800 , † Mv., 1852. szept.. 22.: ref. lelkész, tanár, egyházi író. – Fia: Miklós, ügyvéd Dicsőszentmártonban. – Mv.-en tanult, tanulmányait befejezve a Kir. Táblánál írnok lett, azután ösztöndíjjal a marburgi egyetemen folytatta (1830–32), ahol teológiát, bölcseletet, mennyiségtant, vegytant, természetrajzot, csillagászatot tanult, valamint a német, angol és francia nyelvekben gyakorolta magát. Hazatérte után a székelyudvarhelyi koll.-ban hittantanár (1833 nyara–37). Mv.-en a Ref. Koll.-ban a bőlcsészet tanára (1837–1852), cenzor a nagybaconi zsinaton (1836), Bodola Sámuellel az előljárósági gyűlések jegyzője (1838–), nyomdai felügyelő (–1851), rektor (1841–44). A Mv.-en alakuló önkéntes honvéd – zászlóalj javára felajálotta fizetésének 3%-t három éven keresztül (1848. jún–). Később betegsége miatt nem tanított az iskolában (1848–50), tanári lakásán fogadta a diákjait (1850–52). Könyveit a mv.-i Ref. Koll-ra hagyta. Bodolla János püspök engedelmével elhagyta papi székét és csapói birtokára költözött; majd táblabíró volt Kisküküllő vármegyében. Betegságe miatt öngyilkos lett. Egyházi jellegű műveket hagyott hátra. – <strong>F. m.:</strong> A népek atyjának testamentoma : Halotti beszéd&#8230;I. Ferenc végtiszteletére (Kv., 1835); A vallás és annak az emberre való befolyása : Beköszöntő beszéd,&#8230; a székelyudvarhelyi Ev. Ref. Kollégiumban 1833. nov. 2. (Kv., 1835); Gondolkodástan vagy logica (Mv., 1840); <strong>Kéziratban:</strong> A filozófiának az embri élet vezérének kell lenni (1834); Jegyzetek akadémiai utazásáról ; Bevezetés egy könnyen felfogható fizikára; Versirási próbagyakorlatok; Beköszöntő, évnyitó, bucsuzó, eskető beszédei; Lehet e a vallásos igazság veszedelmes, a tévelygés pedig hasznos?. <br /><strong>Irod.:</strong> 1848–1849 Transilvania; Böjthe Andor: A Görgényi ev. ref. egyházmegye története [kézirat]; Erős várunk; Farczády Elek: A marosvásárhjelyi Bolyai tudományos könyvtár = Emlékk. K.L. 80; Fülöp–Ferencz; Gyászjelentő, Kiss-Kálmán-Bierbrunner; Koncz; Koós Ferenc : Életem és emlékeim (Brassó, 1890); Kozma; Örökségünk (2007. 2.sz.); Parády; Pál-Antal 2009; Pálmay; Pálmay József; Somosd; Szabó–Szögi; Szinnyei; Zoványi</br></p>

<p>Somosd, 1800 , † Mv., 1852. szept.. 22.: ref. lelkész, tanár, egyházi író. – Fia: Miklós, ügyvéd Dicsőszentmártonban. – Mv.-en tanult, tanulmányait befejezve a Kir. Táblánál írnok lett, azután ösztöndíjjal a marburgi egyetemen folytatta (1830–32), ahol teológiát, bölcseletet, mennyiségtant, vegytant, természetrajzot, csillagászatot tanult, valamint a német, angol és francia nyelvekben gyakorolta magát. Hazatérte után a [&hellip;]</p>
