{"id":7372,"date":"2025-06-28T18:24:15","date_gmt":"2025-06-28T16:24:15","guid":{"rendered":"https:\/\/uj.adatbank.ro\/lexikon\/termek\/ercsei-karoly-teglasi-teglasi-ertsei-karoly\/"},"modified":"2025-06-28T18:24:15","modified_gmt":"2025-06-28T16:24:15","slug":"ercsei-karoly-teglasi-teglasi-ertsei-karoly","status":"publish","type":"product","link":"https:\/\/uj.adatbank.ro\/lexikon\/termek\/ercsei-karoly-teglasi-teglasi-ertsei-karoly\/","title":{"rendered":"ERCSEI K\u00e1roly, t\u00e9gl\u00e1si, T\u00e9gl\u00e1si Ertsei K\u00e1roly"},"content":{"rendered":"<p>1810., \u2020 Mv., 1886.: kir. t\u00e1blai kancellista, \u00edrnok. \u2013 E. Zsigmond \u00e9s cserefalvi Farkas S\u00e1ra fia. A mv.-i Ref. Koll.-ban volt t\u00f3g\u00e1tus de\u00e1k, majd kir.-i t\u00e1blai \u00edrnok lett. \u00cdrt s\u00edrverseket \u00e9s k\u00e9ziratos k\u00f6nyvet \u00e1ll\u00edtott \u00f6ssze s\u00edrversekb\u0151l, ez a k\u00e9zirat a Teleki csal\u00e1d lev\u00e9lt\u00e1r\u00e1ba, innen ismeretlen \u00faton a szab\u00e9di Kolcs\u00e1r S\u00e1ndor tulajdon\u00e1ba (1956. m\u00e1rc. 19.), majd M\u00e1rkus J\u00e1nos hagyat\u00e9k\u00e1b\u00f3l ker\u00fclt, megv\u00e9tel \u00e1r\u00e1n, vissza a Teleki-Bolyai K\u00f6nyvt\u00e1r tulajdon\u00e1ba. \u2013 <strong>F. m.:<\/strong> k\u00e9zirat: S\u00edrversek: A M\/aros\/V\u00e1s\u00e1rhelyi Reform\u00e1tus \u00e9s Katolikus Temet\u0151ben l\u00e9v\u0151 kiv\u00e1logatott \u00e9s egyeb\u00fcnnett is ide\u00edrt versbeli \u00c9pitaphium (1890). <br \/><strong>Irod.:<\/strong> Ambrus Hedvig M\u00e1ria: Egy hazatal\u00e1lt k\u00e9zirat, avagy Ercsei K\u00e1roly: S\u00edrversek (N\u00fa., 1997. j\u00fan. 24.); P\u00e1lmay J\u00f3zsef<\/br><\/p>\n","protected":false},"excerpt":{"rendered":"<p>1810., \u2020 Mv., 1886.: kir. t\u00e1blai kancellista, \u00edrnok. \u2013 E. Zsigmond \u00e9s cserefalvi Farkas S\u00e1ra fia. A mv.-i Ref. Koll.-ban volt t\u00f3g\u00e1tus de\u00e1k, majd kir.-i t\u00e1blai \u00edrnok lett. \u00cdrt s\u00edrverseket \u00e9s k\u00e9ziratos k\u00f6nyvet \u00e1ll\u00edtott \u00f6ssze s\u00edrversekb\u0151l, ez a k\u00e9zirat a Teleki csal\u00e1d lev\u00e9lt\u00e1r\u00e1ba, innen ismeretlen \u00faton a szab\u00e9di Kolcs\u00e1r S\u00e1ndor tulajdon\u00e1ba (1956. m\u00e1rc. 19.), majd [&hellip;]<\/p>\n","protected":false},"featured_media":0,"comment_status":"open","ping_status":"closed","template":"","meta":[],"product_brand":[],"product_cat":[137],"product_tag":[],"class_list":{"0":"post-7372","1":"product","2":"type-product","3":"status-publish","5":"product_cat-maros-megyei-eletrajzi-lexikon","7":"first","8":"instock","9":"shipping-taxable","10":"product-type-simple"},"_links":{"self":[{"href":"https:\/\/uj.adatbank.ro\/lexikon\/wp-json\/wp\/v2\/product\/7372","targetHints":{"allow":["GET"]}}],"collection":[{"href":"https:\/\/uj.adatbank.ro\/lexikon\/wp-json\/wp\/v2\/product"}],"about":[{"href":"https:\/\/uj.adatbank.ro\/lexikon\/wp-json\/wp\/v2\/types\/product"}],"replies":[{"embeddable":true,"href":"https:\/\/uj.adatbank.ro\/lexikon\/wp-json\/wp\/v2\/comments?post=7372"}],"wp:attachment":[{"href":"https:\/\/uj.adatbank.ro\/lexikon\/wp-json\/wp\/v2\/media?parent=7372"}],"wp:term":[{"taxonomy":"product_brand","embeddable":true,"href":"https:\/\/uj.adatbank.ro\/lexikon\/wp-json\/wp\/v2\/product_brand?post=7372"},{"taxonomy":"product_cat","embeddable":true,"href":"https:\/\/uj.adatbank.ro\/lexikon\/wp-json\/wp\/v2\/product_cat?post=7372"},{"taxonomy":"product_tag","embeddable":true,"href":"https:\/\/uj.adatbank.ro\/lexikon\/wp-json\/wp\/v2\/product_tag?post=7372"}],"curies":[{"name":"wp","href":"https:\/\/api.w.org\/{rel}","templated":true}]}}

ERCSEI Károly, téglási, Téglási Ertsei Károly

<p>1810., † Mv., 1886.: kir. táblai kancellista, írnok. – E. Zsigmond és cserefalvi Farkas Sára fia. A mv.-i Ref. Koll.-ban volt tógátus deák, majd kir.-i táblai írnok lett. Írt sírverseket és kéziratos könyvet állított össze sírversekből, ez a kézirat a Teleki család levéltárába, innen ismeretlen úton a szabédi Kolcsár Sándor tulajdonába (1956. márc. 19.), majd Márkus János hagyatékából került, megvétel árán, vissza a Teleki-Bolyai Könyvtár tulajdonába. – <strong>F. m.:</strong> kézirat: Sírversek: A M/aros/Vásárhelyi Református és Katolikus Temetőben lévő kiválogatott és egyebünnett is ideírt versbeli Épitaphium (1890). <br /><strong>Irod.:</strong> Ambrus Hedvig Mária: Egy hazatalált kézirat, avagy Ercsei Károly: Sírversek (Nú., 1997. jún. 24.); Pálmay József</br></p>

<p>1810., † Mv., 1886.: kir. táblai kancellista, írnok. – E. Zsigmond és cserefalvi Farkas Sára fia. A mv.-i Ref. Koll.-ban volt tógátus deák, majd kir.-i táblai írnok lett. Írt sírverseket és kéziratos könyvet állított össze sírversekből, ez a kézirat a Teleki család levéltárába, innen ismeretlen úton a szabédi Kolcsár Sándor tulajdonába (1956. márc. 19.), majd [&hellip;]</p>
