{"id":7375,"date":"2025-06-28T18:24:22","date_gmt":"2025-06-28T16:24:22","guid":{"rendered":"https:\/\/uj.adatbank.ro\/lexikon\/termek\/ercsei-pal\/"},"modified":"2025-06-28T18:24:22","modified_gmt":"2025-06-28T16:24:22","slug":"ercsei-pal","status":"publish","type":"product","link":"https:\/\/uj.adatbank.ro\/lexikon\/termek\/ercsei-pal\/","title":{"rendered":"ERCSEI P\u00e1l"},"content":{"rendered":"<p>P\u00f3ka, ? \u2020? : ref. lelk\u00e9sz. \u2013 Az Ercsei csal\u00e1db\u00f3l sz\u00e1rmazott Arany J\u00e1nosn\u00e9 Ercsei julianna. Apja P\u00f3k\u00e1ban volt lelk\u00e9sz. K\u00e9t le\u00e1nya: Zsuzsanna (Somosd, 1817. okt. 7.-?), Krisztina (Somosd, 1820. \u00e1pr. 14.-?). \u2013 Tanulm\u00e1nyait a mv.-i Ref. Koll.-ban v\u00e9gezte (beiratkozott: 1791), majd Marburgban a teol\u00f3gi\u00e1ra iratkozott be (1800. nov.17). Hazat\u00e9rve lelkip\u00e1szor volt Csittszentiv\u00e1nyon (1803-09), Kib\u00e9den (1809\u201315), majd Somosdon (1815. \u00e1pr. 17.\u20131821). Ny\u00e1r\u00e1dszered\u00e1ba t\u00e1vozott (1821\u201326), Udvarfalv\u00e1n (1826\u201339), majd Mez\u0151cs\u00e1v\u00e1son volt lelk\u00e9sz (1839 \u2013 ?). <br \/><strong>Irod.:<\/strong> Somosd<\/br><\/p>\n","protected":false},"excerpt":{"rendered":"<p>P\u00f3ka, ? \u2020? : ref. lelk\u00e9sz. \u2013 Az Ercsei csal\u00e1db\u00f3l sz\u00e1rmazott Arany J\u00e1nosn\u00e9 Ercsei julianna. Apja P\u00f3k\u00e1ban volt lelk\u00e9sz. K\u00e9t le\u00e1nya: Zsuzsanna (Somosd, 1817. okt. 7.-?), Krisztina (Somosd, 1820. \u00e1pr. 14.-?). \u2013 Tanulm\u00e1nyait a mv.-i Ref. Koll.-ban v\u00e9gezte (beiratkozott: 1791), majd Marburgban a teol\u00f3gi\u00e1ra iratkozott be (1800. nov.17). Hazat\u00e9rve lelkip\u00e1szor volt Csittszentiv\u00e1nyon (1803-09), Kib\u00e9den (1809\u201315), [&hellip;]<\/p>\n","protected":false},"featured_media":0,"comment_status":"open","ping_status":"closed","template":"","meta":[],"product_brand":[],"product_cat":[137],"product_tag":[],"class_list":{"0":"post-7375","1":"product","2":"type-product","3":"status-publish","5":"product_cat-maros-megyei-eletrajzi-lexikon","7":"first","8":"instock","9":"shipping-taxable","10":"product-type-simple"},"_links":{"self":[{"href":"https:\/\/uj.adatbank.ro\/lexikon\/wp-json\/wp\/v2\/product\/7375","targetHints":{"allow":["GET"]}}],"collection":[{"href":"https:\/\/uj.adatbank.ro\/lexikon\/wp-json\/wp\/v2\/product"}],"about":[{"href":"https:\/\/uj.adatbank.ro\/lexikon\/wp-json\/wp\/v2\/types\/product"}],"replies":[{"embeddable":true,"href":"https:\/\/uj.adatbank.ro\/lexikon\/wp-json\/wp\/v2\/comments?post=7375"}],"wp:attachment":[{"href":"https:\/\/uj.adatbank.ro\/lexikon\/wp-json\/wp\/v2\/media?parent=7375"}],"wp:term":[{"taxonomy":"product_brand","embeddable":true,"href":"https:\/\/uj.adatbank.ro\/lexikon\/wp-json\/wp\/v2\/product_brand?post=7375"},{"taxonomy":"product_cat","embeddable":true,"href":"https:\/\/uj.adatbank.ro\/lexikon\/wp-json\/wp\/v2\/product_cat?post=7375"},{"taxonomy":"product_tag","embeddable":true,"href":"https:\/\/uj.adatbank.ro\/lexikon\/wp-json\/wp\/v2\/product_tag?post=7375"}],"curies":[{"name":"wp","href":"https:\/\/api.w.org\/{rel}","templated":true}]}}

ERCSEI Pál

<p>Póka, ? †? : ref. lelkész. – Az Ercsei családból származott Arany Jánosné Ercsei julianna. Apja Pókában volt lelkész. Két leánya: Zsuzsanna (Somosd, 1817. okt. 7.-?), Krisztina (Somosd, 1820. ápr. 14.-?). – Tanulmányait a mv.-i Ref. Koll.-ban végezte (beiratkozott: 1791), majd Marburgban a teológiára iratkozott be (1800. nov.17). Hazatérve lelkipászor volt Csittszentiványon (1803-09), Kibéden (1809–15), majd Somosdon (1815. ápr. 17.–1821). Nyárádszeredába távozott (1821–26), Udvarfalván (1826–39), majd Mezőcsáváson volt lelkész (1839 – ?). <br /><strong>Irod.:</strong> Somosd</br></p>

<p>Póka, ? †? : ref. lelkész. – Az Ercsei családból származott Arany Jánosné Ercsei julianna. Apja Pókában volt lelkész. Két leánya: Zsuzsanna (Somosd, 1817. okt. 7.-?), Krisztina (Somosd, 1820. ápr. 14.-?). – Tanulmányait a mv.-i Ref. Koll.-ban végezte (beiratkozott: 1791), majd Marburgban a teológiára iratkozott be (1800. nov.17). Hazatérve lelkipászor volt Csittszentiványon (1803-09), Kibéden (1809–15), [&hellip;]</p>
