{"id":7377,"date":"2025-06-28T18:24:28","date_gmt":"2025-06-28T16:24:28","guid":{"rendered":"https:\/\/uj.adatbank.ro\/lexikon\/termek\/ercsei-zsigmond-teglasi-ertsei-zsigmond-teglasi-ertsei-zsigmond\/"},"modified":"2025-06-28T18:24:28","modified_gmt":"2025-06-28T16:24:28","slug":"ercsei-zsigmond-teglasi-ertsei-zsigmond-teglasi-ertsei-zsigmond","status":"publish","type":"product","link":"https:\/\/uj.adatbank.ro\/lexikon\/termek\/ercsei-zsigmond-teglasi-ertsei-zsigmond-teglasi-ertsei-zsigmond\/","title":{"rendered":"ERCSEI Zsigmond, t\u00e9gl\u00e1si, Ertsei Zsigmond, T\u00e9gl\u00e1si Ertsei Zsigmond"},"content":{"rendered":"<p>? \u2020\u00a0? : ref. lelk\u00e9sz, esperes. \u2013 Apja: Sz\u0151ke J\u00e1nos, gr. Tholdy Zsigmond udvar\u00e1ban volt nevel\u0151, \u00e1rv\u00e1n maradt Zsigmond fia vette fel sz\u00fclet\u00e9si hely\u00e9nek nev\u00e9t \u00e9s Ertseinek \/ Ercseinek nevezte mag\u00e1t. Feles\u00e9ge Er\u0151s Borb\u00e1la. Fi\u00fak: S\u00e1muel. \u2013 Az \u00e1rva fi\u00fat gr. Rh\u00e9dey Istv\u00e1n tan\u00edtatta a kv.-i Ref.Koll.-ban. Fels\u0151b\u00e1ny\u00e1n volt iskolamester, majd Nagy\u00f6lyvesen pap.Teleki Mih\u00e1ly gr. h\u00edvta meg Gernyeszegre (1696), ahol 15 \u00e9vig volt lelk\u00e9sz, v\u00e9g\u00fcl erd\u0151csin\u00e1di pap (1711\u20131729\u20131737?), , a kisillyei fili\u00e1ban is beszolg\u00e1lt (1720 el\u0151tt\u0151l) \u00e9s g\u00f6rg\u00e9nyszentimrei esperes volt (1729\u201336), el\u0151dje Vajna Mikl\u00f3s. Lelk\u00e9sz Gernyeszegen Erd\u0151csin\u00e1dion not\u00e1rius (1708, 1754), a G\u00f6rg\u00e9nyi ref. egyh\u00e1zmegye esperese (1729\u201337). <br \/><strong>Irod.:<\/strong> B\u00f6jthe Andor; Kempelen; \u0150sz; P\u00e1lmay; Zov\u00e1nyi<\/br><\/p>\n","protected":false},"excerpt":{"rendered":"<p>? \u2020\u00a0? : ref. lelk\u00e9sz, esperes. \u2013 Apja: Sz\u0151ke J\u00e1nos, gr. Tholdy Zsigmond udvar\u00e1ban volt nevel\u0151, \u00e1rv\u00e1n maradt Zsigmond fia vette fel sz\u00fclet\u00e9si hely\u00e9nek nev\u00e9t \u00e9s Ertseinek \/ Ercseinek nevezte mag\u00e1t. Feles\u00e9ge Er\u0151s Borb\u00e1la. Fi\u00fak: S\u00e1muel. \u2013 Az \u00e1rva fi\u00fat gr. Rh\u00e9dey Istv\u00e1n tan\u00edtatta a kv.-i Ref.Koll.-ban. Fels\u0151b\u00e1ny\u00e1n volt iskolamester, majd Nagy\u00f6lyvesen pap.Teleki Mih\u00e1ly gr. [&hellip;]<\/p>\n","protected":false},"featured_media":0,"comment_status":"open","ping_status":"closed","template":"","meta":[],"product_brand":[],"product_cat":[137],"product_tag":[],"class_list":{"0":"post-7377","1":"product","2":"type-product","3":"status-publish","5":"product_cat-maros-megyei-eletrajzi-lexikon","7":"first","8":"instock","9":"shipping-taxable","10":"product-type-simple"},"_links":{"self":[{"href":"https:\/\/uj.adatbank.ro\/lexikon\/wp-json\/wp\/v2\/product\/7377","targetHints":{"allow":["GET"]}}],"collection":[{"href":"https:\/\/uj.adatbank.ro\/lexikon\/wp-json\/wp\/v2\/product"}],"about":[{"href":"https:\/\/uj.adatbank.ro\/lexikon\/wp-json\/wp\/v2\/types\/product"}],"replies":[{"embeddable":true,"href":"https:\/\/uj.adatbank.ro\/lexikon\/wp-json\/wp\/v2\/comments?post=7377"}],"wp:attachment":[{"href":"https:\/\/uj.adatbank.ro\/lexikon\/wp-json\/wp\/v2\/media?parent=7377"}],"wp:term":[{"taxonomy":"product_brand","embeddable":true,"href":"https:\/\/uj.adatbank.ro\/lexikon\/wp-json\/wp\/v2\/product_brand?post=7377"},{"taxonomy":"product_cat","embeddable":true,"href":"https:\/\/uj.adatbank.ro\/lexikon\/wp-json\/wp\/v2\/product_cat?post=7377"},{"taxonomy":"product_tag","embeddable":true,"href":"https:\/\/uj.adatbank.ro\/lexikon\/wp-json\/wp\/v2\/product_tag?post=7377"}],"curies":[{"name":"wp","href":"https:\/\/api.w.org\/{rel}","templated":true}]}}

ERCSEI Zsigmond, téglási, Ertsei Zsigmond, Téglási Ertsei Zsigmond

<p>? † ? : ref. lelkész, esperes. – Apja: Szőke János, gr. Tholdy Zsigmond udvarában volt nevelő, árván maradt Zsigmond fia vette fel születési helyének nevét és Ertseinek / Ercseinek nevezte magát. Felesége Erős Borbála. Fiúk: Sámuel. – Az árva fiút gr. Rhédey István tanítatta a kv.-i Ref.Koll.-ban. Felsőbányán volt iskolamester, majd Nagyölyvesen pap.Teleki Mihály gr. hívta meg Gernyeszegre (1696), ahol 15 évig volt lelkész, végül erdőcsinádi pap (1711–1729–1737?), , a kisillyei filiában is beszolgált (1720 előttől) és görgényszentimrei esperes volt (1729–36), elődje Vajna Miklós. Lelkész Gernyeszegen Erdőcsinádion notárius (1708, 1754), a Görgényi ref. egyházmegye esperese (1729–37). <br /><strong>Irod.:</strong> Böjthe Andor; Kempelen; Ősz; Pálmay; Zoványi</br></p>

<p>? † ? : ref. lelkész, esperes. – Apja: Szőke János, gr. Tholdy Zsigmond udvarában volt nevelő, árván maradt Zsigmond fia vette fel születési helyének nevét és Ertseinek / Ercseinek nevezte magát. Felesége Erős Borbála. Fiúk: Sámuel. – Az árva fiút gr. Rhédey István tanítatta a kv.-i Ref.Koll.-ban. Felsőbányán volt iskolamester, majd Nagyölyvesen pap.Teleki Mihály gr. [&hellip;]</p>
