{"id":7378,"date":"2025-06-28T18:24:30","date_gmt":"2025-06-28T16:24:30","guid":{"rendered":"https:\/\/uj.adatbank.ro\/lexikon\/termek\/erdei-anna-z\/"},"modified":"2025-06-28T18:24:30","modified_gmt":"2025-06-28T16:24:30","slug":"erdei-anna-z","status":"publish","type":"product","link":"https:\/\/uj.adatbank.ro\/lexikon\/termek\/erdei-anna-z\/","title":{"rendered":"ERDEI Anna Z."},"content":{"rendered":"<p>Szatm\u00e1rn\u00e9meti, 1945., \u2020\u00a0: grafikus. \u2013 Mv.-en a M\u00fcv\u00e9szeti k\u00f6z\u00e9piskol\u00e1ban, a Kv.-i K\u00e9pz\u0151m\u0171v\u00e9szeti F\u0151iskola grafikon szak\u00e1n v\u00e9gzett, Feszt L\u00e1szl\u00f3 ir\u00e1ny\u00edt\u00e1s\u00e1val v\u00e9gzett. Mv.-en m\u0171k\u00f6d\u00f6tt (1990-ig)..megyei \u00e9s orsz\u00e1gos t\u00e1rlatokon. A nyiregyh\u00e1zi M\u00fav\u00e9szeti szakiskola tan\u00e1ra (1990\u2013).\u00e9s a Grafikusm\u0171v\u00e9szek Sz\u00f6vets\u00e9g\u00e9nek tagja, t\u0151bb v\u00e1rosban szerepelt alkot\u00e1saival, majd hazai \u00e9s k\u00fclf\u00f6ldi mag\u00e1ngy\u0171jtem\u00e9nyekben. <br \/><strong>Irod.:<\/strong> Szab\u00f3\u2013K\u00e1llai<\/br><\/p>\n","protected":false},"excerpt":{"rendered":"<p>Szatm\u00e1rn\u00e9meti, 1945., \u2020\u00a0: grafikus. \u2013 Mv.-en a M\u00fcv\u00e9szeti k\u00f6z\u00e9piskol\u00e1ban, a Kv.-i K\u00e9pz\u0151m\u0171v\u00e9szeti F\u0151iskola grafikon szak\u00e1n v\u00e9gzett, Feszt L\u00e1szl\u00f3 ir\u00e1ny\u00edt\u00e1s\u00e1val v\u00e9gzett. Mv.-en m\u0171k\u00f6d\u00f6tt (1990-ig)..megyei \u00e9s orsz\u00e1gos t\u00e1rlatokon. A nyiregyh\u00e1zi M\u00fav\u00e9szeti szakiskola tan\u00e1ra (1990\u2013).\u00e9s a Grafikusm\u0171v\u00e9szek Sz\u00f6vets\u00e9g\u00e9nek tagja, t\u0151bb v\u00e1rosban szerepelt alkot\u00e1saival, majd hazai \u00e9s k\u00fclf\u00f6ldi mag\u00e1ngy\u0171jtem\u00e9nyekben. Irod.: Szab\u00f3\u2013K\u00e1llai<\/p>\n","protected":false},"featured_media":0,"comment_status":"open","ping_status":"closed","template":"","meta":[],"product_brand":[],"product_cat":[137],"product_tag":[],"class_list":{"0":"post-7378","1":"product","2":"type-product","3":"status-publish","5":"product_cat-maros-megyei-eletrajzi-lexikon","7":"first","8":"instock","9":"shipping-taxable","10":"product-type-simple"},"_links":{"self":[{"href":"https:\/\/uj.adatbank.ro\/lexikon\/wp-json\/wp\/v2\/product\/7378","targetHints":{"allow":["GET"]}}],"collection":[{"href":"https:\/\/uj.adatbank.ro\/lexikon\/wp-json\/wp\/v2\/product"}],"about":[{"href":"https:\/\/uj.adatbank.ro\/lexikon\/wp-json\/wp\/v2\/types\/product"}],"replies":[{"embeddable":true,"href":"https:\/\/uj.adatbank.ro\/lexikon\/wp-json\/wp\/v2\/comments?post=7378"}],"wp:attachment":[{"href":"https:\/\/uj.adatbank.ro\/lexikon\/wp-json\/wp\/v2\/media?parent=7378"}],"wp:term":[{"taxonomy":"product_brand","embeddable":true,"href":"https:\/\/uj.adatbank.ro\/lexikon\/wp-json\/wp\/v2\/product_brand?post=7378"},{"taxonomy":"product_cat","embeddable":true,"href":"https:\/\/uj.adatbank.ro\/lexikon\/wp-json\/wp\/v2\/product_cat?post=7378"},{"taxonomy":"product_tag","embeddable":true,"href":"https:\/\/uj.adatbank.ro\/lexikon\/wp-json\/wp\/v2\/product_tag?post=7378"}],"curies":[{"name":"wp","href":"https:\/\/api.w.org\/{rel}","templated":true}]}}

<p>Szatmárnémeti, 1945., † : grafikus. – Mv.-en a Müvészeti középiskolában, a Kv.-i Képzőművészeti Főiskola grafikon szakán végzett, Feszt László irányításával végzett. Mv.-en működött (1990-ig)..megyei és országos tárlatokon. A nyiregyházi Múvészeti szakiskola tanára (1990–).és a Grafikusművészek Szövetségének tagja, tőbb városban szerepelt alkotásaival, majd hazai és külföldi magángyűjteményekben. <br /><strong>Irod.:</strong> Szabó–Kállai</br></p>

<p>Szatmárnémeti, 1945., † : grafikus. – Mv.-en a Müvészeti középiskolában, a Kv.-i Képzőművészeti Főiskola grafikon szakán végzett, Feszt László irányításával végzett. Mv.-en működött (1990-ig)..megyei és országos tárlatokon. A nyiregyházi Múvészeti szakiskola tanára (1990–).és a Grafikusművészek Szövetségének tagja, tőbb városban szerepelt alkotásaival, majd hazai és külföldi magángyűjteményekben. Irod.: Szabó–Kállai</p>
