{"id":7381,"date":"2025-06-28T18:24:35","date_gmt":"2025-06-28T16:24:35","guid":{"rendered":"https:\/\/uj.adatbank.ro\/lexikon\/termek\/erdei-gyorgy-zoltan-erdei-gy-zoltan\/"},"modified":"2025-06-28T18:24:35","modified_gmt":"2025-06-28T16:24:35","slug":"erdei-gyorgy-zoltan-erdei-gy-zoltan","status":"publish","type":"product","link":"https:\/\/uj.adatbank.ro\/lexikon\/termek\/erdei-gyorgy-zoltan-erdei-gy-zoltan\/","title":{"rendered":"ERDEI Gy\u00f6rgy Zolt\u00e1n, Erdei Gy. Zolt\u00e1n"},"content":{"rendered":"<p>Mv., 1959.\u00a0\u00e1pr. 10., \u2020 Mosonmagyar\u00f3v\u00e1r, 1990. nov. 2. Mv.-en temett\u00e9k el: fest\u0151m\u0171v\u00e9sz, szobr\u00e1sz, keramikus \u2013 Tanult a mv.-i M\u0171v\u00e9szeti L\u00edc.-ban (1974\u201378), a kv.-i Ion Andreescu f\u0151iskola ker\u00e1mia szak\u00e1n (1980\u201384). A Dics\u0151szentm\u00e1rtoni Vegyiipari Kombin\u00e1tban dolgozott (1984\u2013). Kisplasztikai \u00e9s ker\u00e1miai munk\u00e1in k\u00edv\u00fcl nagym\u00e9ret\u0171 festm\u00e9nyeken kompozici\u00f3s t\u00e9m\u00e1kat dolgozott fel. \u201eAtelier 35\u201d n\u00e9ven ki\u00e1ll\u00edt\u00e1st szervezett Mv.-en amelyet a hatos\u00e1gok m\u00e9g a megnyit\u00e1s el\u0151tt betiltottak (1989). Megalap\u00edtotta k\u00e9t t\u00e1rs\u00e1val egy\u00fctt a Tractorul csoportot (1990). Tagja volt a Maros Megyei K\u00e9pz\u0151m\u0171v\u00e9szek Sz\u00f6vets\u00e9g\u00e9nek. Aut\u00f3baleset \u00e1ldozata lett. \u2013 F.ki\u00e1ll.: megyei t\u00e1rlatok (1984\u2013); a buk.-i Dalles teremben a Disz\u00edt\u0151m\u0171v\u00e9szetek szalonja (1986); Mv.: Atelier 35 (1987, 1989, 1990); fiatalok ki\u00e1ll\u00edt\u00e1sa Nagyb\u00e1nya (1988); III. Nemzetk\u00f6zi Miniat\u00fcr ki\u00e1ll\u00edt\u00e1s a torontoi Del Bello Gallery-n (1988); Tuzlai Portr\u00e9 Bien\u00e1l\u00e9n (1988); Traktor a mv.-i g\u00f6r. kat. katedr\u00e1lis el\u0151tt (1990); Traktor Ronchin (Franciao., 1991); Eml\u00e9kki\u00e1ll\u00edt\u00e1s Mv.-en (1995). <br \/><strong>Irod.:<\/strong> Catalog; Bartha J\u00f3zsef: Szab\u00e1lytalan nekrol\u00f3g E. Gy. Z. Eml\u00e9k\u00e9re (N\u00fa., 1990. nov. 9.); [Nekrol\u00f3g] (N\u00fa., 1990. nov. 9.); R\u00daL; Todea 2013<\/br><\/p>\n","protected":false},"excerpt":{"rendered":"<p>Mv., 1959.\u00a0\u00e1pr. 10., \u2020 Mosonmagyar\u00f3v\u00e1r, 1990. nov. 2. Mv.-en temett\u00e9k el: fest\u0151m\u0171v\u00e9sz, szobr\u00e1sz, keramikus \u2013 Tanult a mv.-i M\u0171v\u00e9szeti L\u00edc.-ban (1974\u201378), a kv.-i Ion Andreescu f\u0151iskola ker\u00e1mia szak\u00e1n (1980\u201384). A Dics\u0151szentm\u00e1rtoni Vegyiipari Kombin\u00e1tban dolgozott (1984\u2013). Kisplasztikai \u00e9s ker\u00e1miai munk\u00e1in k\u00edv\u00fcl nagym\u00e9ret\u0171 festm\u00e9nyeken kompozici\u00f3s t\u00e9m\u00e1kat dolgozott fel. \u201eAtelier 35\u201d n\u00e9ven ki\u00e1ll\u00edt\u00e1st szervezett Mv.-en amelyet a hatos\u00e1gok [&hellip;]<\/p>\n","protected":false},"featured_media":0,"comment_status":"open","ping_status":"closed","template":"","meta":[],"product_brand":[],"product_cat":[137],"product_tag":[],"class_list":{"0":"post-7381","1":"product","2":"type-product","3":"status-publish","5":"product_cat-maros-megyei-eletrajzi-lexikon","7":"first","8":"instock","9":"shipping-taxable","10":"product-type-simple"},"_links":{"self":[{"href":"https:\/\/uj.adatbank.ro\/lexikon\/wp-json\/wp\/v2\/product\/7381","targetHints":{"allow":["GET"]}}],"collection":[{"href":"https:\/\/uj.adatbank.ro\/lexikon\/wp-json\/wp\/v2\/product"}],"about":[{"href":"https:\/\/uj.adatbank.ro\/lexikon\/wp-json\/wp\/v2\/types\/product"}],"replies":[{"embeddable":true,"href":"https:\/\/uj.adatbank.ro\/lexikon\/wp-json\/wp\/v2\/comments?post=7381"}],"wp:attachment":[{"href":"https:\/\/uj.adatbank.ro\/lexikon\/wp-json\/wp\/v2\/media?parent=7381"}],"wp:term":[{"taxonomy":"product_brand","embeddable":true,"href":"https:\/\/uj.adatbank.ro\/lexikon\/wp-json\/wp\/v2\/product_brand?post=7381"},{"taxonomy":"product_cat","embeddable":true,"href":"https:\/\/uj.adatbank.ro\/lexikon\/wp-json\/wp\/v2\/product_cat?post=7381"},{"taxonomy":"product_tag","embeddable":true,"href":"https:\/\/uj.adatbank.ro\/lexikon\/wp-json\/wp\/v2\/product_tag?post=7381"}],"curies":[{"name":"wp","href":"https:\/\/api.w.org\/{rel}","templated":true}]}}

ERDEI György Zoltán, Erdei Gy. Zoltán

<p>Mv., 1959. ápr. 10., † Mosonmagyaróvár, 1990. nov. 2. Mv.-en temették el: festőművész, szobrász, keramikus – Tanult a mv.-i Művészeti Líc.-ban (1974–78), a kv.-i Ion Andreescu főiskola kerámia szakán (1980–84). A Dicsőszentmártoni Vegyiipari Kombinátban dolgozott (1984–). Kisplasztikai és kerámiai munkáin kívül nagyméretű festményeken kompoziciós témákat dolgozott fel. „Atelier 35” néven kiállítást szervezett Mv.-en amelyet a hatoságok még a megnyitás előtt betiltottak (1989). Megalapította két társával együtt a Tractorul csoportot (1990). Tagja volt a Maros Megyei Képzőművészek Szövetségének. Autóbaleset áldozata lett. – F.kiáll.: megyei tárlatok (1984–); a buk.-i Dalles teremben a Diszítőművészetek szalonja (1986); Mv.: Atelier 35 (1987, 1989, 1990); fiatalok kiállítása Nagybánya (1988); III. Nemzetközi Miniatür kiállítás a torontoi Del Bello Gallery-n (1988); Tuzlai Portré Bienálén (1988); Traktor a mv.-i gör. kat. katedrális előtt (1990); Traktor Ronchin (Franciao., 1991); Emlékkiállítás Mv.-en (1995). <br /><strong>Irod.:</strong> Catalog; Bartha József: Szabálytalan nekrológ E. Gy. Z. Emlékére (Nú., 1990. nov. 9.); [Nekrológ] (Nú., 1990. nov. 9.); RÚL; Todea 2013</br></p>

<p>Mv., 1959. ápr. 10., † Mosonmagyaróvár, 1990. nov. 2. Mv.-en temették el: festőművész, szobrász, keramikus – Tanult a mv.-i Művészeti Líc.-ban (1974–78), a kv.-i Ion Andreescu főiskola kerámia szakán (1980–84). A Dicsőszentmártoni Vegyiipari Kombinátban dolgozott (1984–). Kisplasztikai és kerámiai munkáin kívül nagyméretű festményeken kompoziciós témákat dolgozott fel. „Atelier 35” néven kiállítást szervezett Mv.-en amelyet a hatoságok [&hellip;]</p>
