{"id":7501,"date":"2025-06-29T09:54:16","date_gmt":"2025-06-29T07:54:16","guid":{"rendered":"https:\/\/uj.adatbank.ro\/lexikon\/termek\/fabian-andras\/"},"modified":"2025-06-29T09:54:16","modified_gmt":"2025-06-29T07:54:16","slug":"fabian-andras","status":"publish","type":"product","link":"https:\/\/uj.adatbank.ro\/lexikon\/termek\/fabian-andras\/","title":{"rendered":"F\u00c1BI\u00c1N Andr\u00e1s"},"content":{"rendered":"<p>Als\u00f3b\u00f6lk\u00e9ny, 1912., \u2020\u00a0Sz\u00e1szr\u00e9gen, ?: kerekesmester. \u2013 A mesters\u00e9get Sz\u00e1szr\u00e9genben a Robert J. Depner lovaskocsi-k\u00e9sz\u00edt\u0151 m\u0171hely\u00e9ben (l\u00e9tes\u00fclt 1900) tanulta meg (1926\u201331). H\u00e1rom \u00e9s f\u00e9l \u00e9vig mint inas, ut\u00e1na seg\u00e9dk\u00e9nt dolgozott ebben a m\u0171helyben. T\u00f6bb \u00e9vi buk.-i tart\u00f3zkod\u00e1s ut\u00e1n, ism\u00e9t Depner alkalmazottja lett (1939\u201342), majd \u00f6n\u00e1ll\u00f3s\u00edtotta mag\u00e1t. A politikai \u00e9s gazd.-i helyzet megv\u00e1ltoz\u00e1sa ut\u00e1n a \u201eFierar-Rotar\u201d kisipari sz\u00f6vetkezetben dolgozott (1948), k\u00fcll\u0151s kerek\u0171 parasztszekereket, str\u00e1fkocsikat, homokfut\u00f3kat, gigeket k\u00e9sz\u00edtettek \u00e9s jav\u00edtottak. <br \/><strong>Irod.:<\/strong> B\u00edr\u00f3 Don\u00e1t 2000<\/br><\/p>\n","protected":false},"excerpt":{"rendered":"<p>Als\u00f3b\u00f6lk\u00e9ny, 1912., \u2020\u00a0Sz\u00e1szr\u00e9gen, ?: kerekesmester. \u2013 A mesters\u00e9get Sz\u00e1szr\u00e9genben a Robert J. Depner lovaskocsi-k\u00e9sz\u00edt\u0151 m\u0171hely\u00e9ben (l\u00e9tes\u00fclt 1900) tanulta meg (1926\u201331). H\u00e1rom \u00e9s f\u00e9l \u00e9vig mint inas, ut\u00e1na seg\u00e9dk\u00e9nt dolgozott ebben a m\u0171helyben. T\u00f6bb \u00e9vi buk.-i tart\u00f3zkod\u00e1s ut\u00e1n, ism\u00e9t Depner alkalmazottja lett (1939\u201342), majd \u00f6n\u00e1ll\u00f3s\u00edtotta mag\u00e1t. A politikai \u00e9s gazd.-i helyzet megv\u00e1ltoz\u00e1sa ut\u00e1n a \u201eFierar-Rotar\u201d kisipari [&hellip;]<\/p>\n","protected":false},"featured_media":0,"comment_status":"open","ping_status":"closed","template":"","meta":[],"product_brand":[],"product_cat":[137],"product_tag":[],"class_list":{"0":"post-7501","1":"product","2":"type-product","3":"status-publish","5":"product_cat-maros-megyei-eletrajzi-lexikon","7":"first","8":"instock","9":"shipping-taxable","10":"product-type-simple"},"_links":{"self":[{"href":"https:\/\/uj.adatbank.ro\/lexikon\/wp-json\/wp\/v2\/product\/7501","targetHints":{"allow":["GET"]}}],"collection":[{"href":"https:\/\/uj.adatbank.ro\/lexikon\/wp-json\/wp\/v2\/product"}],"about":[{"href":"https:\/\/uj.adatbank.ro\/lexikon\/wp-json\/wp\/v2\/types\/product"}],"replies":[{"embeddable":true,"href":"https:\/\/uj.adatbank.ro\/lexikon\/wp-json\/wp\/v2\/comments?post=7501"}],"wp:attachment":[{"href":"https:\/\/uj.adatbank.ro\/lexikon\/wp-json\/wp\/v2\/media?parent=7501"}],"wp:term":[{"taxonomy":"product_brand","embeddable":true,"href":"https:\/\/uj.adatbank.ro\/lexikon\/wp-json\/wp\/v2\/product_brand?post=7501"},{"taxonomy":"product_cat","embeddable":true,"href":"https:\/\/uj.adatbank.ro\/lexikon\/wp-json\/wp\/v2\/product_cat?post=7501"},{"taxonomy":"product_tag","embeddable":true,"href":"https:\/\/uj.adatbank.ro\/lexikon\/wp-json\/wp\/v2\/product_tag?post=7501"}],"curies":[{"name":"wp","href":"https:\/\/api.w.org\/{rel}","templated":true}]}}

FÁBIÁN András

<p>Alsóbölkény, 1912., † Szászrégen, ?: kerekesmester. – A mesterséget Szászrégenben a Robert J. Depner lovaskocsi-készítő műhelyében (létesült 1900) tanulta meg (1926–31). Három és fél évig mint inas, utána segédként dolgozott ebben a műhelyben. Több évi buk.-i tartózkodás után, ismét Depner alkalmazottja lett (1939–42), majd önállósította magát. A politikai és gazd.-i helyzet megváltozása után a „Fierar-Rotar” kisipari szövetkezetben dolgozott (1948), küllős kerekű parasztszekereket, stráfkocsikat, homokfutókat, gigeket készítettek és javítottak. <br /><strong>Irod.:</strong> Bíró Donát 2000</br></p>

<p>Alsóbölkény, 1912., † Szászrégen, ?: kerekesmester. – A mesterséget Szászrégenben a Robert J. Depner lovaskocsi-készítő műhelyében (létesült 1900) tanulta meg (1926–31). Három és fél évig mint inas, utána segédként dolgozott ebben a műhelyben. Több évi buk.-i tartózkodás után, ismét Depner alkalmazottja lett (1939–42), majd önállósította magát. A politikai és gazd.-i helyzet megváltozása után a „Fierar-Rotar” kisipari [&hellip;]</p>
