{"id":7503,"date":"2025-06-29T09:54:18","date_gmt":"2025-06-29T07:54:18","guid":{"rendered":"https:\/\/uj.adatbank.ro\/lexikon\/termek\/fabian-bela\/"},"modified":"2025-06-29T09:54:18","modified_gmt":"2025-06-29T07:54:18","slug":"fabian-bela","status":"publish","type":"product","link":"https:\/\/uj.adatbank.ro\/lexikon\/termek\/fabian-bela\/","title":{"rendered":"F\u00c1BI\u00c1N B\u00e9la"},"content":{"rendered":"<p>? \u2020\u00a0? : tan\u00e1r, sz\u00edn\u00e9sz. \u2013 Feles\u00e9ge: Lenke, tan\u00e1r. Gyermekeik: Csaba matematikus, a buk.-i K\u00f6zgazdas\u00e9g TE docense, (Zilah, 1941. m\u00e1j. 20. &#8211; Bp., 2019. febr. 1.) \u00e9s k\u00e9t le\u00e1nytestv\u00e9r. \u2013 A Mv-i. Sz\u00e9kely Sz\u00ednh\u00e1zban j\u00e1tszott (1946\u201347). Val\u00f3sz\u00edn\u0171 azonos a zilahi Ady Endre, volt Wessel\u00e9nyi koll\u00e9gium, n\u00e9metnyelv \u00e9s sport tan\u00e1ra (1948 k. \u2013 nyugd\u00edjaz\u00e1s\u00e1ig). \u2013 <strong>F. sz.:<\/strong> Bouilanger (Leh\u00e1r Ferenc: Luxemburg gr\u00f3fja); Sof\u0151r (Zilahy Lajos: Hazaj\u00e1r\u00f3 l\u00e9lek); Bihari (K\u00e1lm\u00e1n Imre: Cs\u00e1rd\u00e1skir\u00e1lyn\u0151); Louis di\u00e1k (Paul Laurent: Szerelmes di\u00e1kok); koreogr\u00e1fi\u00e1ja: Vid\u00e1m ny\u00e1ri m\u0171sor (1950). \u2013 <strong>F. m.:<\/strong> Nagykend helynevei (Sepsiszentgy\u00f6rgy, 1939). <br \/><strong>Irod.:<\/strong> 2010 EMKK; Dubovitz; F\u00fcl\u00f6p\u2013Ferencz; Horv\u00e1th Bea<\/br><\/p>\n","protected":false},"excerpt":{"rendered":"<p>? \u2020\u00a0? : tan\u00e1r, sz\u00edn\u00e9sz. \u2013 Feles\u00e9ge: Lenke, tan\u00e1r. Gyermekeik: Csaba matematikus, a buk.-i K\u00f6zgazdas\u00e9g TE docense, (Zilah, 1941. m\u00e1j. 20. &#8211; Bp., 2019. febr. 1.) \u00e9s k\u00e9t le\u00e1nytestv\u00e9r. \u2013 A Mv-i. Sz\u00e9kely Sz\u00ednh\u00e1zban j\u00e1tszott (1946\u201347). Val\u00f3sz\u00edn\u0171 azonos a zilahi Ady Endre, volt Wessel\u00e9nyi koll\u00e9gium, n\u00e9metnyelv \u00e9s sport tan\u00e1ra (1948 k. \u2013 nyugd\u00edjaz\u00e1s\u00e1ig). \u2013 F. [&hellip;]<\/p>\n","protected":false},"featured_media":0,"comment_status":"open","ping_status":"closed","template":"","meta":[],"product_brand":[],"product_cat":[137],"product_tag":[],"class_list":{"0":"post-7503","1":"product","2":"type-product","3":"status-publish","5":"product_cat-maros-megyei-eletrajzi-lexikon","7":"first","8":"instock","9":"shipping-taxable","10":"product-type-simple"},"_links":{"self":[{"href":"https:\/\/uj.adatbank.ro\/lexikon\/wp-json\/wp\/v2\/product\/7503","targetHints":{"allow":["GET"]}}],"collection":[{"href":"https:\/\/uj.adatbank.ro\/lexikon\/wp-json\/wp\/v2\/product"}],"about":[{"href":"https:\/\/uj.adatbank.ro\/lexikon\/wp-json\/wp\/v2\/types\/product"}],"replies":[{"embeddable":true,"href":"https:\/\/uj.adatbank.ro\/lexikon\/wp-json\/wp\/v2\/comments?post=7503"}],"wp:attachment":[{"href":"https:\/\/uj.adatbank.ro\/lexikon\/wp-json\/wp\/v2\/media?parent=7503"}],"wp:term":[{"taxonomy":"product_brand","embeddable":true,"href":"https:\/\/uj.adatbank.ro\/lexikon\/wp-json\/wp\/v2\/product_brand?post=7503"},{"taxonomy":"product_cat","embeddable":true,"href":"https:\/\/uj.adatbank.ro\/lexikon\/wp-json\/wp\/v2\/product_cat?post=7503"},{"taxonomy":"product_tag","embeddable":true,"href":"https:\/\/uj.adatbank.ro\/lexikon\/wp-json\/wp\/v2\/product_tag?post=7503"}],"curies":[{"name":"wp","href":"https:\/\/api.w.org\/{rel}","templated":true}]}}

FÁBIÁN Béla

<p>? † ? : tanár, színész. – Felesége: Lenke, tanár. Gyermekeik: Csaba matematikus, a buk.-i Közgazdaség TE docense, (Zilah, 1941. máj. 20. &#8211; Bp., 2019. febr. 1.) és két leánytestvér. – A Mv-i. Székely Színházban játszott (1946–47). Valószínű azonos a zilahi Ady Endre, volt Wesselényi kollégium, németnyelv és sport tanára (1948 k. – nyugdíjazásáig). – <strong>F. sz.:</strong> Bouilanger (Lehár Ferenc: Luxemburg grófja); Sofőr (Zilahy Lajos: Hazajáró lélek); Bihari (Kálmán Imre: Csárdáskirálynő); Louis diák (Paul Laurent: Szerelmes diákok); koreográfiája: Vidám nyári műsor (1950). – <strong>F. m.:</strong> Nagykend helynevei (Sepsiszentgyörgy, 1939). <br /><strong>Irod.:</strong> 2010 EMKK; Dubovitz; Fülöp–Ferencz; Horváth Bea</br></p>

<p>? † ? : tanár, színész. – Felesége: Lenke, tanár. Gyermekeik: Csaba matematikus, a buk.-i Közgazdaség TE docense, (Zilah, 1941. máj. 20. &#8211; Bp., 2019. febr. 1.) és két leánytestvér. – A Mv-i. Székely Színházban játszott (1946–47). Valószínű azonos a zilahi Ady Endre, volt Wesselényi kollégium, németnyelv és sport tanára (1948 k. – nyugdíjazásáig). – F. [&hellip;]</p>
