{"id":7504,"date":"2025-06-29T09:54:19","date_gmt":"2025-06-29T07:54:19","guid":{"rendered":"https:\/\/uj.adatbank.ro\/lexikon\/termek\/fabian-denes\/"},"modified":"2025-06-29T09:54:19","modified_gmt":"2025-06-29T07:54:19","slug":"fabian-denes","status":"publish","type":"product","link":"https:\/\/uj.adatbank.ro\/lexikon\/termek\/fabian-denes\/","title":{"rendered":"F\u00c1BI\u00c1N D\u00e9nes"},"content":{"rendered":"<p>Gyergy\u00f3alfalu, 1904. m\u00e1rc. 2. \u2020 Mv., ?: faipari munk\u00e1s, munk\u00e1sigazgat\u00f3. \u2013 A szov\u00e1tai Lomas F\u0171r\u00e9sz\u00e1ru Gy\u00e1rban mesterk\u00e9nt dolgozott (1938\u2013). Az \u00e1llamos\u00edt\u00e1skor kinevezt\u00e9k az 536 munk\u00e1st foglalkoztat\u00f3 gy\u00e1r \u00e9l\u00e9re igazgat\u00f3nak (1948. j\u00fan. 12.). <br \/><strong>Irod.:<\/strong> Bartos Zolt\u00e1n<\/br><\/p>\n","protected":false},"excerpt":{"rendered":"<p>Gyergy\u00f3alfalu, 1904. m\u00e1rc. 2. \u2020 Mv., ?: faipari munk\u00e1s, munk\u00e1sigazgat\u00f3. \u2013 A szov\u00e1tai Lomas F\u0171r\u00e9sz\u00e1ru Gy\u00e1rban mesterk\u00e9nt dolgozott (1938\u2013). Az \u00e1llamos\u00edt\u00e1skor kinevezt\u00e9k az 536 munk\u00e1st foglalkoztat\u00f3 gy\u00e1r \u00e9l\u00e9re igazgat\u00f3nak (1948. j\u00fan. 12.). Irod.: Bartos Zolt\u00e1n<\/p>\n","protected":false},"featured_media":0,"comment_status":"open","ping_status":"closed","template":"","meta":[],"product_brand":[],"product_cat":[137],"product_tag":[],"class_list":{"0":"post-7504","1":"product","2":"type-product","3":"status-publish","5":"product_cat-maros-megyei-eletrajzi-lexikon","7":"first","8":"instock","9":"shipping-taxable","10":"product-type-simple"},"_links":{"self":[{"href":"https:\/\/uj.adatbank.ro\/lexikon\/wp-json\/wp\/v2\/product\/7504","targetHints":{"allow":["GET"]}}],"collection":[{"href":"https:\/\/uj.adatbank.ro\/lexikon\/wp-json\/wp\/v2\/product"}],"about":[{"href":"https:\/\/uj.adatbank.ro\/lexikon\/wp-json\/wp\/v2\/types\/product"}],"replies":[{"embeddable":true,"href":"https:\/\/uj.adatbank.ro\/lexikon\/wp-json\/wp\/v2\/comments?post=7504"}],"wp:attachment":[{"href":"https:\/\/uj.adatbank.ro\/lexikon\/wp-json\/wp\/v2\/media?parent=7504"}],"wp:term":[{"taxonomy":"product_brand","embeddable":true,"href":"https:\/\/uj.adatbank.ro\/lexikon\/wp-json\/wp\/v2\/product_brand?post=7504"},{"taxonomy":"product_cat","embeddable":true,"href":"https:\/\/uj.adatbank.ro\/lexikon\/wp-json\/wp\/v2\/product_cat?post=7504"},{"taxonomy":"product_tag","embeddable":true,"href":"https:\/\/uj.adatbank.ro\/lexikon\/wp-json\/wp\/v2\/product_tag?post=7504"}],"curies":[{"name":"wp","href":"https:\/\/api.w.org\/{rel}","templated":true}]}}