{"id":7505,"date":"2025-06-29T09:54:21","date_gmt":"2025-06-29T07:54:21","guid":{"rendered":"https:\/\/uj.adatbank.ro\/lexikon\/termek\/fabian-denes-2\/"},"modified":"2025-06-29T09:54:21","modified_gmt":"2025-06-29T07:54:21","slug":"fabian-denes-2","status":"publish","type":"product","link":"https:\/\/uj.adatbank.ro\/lexikon\/termek\/fabian-denes-2\/","title":{"rendered":"F\u00c1BI\u00c1N D\u00e9nes"},"content":{"rendered":"<p>Korond, 1938. \u00e1pr. 8., \u2020\u00a0K\u00e1szon\u00fajfalu, 2009. febr. 16.: r. k. pap. \u2013 Sz\u00e9kelyudvarhelyen \u00e9s Gyulafeh\u00e9rv\u00e1ron tanult. M\u00e1rton \u00c1ron p\u00fcsp\u00f6k papp\u00e1 szentelte Gyulafeh\u00e9rv\u00e1ron (1961. dec. 8.). K\u00e1pl\u00e1n Mv.-en (1962). Pl\u00e9b\u00e1nos B\u00e1toson (1965\u201382). Ingatlant v\u00e1s\u00e1roltak a pl\u00e9b\u00e1nia r\u00e9sz\u00e9re, a templomot felszentelt\u00e9k (1969. j\u00fan. 8.). Tov\u00e1bbi szolg\u00e1lati helyei: K\u00e1szonjakabfalva \u00e9s K\u00e1szon\u00fajfalu (1982). 47 \u00e9vig szolg\u00e1lt lelkip\u00e1sztork\u00e9nt, nyugd\u00edjba vonult (2007). \u00cdr\u00e1sai jelentek meg a Krisztus vil\u00e1goss\u00e1ga c. foly\u00f3iratban. \u2013 <strong>F. m.:<\/strong> \u00d6regekr\u0151l \u00f6regeknek (Kv., 2007); K\u00e1szon v\u00f6lgye keresztjei (Kv., 2008). <br \/><strong>Irod.:<\/strong> Ferenczi S\u00e1ndor 2009; Maros-k\u00fck\u00fcll\u0151i f\u0151esp.; [Nekrol\u00f3g] (N\u00fa., 2009. febr. 18.)<\/br><\/p>\n","protected":false},"excerpt":{"rendered":"<p>Korond, 1938. \u00e1pr. 8., \u2020\u00a0K\u00e1szon\u00fajfalu, 2009. febr. 16.: r. k. pap. \u2013 Sz\u00e9kelyudvarhelyen \u00e9s Gyulafeh\u00e9rv\u00e1ron tanult. M\u00e1rton \u00c1ron p\u00fcsp\u00f6k papp\u00e1 szentelte Gyulafeh\u00e9rv\u00e1ron (1961. dec. 8.). K\u00e1pl\u00e1n Mv.-en (1962). Pl\u00e9b\u00e1nos B\u00e1toson (1965\u201382). Ingatlant v\u00e1s\u00e1roltak a pl\u00e9b\u00e1nia r\u00e9sz\u00e9re, a templomot felszentelt\u00e9k (1969. j\u00fan. 8.). Tov\u00e1bbi szolg\u00e1lati helyei: K\u00e1szonjakabfalva \u00e9s K\u00e1szon\u00fajfalu (1982). 47 \u00e9vig szolg\u00e1lt lelkip\u00e1sztork\u00e9nt, nyugd\u00edjba vonult [&hellip;]<\/p>\n","protected":false},"featured_media":0,"comment_status":"open","ping_status":"closed","template":"","meta":[],"product_brand":[],"product_cat":[137],"product_tag":[],"class_list":{"0":"post-7505","1":"product","2":"type-product","3":"status-publish","5":"product_cat-maros-megyei-eletrajzi-lexikon","7":"first","8":"instock","9":"shipping-taxable","10":"product-type-simple"},"_links":{"self":[{"href":"https:\/\/uj.adatbank.ro\/lexikon\/wp-json\/wp\/v2\/product\/7505","targetHints":{"allow":["GET"]}}],"collection":[{"href":"https:\/\/uj.adatbank.ro\/lexikon\/wp-json\/wp\/v2\/product"}],"about":[{"href":"https:\/\/uj.adatbank.ro\/lexikon\/wp-json\/wp\/v2\/types\/product"}],"replies":[{"embeddable":true,"href":"https:\/\/uj.adatbank.ro\/lexikon\/wp-json\/wp\/v2\/comments?post=7505"}],"wp:attachment":[{"href":"https:\/\/uj.adatbank.ro\/lexikon\/wp-json\/wp\/v2\/media?parent=7505"}],"wp:term":[{"taxonomy":"product_brand","embeddable":true,"href":"https:\/\/uj.adatbank.ro\/lexikon\/wp-json\/wp\/v2\/product_brand?post=7505"},{"taxonomy":"product_cat","embeddable":true,"href":"https:\/\/uj.adatbank.ro\/lexikon\/wp-json\/wp\/v2\/product_cat?post=7505"},{"taxonomy":"product_tag","embeddable":true,"href":"https:\/\/uj.adatbank.ro\/lexikon\/wp-json\/wp\/v2\/product_tag?post=7505"}],"curies":[{"name":"wp","href":"https:\/\/api.w.org\/{rel}","templated":true}]}}

FÁBIÁN Dénes

<p>Korond, 1938. ápr. 8., † Kászonújfalu, 2009. febr. 16.: r. k. pap. – Székelyudvarhelyen és Gyulafehérváron tanult. Márton Áron püspök pappá szentelte Gyulafehérváron (1961. dec. 8.). Káplán Mv.-en (1962). Plébános Bátoson (1965–82). Ingatlant vásároltak a plébánia részére, a templomot felszentelték (1969. jún. 8.). További szolgálati helyei: Kászonjakabfalva és Kászonújfalu (1982). 47 évig szolgált lelkipásztorként, nyugdíjba vonult (2007). Írásai jelentek meg a Krisztus világossága c. folyóiratban. – <strong>F. m.:</strong> Öregekről öregeknek (Kv., 2007); Kászon völgye keresztjei (Kv., 2008). <br /><strong>Irod.:</strong> Ferenczi Sándor 2009; Maros-küküllői főesp.; [Nekrológ] (Nú., 2009. febr. 18.)</br></p>

<p>Korond, 1938. ápr. 8., † Kászonújfalu, 2009. febr. 16.: r. k. pap. – Székelyudvarhelyen és Gyulafehérváron tanult. Márton Áron püspök pappá szentelte Gyulafehérváron (1961. dec. 8.). Káplán Mv.-en (1962). Plébános Bátoson (1965–82). Ingatlant vásároltak a plébánia részére, a templomot felszentelték (1969. jún. 8.). További szolgálati helyei: Kászonjakabfalva és Kászonújfalu (1982). 47 évig szolgált lelkipásztorként, nyugdíjba vonult [&hellip;]</p>
