{"id":7511,"date":"2025-06-29T09:54:35","date_gmt":"2025-06-29T07:54:35","guid":{"rendered":"https:\/\/uj.adatbank.ro\/lexikon\/termek\/fabian-ferenc-4\/"},"modified":"2025-06-29T09:54:35","modified_gmt":"2025-06-29T07:54:35","slug":"fabian-ferenc-4","status":"publish","type":"product","link":"https:\/\/uj.adatbank.ro\/lexikon\/termek\/fabian-ferenc-4\/","title":{"rendered":"F\u00c1BI\u00c1N Ferenc"},"content":{"rendered":"<p>? \u2020\u00a0?: moln\u00e1r. \u2013 Az az als\u00f3b\u00f6lk\u00e9nyi \u00e1llamos\u00edtott Late\u015f \u00e9s Heinrich Malom (alap\u00edtott\u00e1k 1870) kinevezett \u00fcgyvezet\u0151je (1948. aug. 14), de szabot\u00e1zs \u00e9s gabonaeltulajdon\u00edt\u00e1s v\u00e1dj\u00e1val lev\u00e1ltott\u00e1k, a szekurit\u00e1t\u00e9ra hurcolt\u00e1k \u00e9s letartoztatt\u00e1k (1948. szept. 24). <br \/><strong>Irod.:<\/strong> Bartos Zolt\u00e1n<\/br><\/p>\n","protected":false},"excerpt":{"rendered":"<p>? \u2020\u00a0?: moln\u00e1r. \u2013 Az az als\u00f3b\u00f6lk\u00e9nyi \u00e1llamos\u00edtott Late\u015f \u00e9s Heinrich Malom (alap\u00edtott\u00e1k 1870) kinevezett \u00fcgyvezet\u0151je (1948. aug. 14), de szabot\u00e1zs \u00e9s gabonaeltulajdon\u00edt\u00e1s v\u00e1dj\u00e1val lev\u00e1ltott\u00e1k, a szekurit\u00e1t\u00e9ra hurcolt\u00e1k \u00e9s letartoztatt\u00e1k (1948. szept. 24). Irod.: Bartos Zolt\u00e1n<\/p>\n","protected":false},"featured_media":0,"comment_status":"open","ping_status":"closed","template":"","meta":[],"product_brand":[],"product_cat":[137],"product_tag":[],"class_list":{"0":"post-7511","1":"product","2":"type-product","3":"status-publish","5":"product_cat-maros-megyei-eletrajzi-lexikon","7":"first","8":"instock","9":"shipping-taxable","10":"product-type-simple"},"_links":{"self":[{"href":"https:\/\/uj.adatbank.ro\/lexikon\/wp-json\/wp\/v2\/product\/7511","targetHints":{"allow":["GET"]}}],"collection":[{"href":"https:\/\/uj.adatbank.ro\/lexikon\/wp-json\/wp\/v2\/product"}],"about":[{"href":"https:\/\/uj.adatbank.ro\/lexikon\/wp-json\/wp\/v2\/types\/product"}],"replies":[{"embeddable":true,"href":"https:\/\/uj.adatbank.ro\/lexikon\/wp-json\/wp\/v2\/comments?post=7511"}],"wp:attachment":[{"href":"https:\/\/uj.adatbank.ro\/lexikon\/wp-json\/wp\/v2\/media?parent=7511"}],"wp:term":[{"taxonomy":"product_brand","embeddable":true,"href":"https:\/\/uj.adatbank.ro\/lexikon\/wp-json\/wp\/v2\/product_brand?post=7511"},{"taxonomy":"product_cat","embeddable":true,"href":"https:\/\/uj.adatbank.ro\/lexikon\/wp-json\/wp\/v2\/product_cat?post=7511"},{"taxonomy":"product_tag","embeddable":true,"href":"https:\/\/uj.adatbank.ro\/lexikon\/wp-json\/wp\/v2\/product_tag?post=7511"}],"curies":[{"name":"wp","href":"https:\/\/api.w.org\/{rel}","templated":true}]}}