{"id":7515,"date":"2025-06-29T09:54:44","date_gmt":"2025-06-29T07:54:44","guid":{"rendered":"https:\/\/uj.adatbank.ro\/lexikon\/termek\/fabian-istvan\/"},"modified":"2025-06-29T09:54:44","modified_gmt":"2025-06-29T07:54:44","slug":"fabian-istvan","status":"publish","type":"product","link":"https:\/\/uj.adatbank.ro\/lexikon\/termek\/fabian-istvan\/","title":{"rendered":"F\u00c1BI\u00c1N Istv\u00e1n"},"content":{"rendered":"<p>Ny\u00e1r\u00e1dszereda, 1900, \u2020\u00a01990. j\u00fal. 18.: tan\u00edt\u00f3, iskolaigazgat\u00f3. \u2013 Iskolaigazgat\u00f3 fia. Feles\u00e9ge: Telegdy Ilonka, tan\u00edt\u00f3n\u0151. \u2013 A k\u00f6z\u00e9piskol\u00e1t Mv.-en v\u00e9gezte a Ref. Koll.-ban, majd tan\u00edt\u00f3i oklevelet szerzett D\u00e9v\u00e1n (1918), azut\u00e1n Kv.-on levita kurzust v\u00e9gzett (1921). Tan\u00edtott Lukafalv\u00e1n, D\u00e9v\u00e1n, Petrozs\u00e9nyban \u00e9s egyh\u00e1zk\u00f6z\u00f6ss\u00e9geket szervezett a Zsil v\u00f6lgy\u00e9ben, apja ut\u00e1n Ny\u00e1r\u00e1dszered\u00e1n (1926\u2013), ahol az \u00e1ll. elemi iskola \u00e9s a tanonciskola igazgat\u00f3ja volt, a tan\u00edt\u00f3i k\u00f6r eln\u00f6ke, a Hitelsz\u00f6vetkezet fel\u00fcgyel\u0151bizotts\u00e1gi tagja, a helybeli kaszin\u00f3 vezet\u0151je, a ref. egyh\u00e1zmegye lev\u00e9lt\u00e1rnoka, \u00e9s a Szent Imre egyh\u00e1zk\u00f6zs\u00e9g vil\u00e1gi k\u00e9pvisel\u0151je. Mv. -re nevezt\u00e9k ki (1936). A helyi Tanonciskola igazgat\u00f3j\u00e1v\u00e1 nevezt\u00e9k ki. Mez\u0151erkeden tev\u00e9kenykedett (1941\u2013). K\u00e9s\u0151bb k\u00f6nyvt\u00e1ros volt a mv.-i f\u00e9mipari iskol\u00e1ban, mell\u00e9kesen dolgozott a tan\u00fcgyi szakszervezetekn\u00e9l, nyugd\u00edjaz\u00e1sa ut\u00e1n seg\u00edtett a nyugd\u00edjint\u00e9zetben. Egyh\u00e1zt\u00f6rt\u00e9nelmi tanulm\u00e1nyokat \u00edrt, gazdas\u00e1gi el\u0151ad\u00e1sokat tartott. Feles\u00e9g\u00e9vel egyszerre haltak meg 90 \u00e9ves korukban. \u2013 <strong>F. m.:<\/strong> A magyar irodalom kist\u00fckre (Bp., 1941). &#8211;<br \/><strong>Irod.:<\/strong> F\u00fcl\u00f6p\u2013Ferencz; Ki kicsoda\u00a0?; Nagy-Bod\u00f3 Tibor: A v\u00e1s\u00e1rhelyi Telegdy-h\u00e1z (K\u00f6zpont, 2015. \u00e1pr. 23\u201329); [Nekrol\u00f3g] (N\u00fa., 1990. j\u00fal. 19.); Sipos; Sz\u00e9kelyf\u00f6ld \u00ed. k.<\/br><\/p>\n","protected":false},"excerpt":{"rendered":"<p>Ny\u00e1r\u00e1dszereda, 1900, \u2020\u00a01990. j\u00fal. 18.: tan\u00edt\u00f3, iskolaigazgat\u00f3. \u2013 Iskolaigazgat\u00f3 fia. Feles\u00e9ge: Telegdy Ilonka, tan\u00edt\u00f3n\u0151. \u2013 A k\u00f6z\u00e9piskol\u00e1t Mv.-en v\u00e9gezte a Ref. Koll.-ban, majd tan\u00edt\u00f3i oklevelet szerzett D\u00e9v\u00e1n (1918), azut\u00e1n Kv.-on levita kurzust v\u00e9gzett (1921). Tan\u00edtott Lukafalv\u00e1n, D\u00e9v\u00e1n, Petrozs\u00e9nyban \u00e9s egyh\u00e1zk\u00f6z\u00f6ss\u00e9geket szervezett a Zsil v\u00f6lgy\u00e9ben, apja ut\u00e1n Ny\u00e1r\u00e1dszered\u00e1n (1926\u2013), ahol az \u00e1ll. elemi iskola \u00e9s a [&hellip;]<\/p>\n","protected":false},"featured_media":0,"comment_status":"open","ping_status":"closed","template":"","meta":[],"product_brand":[],"product_cat":[137],"product_tag":[],"class_list":{"0":"post-7515","1":"product","2":"type-product","3":"status-publish","5":"product_cat-maros-megyei-eletrajzi-lexikon","7":"first","8":"instock","9":"shipping-taxable","10":"product-type-simple"},"_links":{"self":[{"href":"https:\/\/uj.adatbank.ro\/lexikon\/wp-json\/wp\/v2\/product\/7515","targetHints":{"allow":["GET"]}}],"collection":[{"href":"https:\/\/uj.adatbank.ro\/lexikon\/wp-json\/wp\/v2\/product"}],"about":[{"href":"https:\/\/uj.adatbank.ro\/lexikon\/wp-json\/wp\/v2\/types\/product"}],"replies":[{"embeddable":true,"href":"https:\/\/uj.adatbank.ro\/lexikon\/wp-json\/wp\/v2\/comments?post=7515"}],"wp:attachment":[{"href":"https:\/\/uj.adatbank.ro\/lexikon\/wp-json\/wp\/v2\/media?parent=7515"}],"wp:term":[{"taxonomy":"product_brand","embeddable":true,"href":"https:\/\/uj.adatbank.ro\/lexikon\/wp-json\/wp\/v2\/product_brand?post=7515"},{"taxonomy":"product_cat","embeddable":true,"href":"https:\/\/uj.adatbank.ro\/lexikon\/wp-json\/wp\/v2\/product_cat?post=7515"},{"taxonomy":"product_tag","embeddable":true,"href":"https:\/\/uj.adatbank.ro\/lexikon\/wp-json\/wp\/v2\/product_tag?post=7515"}],"curies":[{"name":"wp","href":"https:\/\/api.w.org\/{rel}","templated":true}]}}

FÁBIÁN István

<p>Nyárádszereda, 1900, † 1990. júl. 18.: tanító, iskolaigazgató. – Iskolaigazgató fia. Felesége: Telegdy Ilonka, tanítónő. – A középiskolát Mv.-en végezte a Ref. Koll.-ban, majd tanítói oklevelet szerzett Déván (1918), azután Kv.-on levita kurzust végzett (1921). Tanított Lukafalván, Déván, Petrozsényban és egyházközösségeket szervezett a Zsil völgyében, apja után Nyárádszeredán (1926–), ahol az áll. elemi iskola és a tanonciskola igazgatója volt, a tanítói kör elnöke, a Hitelszövetkezet felügyelőbizottsági tagja, a helybeli kaszinó vezetője, a ref. egyházmegye levéltárnoka, és a Szent Imre egyházközség világi képviselője. Mv. -re nevezték ki (1936). A helyi Tanonciskola igazgatójává nevezték ki. Mezőerkeden tevékenykedett (1941–). Később könyvtáros volt a mv.-i fémipari iskolában, mellékesen dolgozott a tanügyi szakszervezeteknél, nyugdíjazása után segített a nyugdíjintézetben. Egyháztörténelmi tanulmányokat írt, gazdasági előadásokat tartott. Feleségével egyszerre haltak meg 90 éves korukban. – <strong>F. m.:</strong> A magyar irodalom kistükre (Bp., 1941). &#8211;<br /><strong>Irod.:</strong> Fülöp–Ferencz; Ki kicsoda ?; Nagy-Bodó Tibor: A vásárhelyi Telegdy-ház (Központ, 2015. ápr. 23–29); [Nekrológ] (Nú., 1990. júl. 19.); Sipos; Székelyföld í. k.</br></p>

<p>Nyárádszereda, 1900, † 1990. júl. 18.: tanító, iskolaigazgató. – Iskolaigazgató fia. Felesége: Telegdy Ilonka, tanítónő. – A középiskolát Mv.-en végezte a Ref. Koll.-ban, majd tanítói oklevelet szerzett Déván (1918), azután Kv.-on levita kurzust végzett (1921). Tanított Lukafalván, Déván, Petrozsényban és egyházközösségeket szervezett a Zsil völgyében, apja után Nyárádszeredán (1926–), ahol az áll. elemi iskola és a [&hellip;]</p>
