{"id":7517,"date":"2025-06-29T09:54:49","date_gmt":"2025-06-29T07:54:49","guid":{"rendered":"https:\/\/uj.adatbank.ro\/lexikon\/termek\/fabian-istvan-%c2%a7\/"},"modified":"2025-06-29T09:54:49","modified_gmt":"2025-06-29T07:54:49","slug":"fabian-istvan-%c2%a7","status":"publish","type":"product","link":"https:\/\/uj.adatbank.ro\/lexikon\/termek\/fabian-istvan-%c2%a7\/","title":{"rendered":"F\u00c1BI\u00c1N Istv\u00e1n, \u00a7"},"content":{"rendered":"<p>Szov\u00e1ta, 1888. \u2020\u00a0? : mozdonyvezet\u0151. \u2013 Iskol\u00e1it Szov\u00e1t\u00e1n \u00e9s Miskolcon v\u00e9gezte majd az \u00e1llami vasutak szolg\u00e1lat\u00e1ba \u00e1llt (1913\u2013) S\u00f3falv\u00e1n. Mozdonyvezet\u0151 Mv.-en. Az I. vh.-ban a 22. honv gy. ezredben harcolt, fogs\u00e1gba esett, majd hazat\u00e9rte ut\u00e1n (1916) a vas\u00fati ezredben szolg\u00e1lt, \u0151rmesteri rangban szerelt le, a II. o. n\u00e9met vaskereszt tulajdonosa. <br \/><strong>Irod.:<\/strong> Erd\u00e9lyi ezredek; Sz\u00e9kelyf\u00f6ld \u00ed. k.<\/br><\/p>\n","protected":false},"excerpt":{"rendered":"<p>Szov\u00e1ta, 1888. \u2020\u00a0? : mozdonyvezet\u0151. \u2013 Iskol\u00e1it Szov\u00e1t\u00e1n \u00e9s Miskolcon v\u00e9gezte majd az \u00e1llami vasutak szolg\u00e1lat\u00e1ba \u00e1llt (1913\u2013) S\u00f3falv\u00e1n. Mozdonyvezet\u0151 Mv.-en. Az I. vh.-ban a 22. honv gy. ezredben harcolt, fogs\u00e1gba esett, majd hazat\u00e9rte ut\u00e1n (1916) a vas\u00fati ezredben szolg\u00e1lt, \u0151rmesteri rangban szerelt le, a II. o. n\u00e9met vaskereszt tulajdonosa. Irod.: Erd\u00e9lyi ezredek; Sz\u00e9kelyf\u00f6ld \u00ed. [&hellip;]<\/p>\n","protected":false},"featured_media":0,"comment_status":"open","ping_status":"closed","template":"","meta":[],"product_brand":[],"product_cat":[137],"product_tag":[],"class_list":{"0":"post-7517","1":"product","2":"type-product","3":"status-publish","5":"product_cat-maros-megyei-eletrajzi-lexikon","7":"first","8":"instock","9":"shipping-taxable","10":"product-type-simple"},"_links":{"self":[{"href":"https:\/\/uj.adatbank.ro\/lexikon\/wp-json\/wp\/v2\/product\/7517","targetHints":{"allow":["GET"]}}],"collection":[{"href":"https:\/\/uj.adatbank.ro\/lexikon\/wp-json\/wp\/v2\/product"}],"about":[{"href":"https:\/\/uj.adatbank.ro\/lexikon\/wp-json\/wp\/v2\/types\/product"}],"replies":[{"embeddable":true,"href":"https:\/\/uj.adatbank.ro\/lexikon\/wp-json\/wp\/v2\/comments?post=7517"}],"wp:attachment":[{"href":"https:\/\/uj.adatbank.ro\/lexikon\/wp-json\/wp\/v2\/media?parent=7517"}],"wp:term":[{"taxonomy":"product_brand","embeddable":true,"href":"https:\/\/uj.adatbank.ro\/lexikon\/wp-json\/wp\/v2\/product_brand?post=7517"},{"taxonomy":"product_cat","embeddable":true,"href":"https:\/\/uj.adatbank.ro\/lexikon\/wp-json\/wp\/v2\/product_cat?post=7517"},{"taxonomy":"product_tag","embeddable":true,"href":"https:\/\/uj.adatbank.ro\/lexikon\/wp-json\/wp\/v2\/product_tag?post=7517"}],"curies":[{"name":"wp","href":"https:\/\/api.w.org\/{rel}","templated":true}]}}