{"id":7520,"date":"2025-06-29T09:54:53","date_gmt":"2025-06-29T07:54:53","guid":{"rendered":"https:\/\/uj.adatbank.ro\/lexikon\/termek\/fabian-lajos\/"},"modified":"2025-06-29T09:54:53","modified_gmt":"2025-06-29T07:54:53","slug":"fabian-lajos","status":"publish","type":"product","link":"https:\/\/uj.adatbank.ro\/lexikon\/termek\/fabian-lajos\/","title":{"rendered":"F\u00c1BI\u00c1N Lajos"},"content":{"rendered":"<p>Bonyha, 1923., \u2020\u00a0Mv., 1990. okt. 9.: tan\u00e1r. \u2013 K\u00f6z\u00e9piskol\u00e1t Nagyenyeden, Erzs\u00e9betv\u00e1roson v\u00e9gezte, Mv.-en \u00e9retts\u00e9gizett. Egyetemet Kv.-on \u00e9s Buk.-ben a Maxim Gorkij Int.-ben v\u00e9zett orosz szakon. Sepsiszentgy\u00f6rgy\u00f6n a Sz\u00e9kely Mik\u00f3 Lic.-ban kezdett tan\u00edtani, onnan helyezt\u00e9k a Bolyai l\u00edc. -ba (1955), azut\u00e1n tartom\u00e1nyi tanfel\u00fcgyel\u0151 lett (1956\u201361), majd \u00fajra a Bolyai l\u00edc. tan\u00e1ra (1961\u2013), a mv.-i n\u00e9pi egyetem igazgat\u00f3ja (1966\u201376). R\u00e9szt vett a v\u00e1rnai (1973), a vars\u00f3i szlavisztikai kongresszuson (1976) \u00e9s az orosz nyelvtan\u00e1rok berlini kongresszus\u00e1n, ez ut\u00f3bbin dolgozatot is mutatott be (1979). R\u00e9szt vett a buk.-i (1953) \u00e9s a moszkvai (1957) Vil\u00e1gifj\u00fas\u00e1gi Tal\u00e1lkoz\u00f3n. Maros megye k\u00fcld\u00f6tte a Tan\u00fcgyi Szakszervezetek Orsz\u00e1gos Konferenci\u00e1j\u00e1n (1981), valamint a szakszervezeti kongresszuson. Jelent\u0151s publicisztikai tev\u00e9kenys\u00e9get fejtett ki. Munkat\u00e1rsa volt az El\u0151re; Tan\u00fcgyi \u00dajs\u00e1g; V. Z. \u00e9s Ifj\u00famunk\u00e1s c. lapoknak. Orosz tank\u00f6nyveket dolgozott \u00e1t a m. iskol\u00e1sok sz\u00e1m\u00e1ra a XII. -es, a X. -es , IX. -es , V. -es \u00e9s VI. -os tanul\u00f3knak (1978\u20131984.). <br \/><strong>Irod.:<\/strong> Madaras; [Nekrol\u00f3g] (N\u00fa., 1990. okt. 10.); R\u00e9thy-\u00dajv\u00e1ri-V\u00e1czy<\/br><\/p>\n","protected":false},"excerpt":{"rendered":"<p>Bonyha, 1923., \u2020\u00a0Mv., 1990. okt. 9.: tan\u00e1r. \u2013 K\u00f6z\u00e9piskol\u00e1t Nagyenyeden, Erzs\u00e9betv\u00e1roson v\u00e9gezte, Mv.-en \u00e9retts\u00e9gizett. Egyetemet Kv.-on \u00e9s Buk.-ben a Maxim Gorkij Int.-ben v\u00e9zett orosz szakon. Sepsiszentgy\u00f6rgy\u00f6n a Sz\u00e9kely Mik\u00f3 Lic.-ban kezdett tan\u00edtani, onnan helyezt\u00e9k a Bolyai l\u00edc. -ba (1955), azut\u00e1n tartom\u00e1nyi tanfel\u00fcgyel\u0151 lett (1956\u201361), majd \u00fajra a Bolyai l\u00edc. tan\u00e1ra (1961\u2013), a mv.-i n\u00e9pi egyetem [&hellip;]<\/p>\n","protected":false},"featured_media":0,"comment_status":"open","ping_status":"closed","template":"","meta":[],"product_brand":[],"product_cat":[137],"product_tag":[],"class_list":{"0":"post-7520","1":"product","2":"type-product","3":"status-publish","5":"product_cat-maros-megyei-eletrajzi-lexikon","7":"first","8":"instock","9":"shipping-taxable","10":"product-type-simple"},"_links":{"self":[{"href":"https:\/\/uj.adatbank.ro\/lexikon\/wp-json\/wp\/v2\/product\/7520","targetHints":{"allow":["GET"]}}],"collection":[{"href":"https:\/\/uj.adatbank.ro\/lexikon\/wp-json\/wp\/v2\/product"}],"about":[{"href":"https:\/\/uj.adatbank.ro\/lexikon\/wp-json\/wp\/v2\/types\/product"}],"replies":[{"embeddable":true,"href":"https:\/\/uj.adatbank.ro\/lexikon\/wp-json\/wp\/v2\/comments?post=7520"}],"wp:attachment":[{"href":"https:\/\/uj.adatbank.ro\/lexikon\/wp-json\/wp\/v2\/media?parent=7520"}],"wp:term":[{"taxonomy":"product_brand","embeddable":true,"href":"https:\/\/uj.adatbank.ro\/lexikon\/wp-json\/wp\/v2\/product_brand?post=7520"},{"taxonomy":"product_cat","embeddable":true,"href":"https:\/\/uj.adatbank.ro\/lexikon\/wp-json\/wp\/v2\/product_cat?post=7520"},{"taxonomy":"product_tag","embeddable":true,"href":"https:\/\/uj.adatbank.ro\/lexikon\/wp-json\/wp\/v2\/product_tag?post=7520"}],"curies":[{"name":"wp","href":"https:\/\/api.w.org\/{rel}","templated":true}]}}

FÁBIÁN Lajos

<p>Bonyha, 1923., † Mv., 1990. okt. 9.: tanár. – Középiskolát Nagyenyeden, Erzsébetvároson végezte, Mv.-en érettségizett. Egyetemet Kv.-on és Buk.-ben a Maxim Gorkij Int.-ben vézett orosz szakon. Sepsiszentgyörgyön a Székely Mikó Lic.-ban kezdett tanítani, onnan helyezték a Bolyai líc. -ba (1955), azután tartományi tanfelügyelő lett (1956–61), majd újra a Bolyai líc. tanára (1961–), a mv.-i népi egyetem igazgatója (1966–76). Részt vett a várnai (1973), a varsói szlavisztikai kongresszuson (1976) és az orosz nyelvtanárok berlini kongresszusán, ez utóbbin dolgozatot is mutatott be (1979). Részt vett a buk.-i (1953) és a moszkvai (1957) Világifjúsági Találkozón. Maros megye küldötte a Tanügyi Szakszervezetek Országos Konferenciáján (1981), valamint a szakszervezeti kongresszuson. Jelentős publicisztikai tevékenységet fejtett ki. Munkatársa volt az Előre; Tanügyi Újság; V. Z. és Ifjúmunkás c. lapoknak. Orosz tankönyveket dolgozott át a m. iskolások számára a XII. -es, a X. -es , IX. -es , V. -es és VI. -os tanulóknak (1978–1984.). <br /><strong>Irod.:</strong> Madaras; [Nekrológ] (Nú., 1990. okt. 10.); Réthy-Újvári-Váczy</br></p>

<p>Bonyha, 1923., † Mv., 1990. okt. 9.: tanár. – Középiskolát Nagyenyeden, Erzsébetvároson végezte, Mv.-en érettségizett. Egyetemet Kv.-on és Buk.-ben a Maxim Gorkij Int.-ben vézett orosz szakon. Sepsiszentgyörgyön a Székely Mikó Lic.-ban kezdett tanítani, onnan helyezték a Bolyai líc. -ba (1955), azután tartományi tanfelügyelő lett (1956–61), majd újra a Bolyai líc. tanára (1961–), a mv.-i népi egyetem [&hellip;]</p>
