{"id":7531,"date":"2025-06-29T09:55:15","date_gmt":"2025-06-29T07:55:15","guid":{"rendered":"https:\/\/uj.adatbank.ro\/lexikon\/termek\/fabini-johann\/"},"modified":"2025-06-29T09:55:15","modified_gmt":"2025-06-29T07:55:15","slug":"fabini-johann","status":"publish","type":"product","link":"https:\/\/uj.adatbank.ro\/lexikon\/termek\/fabini-johann\/","title":{"rendered":"FABINI Johann"},"content":{"rendered":"<p>Scheuern, 1578. k., \u2020 Segesv\u00e1r, 1646. szept. 23.: ev. lelk\u00e9sz. \u2013 Nagyszebenben tanult, dr. theol. Seg\u00e9dlelk\u00e9sz volt Riomfalv\u00e1n (1613\u2013), Berethalomban (1615\u2013), lelk\u00e9sz T\u00e1bl\u00e1son (1615\u2013), Bar\u00e1thelyen (1623\u2013), v\u00e1rosi lelk\u00e9sz Segesv\u00e1ron (1643. j\u00fan. \u2013). Pestisben halt meg. T\u0151le sz\u00e1rmazik a Fabini csal\u00e1d. \u2013 <strong>F. m.:<\/strong> <strong>K\u00e9ziratban:<\/strong> Oratio in comitiis Albae Juliae coram Regni Transilvaniae Dynastis et Proceribu trium Natonum propter Pastorem B\u00fcrk\u00f6siensem ejusdemque Decimas per ejusdem loci Nobiles infestalas. anno 1641 m Julio. <br \/><strong>Irod.:<\/strong> Kraus: Erd\u00e9lyi kr\u00f3nika; Szinnyei<\/br><\/p>\n","protected":false},"excerpt":{"rendered":"<p>Scheuern, 1578. k., \u2020 Segesv\u00e1r, 1646. szept. 23.: ev. lelk\u00e9sz. \u2013 Nagyszebenben tanult, dr. theol. Seg\u00e9dlelk\u00e9sz volt Riomfalv\u00e1n (1613\u2013), Berethalomban (1615\u2013), lelk\u00e9sz T\u00e1bl\u00e1son (1615\u2013), Bar\u00e1thelyen (1623\u2013), v\u00e1rosi lelk\u00e9sz Segesv\u00e1ron (1643. j\u00fan. \u2013). Pestisben halt meg. T\u0151le sz\u00e1rmazik a Fabini csal\u00e1d. \u2013 F. m.: K\u00e9ziratban: Oratio in comitiis Albae Juliae coram Regni Transilvaniae Dynastis et Proceribu [&hellip;]<\/p>\n","protected":false},"featured_media":0,"comment_status":"open","ping_status":"closed","template":"","meta":[],"product_brand":[],"product_cat":[137],"product_tag":[],"class_list":{"0":"post-7531","1":"product","2":"type-product","3":"status-publish","5":"product_cat-maros-megyei-eletrajzi-lexikon","7":"first","8":"instock","9":"shipping-taxable","10":"product-type-simple"},"_links":{"self":[{"href":"https:\/\/uj.adatbank.ro\/lexikon\/wp-json\/wp\/v2\/product\/7531","targetHints":{"allow":["GET"]}}],"collection":[{"href":"https:\/\/uj.adatbank.ro\/lexikon\/wp-json\/wp\/v2\/product"}],"about":[{"href":"https:\/\/uj.adatbank.ro\/lexikon\/wp-json\/wp\/v2\/types\/product"}],"replies":[{"embeddable":true,"href":"https:\/\/uj.adatbank.ro\/lexikon\/wp-json\/wp\/v2\/comments?post=7531"}],"wp:attachment":[{"href":"https:\/\/uj.adatbank.ro\/lexikon\/wp-json\/wp\/v2\/media?parent=7531"}],"wp:term":[{"taxonomy":"product_brand","embeddable":true,"href":"https:\/\/uj.adatbank.ro\/lexikon\/wp-json\/wp\/v2\/product_brand?post=7531"},{"taxonomy":"product_cat","embeddable":true,"href":"https:\/\/uj.adatbank.ro\/lexikon\/wp-json\/wp\/v2\/product_cat?post=7531"},{"taxonomy":"product_tag","embeddable":true,"href":"https:\/\/uj.adatbank.ro\/lexikon\/wp-json\/wp\/v2\/product_tag?post=7531"}],"curies":[{"name":"wp","href":"https:\/\/api.w.org\/{rel}","templated":true}]}}

<p>Scheuern, 1578. k., † Segesvár, 1646. szept. 23.: ev. lelkész. – Nagyszebenben tanult, dr. theol. Segédlelkész volt Riomfalván (1613–), Berethalomban (1615–), lelkész Tábláson (1615–), Baráthelyen (1623–), városi lelkész Segesváron (1643. jún. –). Pestisben halt meg. Tőle származik a Fabini család. – <strong>F. m.:</strong> <strong>Kéziratban:</strong> Oratio in comitiis Albae Juliae coram Regni Transilvaniae Dynastis et Proceribu trium Natonum propter Pastorem Bürkösiensem ejusdemque Decimas per ejusdem loci Nobiles infestalas. anno 1641 m Julio. <br /><strong>Irod.:</strong> Kraus: Erdélyi krónika; Szinnyei</br></p>

<p>Scheuern, 1578. k., † Segesvár, 1646. szept. 23.: ev. lelkész. – Nagyszebenben tanult, dr. theol. Segédlelkész volt Riomfalván (1613–), Berethalomban (1615–), lelkész Tábláson (1615–), Baráthelyen (1623–), városi lelkész Segesváron (1643. jún. –). Pestisben halt meg. Tőle származik a Fabini család. – F. m.: Kéziratban: Oratio in comitiis Albae Juliae coram Regni Transilvaniae Dynastis et Proceribu [&hellip;]</p>
