{"id":7532,"date":"2025-06-29T09:55:16","date_gmt":"2025-06-29T07:55:16","guid":{"rendered":"https:\/\/uj.adatbank.ro\/lexikon\/termek\/fabini-johann-2\/"},"modified":"2025-06-29T09:55:16","modified_gmt":"2025-06-29T07:55:16","slug":"fabini-johann-2","status":"publish","type":"product","link":"https:\/\/uj.adatbank.ro\/lexikon\/termek\/fabini-johann-2\/","title":{"rendered":"FABINI Johann"},"content":{"rendered":"<p>Medgyes, 1825. aug. 10., \u2020 Bar\u00e1thely, 1899. jan. 22.: ev. lelk\u00e9sz. \u2013 A gimn. -ot Medgyesen, Segesv\u00e1ron v\u00e9gezte, m\u00e1sf\u00e9l \u00e9vig Kv.-on br. Kem\u00e9ny Domokosn\u00e1l nevel\u0151. Hall\u00e9ban, Berlinben, T\u00fcbingenben teol\u00f3gi\u00e1t tanult (1845\u201348). Medgyesen gimn.-i tan\u00e1r (1849\u2013), Bog\u00e1cson lelk\u00e9sz (1866\u2013), a medgyesi egyh\u00e1zmegye esperese (1872\u201377; 1886\u201389), Bar\u00e1thelyen lelk\u00e9sz (1880\u2013). Az evang. h\u00e1zass\u00e1gi f\u0151t\u00f6rv\u00e9nysz\u00e9k \u00e9s a tartom\u00e1nyi konziszt\u00f3rium tagja, a medgyesi gazdas\u00e1gi egylet eln\u00f6ke. K\u00f6nyvet \u00edrt az erd\u00e9lyi sz\u0151l\u0151termeszt\u00e9sr\u0151l. \u2013 <strong>F. m.:<\/strong> Der Weinbau in Siebenb\u00fcrgen (Hermannstadt, 1860); <strong>szerk.:<\/strong> Recht und Brauch der Evangelischen Landeskirche A. B. in Siebenb\u00fcrgen mit R\u00fccksicht auf die praktischen Bed\u00fcrfnisse des Pfarrers (Hermannstadt, 1882). <br \/><strong>Irod.:<\/strong> F\u00fcl\u00f6p\u2013Ferencz; LSS; Szinnyei<\/br><\/p>\n","protected":false},"excerpt":{"rendered":"<p>Medgyes, 1825. aug. 10., \u2020 Bar\u00e1thely, 1899. jan. 22.: ev. lelk\u00e9sz. \u2013 A gimn. -ot Medgyesen, Segesv\u00e1ron v\u00e9gezte, m\u00e1sf\u00e9l \u00e9vig Kv.-on br. Kem\u00e9ny Domokosn\u00e1l nevel\u0151. Hall\u00e9ban, Berlinben, T\u00fcbingenben teol\u00f3gi\u00e1t tanult (1845\u201348). Medgyesen gimn.-i tan\u00e1r (1849\u2013), Bog\u00e1cson lelk\u00e9sz (1866\u2013), a medgyesi egyh\u00e1zmegye esperese (1872\u201377; 1886\u201389), Bar\u00e1thelyen lelk\u00e9sz (1880\u2013). Az evang. h\u00e1zass\u00e1gi f\u0151t\u00f6rv\u00e9nysz\u00e9k \u00e9s a tartom\u00e1nyi konziszt\u00f3rium [&hellip;]<\/p>\n","protected":false},"featured_media":0,"comment_status":"open","ping_status":"closed","template":"","meta":[],"product_brand":[],"product_cat":[137],"product_tag":[],"class_list":{"0":"post-7532","1":"product","2":"type-product","3":"status-publish","5":"product_cat-maros-megyei-eletrajzi-lexikon","7":"first","8":"instock","9":"shipping-taxable","10":"product-type-simple"},"_links":{"self":[{"href":"https:\/\/uj.adatbank.ro\/lexikon\/wp-json\/wp\/v2\/product\/7532","targetHints":{"allow":["GET"]}}],"collection":[{"href":"https:\/\/uj.adatbank.ro\/lexikon\/wp-json\/wp\/v2\/product"}],"about":[{"href":"https:\/\/uj.adatbank.ro\/lexikon\/wp-json\/wp\/v2\/types\/product"}],"replies":[{"embeddable":true,"href":"https:\/\/uj.adatbank.ro\/lexikon\/wp-json\/wp\/v2\/comments?post=7532"}],"wp:attachment":[{"href":"https:\/\/uj.adatbank.ro\/lexikon\/wp-json\/wp\/v2\/media?parent=7532"}],"wp:term":[{"taxonomy":"product_brand","embeddable":true,"href":"https:\/\/uj.adatbank.ro\/lexikon\/wp-json\/wp\/v2\/product_brand?post=7532"},{"taxonomy":"product_cat","embeddable":true,"href":"https:\/\/uj.adatbank.ro\/lexikon\/wp-json\/wp\/v2\/product_cat?post=7532"},{"taxonomy":"product_tag","embeddable":true,"href":"https:\/\/uj.adatbank.ro\/lexikon\/wp-json\/wp\/v2\/product_tag?post=7532"}],"curies":[{"name":"wp","href":"https:\/\/api.w.org\/{rel}","templated":true}]}}

<p>Medgyes, 1825. aug. 10., † Baráthely, 1899. jan. 22.: ev. lelkész. – A gimn. -ot Medgyesen, Segesváron végezte, másfél évig Kv.-on br. Kemény Domokosnál nevelő. Halléban, Berlinben, Tübingenben teológiát tanult (1845–48). Medgyesen gimn.-i tanár (1849–), Bogácson lelkész (1866–), a medgyesi egyházmegye esperese (1872–77; 1886–89), Baráthelyen lelkész (1880–). Az evang. házassági főtörvényszék és a tartományi konzisztórium tagja, a medgyesi gazdasági egylet elnöke. Könyvet írt az erdélyi szőlőtermesztésről. – <strong>F. m.:</strong> Der Weinbau in Siebenbürgen (Hermannstadt, 1860); <strong>szerk.:</strong> Recht und Brauch der Evangelischen Landeskirche A. B. in Siebenbürgen mit Rücksicht auf die praktischen Bedürfnisse des Pfarrers (Hermannstadt, 1882). <br /><strong>Irod.:</strong> Fülöp–Ferencz; LSS; Szinnyei</br></p>

<p>Medgyes, 1825. aug. 10., † Baráthely, 1899. jan. 22.: ev. lelkész. – A gimn. -ot Medgyesen, Segesváron végezte, másfél évig Kv.-on br. Kemény Domokosnál nevelő. Halléban, Berlinben, Tübingenben teológiát tanult (1845–48). Medgyesen gimn.-i tanár (1849–), Bogácson lelkész (1866–), a medgyesi egyházmegye esperese (1872–77; 1886–89), Baráthelyen lelkész (1880–). Az evang. házassági főtörvényszék és a tartományi konzisztórium [&hellip;]</p>
