{"id":7533,"date":"2025-06-29T09:55:19","date_gmt":"2025-06-29T07:55:19","guid":{"rendered":"https:\/\/uj.adatbank.ro\/lexikon\/termek\/fabini-joseph-samuel\/"},"modified":"2025-06-29T09:55:19","modified_gmt":"2025-06-29T07:55:19","slug":"fabini-joseph-samuel","status":"publish","type":"product","link":"https:\/\/uj.adatbank.ro\/lexikon\/termek\/fabini-joseph-samuel\/","title":{"rendered":"FABINI Joseph Samuel"},"content":{"rendered":"<p>Hass\u00e1g, 1794. j\u00fal. 28., \u2020\u00a0Medgyes, 1877. febr. 18.: ev. lelk\u00e9sz. \u2013 Miut\u00e1n a medgyesi gimn. -ot bev\u00e9gezte, mint n\u00e9met nyelv tan\u00edt\u00f3 Mv.-en Zeyk D\u00e1niel h\u00e1z\u00e1n\u00e1l tev\u00e9kenykedett (1813\u201315). Th\u00fcbingenben tanult (1815\u201318). Medgyesen gimn.-i tan\u00e1r, v\u00e1rosi lelk\u00e9sz (1819\u201330); Valdhidon, Riomfalv\u00e1n, Medgyesen lelk\u00e9sz. Megalap\u00edtotta az Erd\u00e9lyi Honismereti T\u00e1rsulatot (Verein f\u00fcr Siebenb\u00fcrgische Landeskunde). Teutsch Georg Daniel, a t\u00e1rsulat eln\u00f6ke, mondott felette eml\u00e9kbesz\u00e9det (1877 aug. 7). \u2013 <strong>F. m.:<\/strong> Der Sachsen Zukunft (Kronstadt, 1840); An einem hohen k. k. Reichs-Rath in Wien (Wien, 1857); An Se. k. k. Ap Majest\u00e4t Franz Joseph I. (Wien, 1858); Aufruf an die Glaubensgenossenschaft zum Anschlusse an den evang. Landeskirche Siebenb\u00fcrgens. (Kronstadt, 1860). <br \/><strong>Irod.:<\/strong> LSS; Szinnyei<\/br><\/p>\n","protected":false},"excerpt":{"rendered":"<p>Hass\u00e1g, 1794. j\u00fal. 28., \u2020\u00a0Medgyes, 1877. febr. 18.: ev. lelk\u00e9sz. \u2013 Miut\u00e1n a medgyesi gimn. -ot bev\u00e9gezte, mint n\u00e9met nyelv tan\u00edt\u00f3 Mv.-en Zeyk D\u00e1niel h\u00e1z\u00e1n\u00e1l tev\u00e9kenykedett (1813\u201315). Th\u00fcbingenben tanult (1815\u201318). Medgyesen gimn.-i tan\u00e1r, v\u00e1rosi lelk\u00e9sz (1819\u201330); Valdhidon, Riomfalv\u00e1n, Medgyesen lelk\u00e9sz. Megalap\u00edtotta az Erd\u00e9lyi Honismereti T\u00e1rsulatot (Verein f\u00fcr Siebenb\u00fcrgische Landeskunde). Teutsch Georg Daniel, a t\u00e1rsulat eln\u00f6ke, [&hellip;]<\/p>\n","protected":false},"featured_media":0,"comment_status":"open","ping_status":"closed","template":"","meta":[],"product_brand":[],"product_cat":[137],"product_tag":[],"class_list":{"0":"post-7533","1":"product","2":"type-product","3":"status-publish","5":"product_cat-maros-megyei-eletrajzi-lexikon","7":"first","8":"instock","9":"shipping-taxable","10":"product-type-simple"},"_links":{"self":[{"href":"https:\/\/uj.adatbank.ro\/lexikon\/wp-json\/wp\/v2\/product\/7533","targetHints":{"allow":["GET"]}}],"collection":[{"href":"https:\/\/uj.adatbank.ro\/lexikon\/wp-json\/wp\/v2\/product"}],"about":[{"href":"https:\/\/uj.adatbank.ro\/lexikon\/wp-json\/wp\/v2\/types\/product"}],"replies":[{"embeddable":true,"href":"https:\/\/uj.adatbank.ro\/lexikon\/wp-json\/wp\/v2\/comments?post=7533"}],"wp:attachment":[{"href":"https:\/\/uj.adatbank.ro\/lexikon\/wp-json\/wp\/v2\/media?parent=7533"}],"wp:term":[{"taxonomy":"product_brand","embeddable":true,"href":"https:\/\/uj.adatbank.ro\/lexikon\/wp-json\/wp\/v2\/product_brand?post=7533"},{"taxonomy":"product_cat","embeddable":true,"href":"https:\/\/uj.adatbank.ro\/lexikon\/wp-json\/wp\/v2\/product_cat?post=7533"},{"taxonomy":"product_tag","embeddable":true,"href":"https:\/\/uj.adatbank.ro\/lexikon\/wp-json\/wp\/v2\/product_tag?post=7533"}],"curies":[{"name":"wp","href":"https:\/\/api.w.org\/{rel}","templated":true}]}}

<p>Hasság, 1794. júl. 28., † Medgyes, 1877. febr. 18.: ev. lelkész. – Miután a medgyesi gimn. -ot bevégezte, mint német nyelv tanító Mv.-en Zeyk Dániel házánál tevékenykedett (1813–15). Thübingenben tanult (1815–18). Medgyesen gimn.-i tanár, városi lelkész (1819–30); Valdhidon, Riomfalván, Medgyesen lelkész. Megalapította az Erdélyi Honismereti Társulatot (Verein für Siebenbürgische Landeskunde). Teutsch Georg Daniel, a társulat elnöke, mondott felette emlékbeszédet (1877 aug. 7). – <strong>F. m.:</strong> Der Sachsen Zukunft (Kronstadt, 1840); An einem hohen k. k. Reichs-Rath in Wien (Wien, 1857); An Se. k. k. Ap Majestät Franz Joseph I. (Wien, 1858); Aufruf an die Glaubensgenossenschaft zum Anschlusse an den evang. Landeskirche Siebenbürgens. (Kronstadt, 1860). <br /><strong>Irod.:</strong> LSS; Szinnyei</br></p>

<p>Hasság, 1794. júl. 28., † Medgyes, 1877. febr. 18.: ev. lelkész. – Miután a medgyesi gimn. -ot bevégezte, mint német nyelv tanító Mv.-en Zeyk Dániel házánál tevékenykedett (1813–15). Thübingenben tanult (1815–18). Medgyesen gimn.-i tanár, városi lelkész (1819–30); Valdhidon, Riomfalván, Medgyesen lelkész. Megalapította az Erdélyi Honismereti Társulatot (Verein für Siebenbürgische Landeskunde). Teutsch Georg Daniel, a társulat elnöke, [&hellip;]</p>
