{"id":7534,"date":"2025-06-29T09:55:21","date_gmt":"2025-06-29T07:55:21","guid":{"rendered":"https:\/\/uj.adatbank.ro\/lexikon\/termek\/fabini-ludwig\/"},"modified":"2025-06-29T09:55:21","modified_gmt":"2025-06-29T07:55:21","slug":"fabini-ludwig","status":"publish","type":"product","link":"https:\/\/uj.adatbank.ro\/lexikon\/termek\/fabini-ludwig\/","title":{"rendered":"FABINI Ludwig"},"content":{"rendered":"<p>Segesv\u00e1r, 1881. aug. 18., \u2020 Nagysink, 1932. \u00e1pr. 7.: ev. lelk\u00e9sz, tan\u00e1r. \u2013 Apja gimn.-i tan\u00e1r. \u2013 A k\u00f6z\u00e9piskol\u00e1t Segesv\u00e1ron v\u00e9gezte. K\u00fclf\u00f6ldi tanulm\u00e1nyokat folytatott a Lipcsei Egy. Hittud. Kar\u00e1n (1900\u2013), a Hallei Egy. Hittud. \u00e9s B\u00f6lcs\u00e9sz Kar\u00e1n (1902-03), Kv.-on, Berlinben, a J\u00e9nai Egy Hittud. \u00e9s B\u00f6lcs. Kar\u00e1n (1904). Hazat\u00e9rve tan\u00e1r Segesv\u00e1ron a polg\u00e1ri fi\u00faiskol\u00e1ban, az ev. gimn.-ban (1905-09), az ev. polg\u00e1ri le\u00e1nyiskol\u00e1ban (1910\u201312), a tan\u00edt\u00f3k\u00e9pz\u0151ben (1912\u201317). Lelk\u00e9sz Bar\u00e1thelyen (1917\u201329), Nagysinken (1929\u201332). <br \/><strong>Irod.:<\/strong> Szab\u00f3\u2013Simon\u2013Sz\u00f6gi<\/br><\/p>\n","protected":false},"excerpt":{"rendered":"<p>Segesv\u00e1r, 1881. aug. 18., \u2020 Nagysink, 1932. \u00e1pr. 7.: ev. lelk\u00e9sz, tan\u00e1r. \u2013 Apja gimn.-i tan\u00e1r. \u2013 A k\u00f6z\u00e9piskol\u00e1t Segesv\u00e1ron v\u00e9gezte. K\u00fclf\u00f6ldi tanulm\u00e1nyokat folytatott a Lipcsei Egy. Hittud. Kar\u00e1n (1900\u2013), a Hallei Egy. Hittud. \u00e9s B\u00f6lcs\u00e9sz Kar\u00e1n (1902-03), Kv.-on, Berlinben, a J\u00e9nai Egy Hittud. \u00e9s B\u00f6lcs. Kar\u00e1n (1904). Hazat\u00e9rve tan\u00e1r Segesv\u00e1ron a polg\u00e1ri fi\u00faiskol\u00e1ban, az [&hellip;]<\/p>\n","protected":false},"featured_media":0,"comment_status":"open","ping_status":"closed","template":"","meta":[],"product_brand":[],"product_cat":[137],"product_tag":[],"class_list":{"0":"post-7534","1":"product","2":"type-product","3":"status-publish","5":"product_cat-maros-megyei-eletrajzi-lexikon","7":"first","8":"instock","9":"shipping-taxable","10":"product-type-simple"},"_links":{"self":[{"href":"https:\/\/uj.adatbank.ro\/lexikon\/wp-json\/wp\/v2\/product\/7534","targetHints":{"allow":["GET"]}}],"collection":[{"href":"https:\/\/uj.adatbank.ro\/lexikon\/wp-json\/wp\/v2\/product"}],"about":[{"href":"https:\/\/uj.adatbank.ro\/lexikon\/wp-json\/wp\/v2\/types\/product"}],"replies":[{"embeddable":true,"href":"https:\/\/uj.adatbank.ro\/lexikon\/wp-json\/wp\/v2\/comments?post=7534"}],"wp:attachment":[{"href":"https:\/\/uj.adatbank.ro\/lexikon\/wp-json\/wp\/v2\/media?parent=7534"}],"wp:term":[{"taxonomy":"product_brand","embeddable":true,"href":"https:\/\/uj.adatbank.ro\/lexikon\/wp-json\/wp\/v2\/product_brand?post=7534"},{"taxonomy":"product_cat","embeddable":true,"href":"https:\/\/uj.adatbank.ro\/lexikon\/wp-json\/wp\/v2\/product_cat?post=7534"},{"taxonomy":"product_tag","embeddable":true,"href":"https:\/\/uj.adatbank.ro\/lexikon\/wp-json\/wp\/v2\/product_tag?post=7534"}],"curies":[{"name":"wp","href":"https:\/\/api.w.org\/{rel}","templated":true}]}}

<p>Segesvár, 1881. aug. 18., † Nagysink, 1932. ápr. 7.: ev. lelkész, tanár. – Apja gimn.-i tanár. – A középiskolát Segesváron végezte. Külföldi tanulmányokat folytatott a Lipcsei Egy. Hittud. Karán (1900–), a Hallei Egy. Hittud. és Bölcsész Karán (1902-03), Kv.-on, Berlinben, a Jénai Egy Hittud. és Bölcs. Karán (1904). Hazatérve tanár Segesváron a polgári fiúiskolában, az ev. gimn.-ban (1905-09), az ev. polgári leányiskolában (1910–12), a tanítóképzőben (1912–17). Lelkész Baráthelyen (1917–29), Nagysinken (1929–32). <br /><strong>Irod.:</strong> Szabó–Simon–Szögi</br></p>

<p>Segesvár, 1881. aug. 18., † Nagysink, 1932. ápr. 7.: ev. lelkész, tanár. – Apja gimn.-i tanár. – A középiskolát Segesváron végezte. Külföldi tanulmányokat folytatott a Lipcsei Egy. Hittud. Karán (1900–), a Hallei Egy. Hittud. és Bölcsész Karán (1902-03), Kv.-on, Berlinben, a Jénai Egy Hittud. és Bölcs. Karán (1904). Hazatérve tanár Segesváron a polgári fiúiskolában, az [&hellip;]</p>
