{"id":7538,"date":"2025-06-29T09:55:27","date_gmt":"2025-06-29T07:55:27","guid":{"rendered":"https:\/\/uj.adatbank.ro\/lexikon\/termek\/fabinyi-ferenc\/"},"modified":"2025-06-29T09:55:27","modified_gmt":"2025-06-29T07:55:27","slug":"fabinyi-ferenc","status":"publish","type":"product","link":"https:\/\/uj.adatbank.ro\/lexikon\/termek\/fabinyi-ferenc\/","title":{"rendered":"FABINYI Ferenc"},"content":{"rendered":"<p>Pest, 1853. j\u00fal. 22., \u2020 Bp., 1916. j\u00fal. 16.: kir. it\u00e9l\u0151t\u00e1blai b\u00edr\u00f3, jogi \u00edr\u00f3. \u2013 A bp.-i, b\u00e9csi, berlini \u00e9s r\u00f3mai egy.-en jogot tanult, a bp.-i egy.-en jogtud., \u00e9s \u00e1llamtud., doktori oklevelet szerzett (1877). Bp.-en \u00fcgyv\u00e9di irodai alkalmazott, a kincst\u00e1ri jog\u00fcgyi igazgat\u00f3s\u00e1gn\u00e1l gondnok (1877\u2013); a Kir. K\u00fari\u00e1n t. seg\u00e9dtan\u00e1csjegyz\u0151 (1879\u2013). A mv.-i \u00edt\u00e9l\u0151t\u00e1bl\u00e1n b\u00edr\u00f3 (1883\u201391). A bp.-i \u00edt\u00e9l\u0151t\u00e1bla b\u00edr\u00e1ja (1891\u2013), k\u00fariai b\u00edr\u00f3 (1894\u2013), a szegedi \u00edt\u00e9l\u0151t\u00e1bla eln\u00f6ke nyugd\u00edjaz\u00e1s\u00e1ig (1901-06). A Pesti Hazai Els\u0151 Takar\u00e9kp\u00e9nzt\u00e1r Egyes., \u00fcgy\u00advezet\u0151 igazgat\u00f3ja (1906\u2013). Az EMKE mv.-i v\u00e1rosi v\u00e1lasztm\u00e1ny\u00e1nak tagja (1887\u2013). T\u00f6bb, sokat haszn\u00e1lt d\u00f6ntv\u00e9nygy\u0171j\u00adtem\u00e9nyt szerk. -tett. \u2013 <strong>F. m.:<\/strong> A m. kir. Curia fel\u00fclvizsg\u00e1lati tan\u00e1csa \u00e1ltal a somm\u00e1s elj\u00e1r\u00e1sr\u00f3l sz\u00f3l\u00f3 t\u00f6rv\u00e9ny alapj\u00e1n hozott hat\u00e1rozatok\u00adnak gy\u0171jtem\u00e9nye, 1\u20132., tartalommutat\u00f3 (Bp., 1897\u20131901); Semmiss\u00e9gi panasz az esk\u00fcdt\u00adb\u00edr\u00f3s\u00e1g \u00edt\u00e9letei ellen (Bp., 1900); Hiteljogi d\u00f6ntv\u00e9nyt\u00e1r, 1\u20132. (Bp., 1908-09). <br \/><strong>Irod.:<\/strong> \u00daM\u00c9L<\/br><\/p>\n","protected":false},"excerpt":{"rendered":"<p>Pest, 1853. j\u00fal. 22., \u2020 Bp., 1916. j\u00fal. 16.: kir. it\u00e9l\u0151t\u00e1blai b\u00edr\u00f3, jogi \u00edr\u00f3. \u2013 A bp.-i, b\u00e9csi, berlini \u00e9s r\u00f3mai egy.-en jogot tanult, a bp.-i egy.-en jogtud., \u00e9s \u00e1llamtud., doktori oklevelet szerzett (1877). Bp.-en \u00fcgyv\u00e9di irodai alkalmazott, a kincst\u00e1ri jog\u00fcgyi igazgat\u00f3s\u00e1gn\u00e1l gondnok (1877\u2013); a Kir. K\u00fari\u00e1n t. seg\u00e9dtan\u00e1csjegyz\u0151 (1879\u2013). A mv.-i \u00edt\u00e9l\u0151t\u00e1bl\u00e1n b\u00edr\u00f3 (1883\u201391). [&hellip;]<\/p>\n","protected":false},"featured_media":0,"comment_status":"open","ping_status":"closed","template":"","meta":[],"product_brand":[],"product_cat":[137],"product_tag":[],"class_list":{"0":"post-7538","1":"product","2":"type-product","3":"status-publish","5":"product_cat-maros-megyei-eletrajzi-lexikon","7":"first","8":"instock","9":"shipping-taxable","10":"product-type-simple"},"_links":{"self":[{"href":"https:\/\/uj.adatbank.ro\/lexikon\/wp-json\/wp\/v2\/product\/7538","targetHints":{"allow":["GET"]}}],"collection":[{"href":"https:\/\/uj.adatbank.ro\/lexikon\/wp-json\/wp\/v2\/product"}],"about":[{"href":"https:\/\/uj.adatbank.ro\/lexikon\/wp-json\/wp\/v2\/types\/product"}],"replies":[{"embeddable":true,"href":"https:\/\/uj.adatbank.ro\/lexikon\/wp-json\/wp\/v2\/comments?post=7538"}],"wp:attachment":[{"href":"https:\/\/uj.adatbank.ro\/lexikon\/wp-json\/wp\/v2\/media?parent=7538"}],"wp:term":[{"taxonomy":"product_brand","embeddable":true,"href":"https:\/\/uj.adatbank.ro\/lexikon\/wp-json\/wp\/v2\/product_brand?post=7538"},{"taxonomy":"product_cat","embeddable":true,"href":"https:\/\/uj.adatbank.ro\/lexikon\/wp-json\/wp\/v2\/product_cat?post=7538"},{"taxonomy":"product_tag","embeddable":true,"href":"https:\/\/uj.adatbank.ro\/lexikon\/wp-json\/wp\/v2\/product_tag?post=7538"}],"curies":[{"name":"wp","href":"https:\/\/api.w.org\/{rel}","templated":true}]}}

<p>Pest, 1853. júl. 22., † Bp., 1916. júl. 16.: kir. itélőtáblai bíró, jogi író. – A bp.-i, bécsi, berlini és római egy.-en jogot tanult, a bp.-i egy.-en jogtud., és államtud., doktori oklevelet szerzett (1877). Bp.-en ügyvédi irodai alkalmazott, a kincstári jogügyi igazgatóságnál gondnok (1877–); a Kir. Kúrián t. segédtanácsjegyző (1879–). A mv.-i ítélőtáblán bíró (1883–91). A bp.-i ítélőtábla bírája (1891–), kúriai bíró (1894–), a szegedi ítélőtábla elnöke nyugdíjazásáig (1901-06). A Pesti Hazai Első Takarékpénztár Egyes., ügy­vezető igazgatója (1906–). Az EMKE mv.-i városi választmányának tagja (1887–). Több, sokat használt döntvénygyűj­teményt szerk. -tett. – <strong>F. m.:</strong> A m. kir. Curia felülvizsgálati tanácsa által a sommás eljárásról szóló törvény alapján hozott határozatok­nak gyűjteménye, 1–2., tartalommutató (Bp., 1897–1901); Semmisségi panasz az esküdt­bíróság ítéletei ellen (Bp., 1900); Hiteljogi döntvénytár, 1–2. (Bp., 1908-09). <br /><strong>Irod.:</strong> ÚMÉL</br></p>

<p>Pest, 1853. júl. 22., † Bp., 1916. júl. 16.: kir. itélőtáblai bíró, jogi író. – A bp.-i, bécsi, berlini és római egy.-en jogot tanult, a bp.-i egy.-en jogtud., és államtud., doktori oklevelet szerzett (1877). Bp.-en ügyvédi irodai alkalmazott, a kincstári jogügyi igazgatóságnál gondnok (1877–); a Kir. Kúrián t. segédtanácsjegyző (1879–). A mv.-i ítélőtáblán bíró (1883–91). [&hellip;]</p>
