{"id":7539,"date":"2025-06-29T09:55:29","date_gmt":"2025-06-29T07:55:29","guid":{"rendered":"https:\/\/uj.adatbank.ro\/lexikon\/termek\/fabinyi-rudolf\/"},"modified":"2025-06-29T09:55:29","modified_gmt":"2025-06-29T07:55:29","slug":"fabinyi-rudolf","status":"publish","type":"product","link":"https:\/\/uj.adatbank.ro\/lexikon\/termek\/fabinyi-rudolf\/","title":{"rendered":"FABINYI Rudolf"},"content":{"rendered":"<p>Kv., 1879. m\u00e1j. 31., \u2020 Bp., 1936. okt. 30., Kv. -t a H\u00e1zsong\u00e1rdi temet\u0151ben nyugszik: orvos, ideg- \u00e9s elmegy\u00f3gy\u00e1sz. \u2013 Apja: F. Rudolf, vegytan tan\u00e1r a kv.-i egyetemen. \u2013 A kv.-i egy.-en orvosi oklevelet szerzett (1902); az egy. elme- \u00e9s idegk\u00f3rtani klinik\u00e1j\u00e1n gyakornok (1902\u2013), majd tan\u00e1rseg\u00e9d. A dics\u0151szentm\u00e1rtoni k\u00f3rh\u00e1zban oszt\u00e1lyos orvos (1906\u201311). T\u00f6bbekkel szerk. -tette az EME Orvos- Term\u00e9szettudom\u00e1nyi \u00c9rtes\u00edt\u0151j\u00e9t (\u20131906). Bp.-en a Lip\u00f3tmezei \u00e1ll. elmegy\u00f3gyint. f\u0151orvosa (1911\u2013), igazgat\u00f3ja (1925\u2013); k\u00f6zben tanulm\u00e1nyutat tett Belgiumban, Hollandi\u00e1ban \u00e9s Nagy-Britanniaban (1914). Az I. vh.-ban mint katonaorvos teljes\u00edtett szolg\u00e1latot. A bp.-i egy.-en a gyakorlati elmek\u00f3rtan c. t\u00e1rgyk\u00f6r mag\u00e1ntan\u00e1ra (1924\u2013). Mo. &#8211; on kezdem\u00e9nyez\u00e9s\u00e9re indult meg az elmebeteg-\u00e1pol\u00f3k szakk\u00e9pz\u00e9se. Tervei \u00e9s elk\u00e9pzel\u00e9sei szerint \u00e9p\u00fclt fel a bp. &#8211; h\u00e1rshegyi ideggy\u00f3gyint\u00e9zet, amelynek igazgat\u00f3ja is volt. Az Elmeorvosok Orsz. Egyes., eln\u00f6ke. Sz\u00e1mos tanulm\u00e1nyt \u00edrt az ideg- \u00e9s elmek\u00f3rtan k\u00e9rd\u00e9seir\u0151l. \u2013 <strong>F. m.:<\/strong> Hogyan \u00e1poljunk elmebetegeket? (Bp., 1914). <br \/><strong>Irod.:<\/strong> Az 1909. \u00e9vi aug. 28-\u00e1n Bp.-en tartott V. Orsz\u00e1gos Elmeorvosi \u00c9rtekezlet munk\u00e1latai (Bp., 1910); Forb\u00e1th Tivadar: Adatok a m. szeg\u00e9ny\u00fcgy rendez\u00e9s\u00e9hez (Bp., 1908); F\u00fcl\u00f6p\u2013Ferencz; H\u00e1zsong\u00e1rd; Kelemen Lajos 2006; Nov\u00e1k Ern\u0151: A m. seb\u00e9szirodalom bibliogr\u00e1fi\u00e1ja (Bp. s. a.); Ruzitska B\u00e9la: <strong>F. r.:<\/strong> eml\u00e9kezete (Cluj-Kv., 1923); \u00daIL; \u00daM\u00c9L<\/br><\/p>\n","protected":false},"excerpt":{"rendered":"<p>Kv., 1879. m\u00e1j. 31., \u2020 Bp., 1936. okt. 30., Kv. -t a H\u00e1zsong\u00e1rdi temet\u0151ben nyugszik: orvos, ideg- \u00e9s elmegy\u00f3gy\u00e1sz. \u2013 Apja: F. Rudolf, vegytan tan\u00e1r a kv.-i egyetemen. \u2013 A kv.-i egy.-en orvosi oklevelet szerzett (1902); az egy. elme- \u00e9s idegk\u00f3rtani klinik\u00e1j\u00e1n gyakornok (1902\u2013), majd tan\u00e1rseg\u00e9d. A dics\u0151szentm\u00e1rtoni k\u00f3rh\u00e1zban oszt\u00e1lyos orvos (1906\u201311). T\u00f6bbekkel szerk. -tette [&hellip;]<\/p>\n","protected":false},"featured_media":0,"comment_status":"open","ping_status":"closed","template":"","meta":[],"product_brand":[],"product_cat":[137],"product_tag":[],"class_list":{"0":"post-7539","1":"product","2":"type-product","3":"status-publish","5":"product_cat-maros-megyei-eletrajzi-lexikon","7":"first","8":"instock","9":"shipping-taxable","10":"product-type-simple"},"_links":{"self":[{"href":"https:\/\/uj.adatbank.ro\/lexikon\/wp-json\/wp\/v2\/product\/7539","targetHints":{"allow":["GET"]}}],"collection":[{"href":"https:\/\/uj.adatbank.ro\/lexikon\/wp-json\/wp\/v2\/product"}],"about":[{"href":"https:\/\/uj.adatbank.ro\/lexikon\/wp-json\/wp\/v2\/types\/product"}],"replies":[{"embeddable":true,"href":"https:\/\/uj.adatbank.ro\/lexikon\/wp-json\/wp\/v2\/comments?post=7539"}],"wp:attachment":[{"href":"https:\/\/uj.adatbank.ro\/lexikon\/wp-json\/wp\/v2\/media?parent=7539"}],"wp:term":[{"taxonomy":"product_brand","embeddable":true,"href":"https:\/\/uj.adatbank.ro\/lexikon\/wp-json\/wp\/v2\/product_brand?post=7539"},{"taxonomy":"product_cat","embeddable":true,"href":"https:\/\/uj.adatbank.ro\/lexikon\/wp-json\/wp\/v2\/product_cat?post=7539"},{"taxonomy":"product_tag","embeddable":true,"href":"https:\/\/uj.adatbank.ro\/lexikon\/wp-json\/wp\/v2\/product_tag?post=7539"}],"curies":[{"name":"wp","href":"https:\/\/api.w.org\/{rel}","templated":true}]}}

<p>Kv., 1879. máj. 31., † Bp., 1936. okt. 30., Kv. -t a Házsongárdi temetőben nyugszik: orvos, ideg- és elmegyógyász. – Apja: F. Rudolf, vegytan tanár a kv.-i egyetemen. – A kv.-i egy.-en orvosi oklevelet szerzett (1902); az egy. elme- és idegkórtani klinikáján gyakornok (1902–), majd tanársegéd. A dicsőszentmártoni kórházban osztályos orvos (1906–11). Többekkel szerk. -tette az EME Orvos- Természettudományi Értesítőjét (–1906). Bp.-en a Lipótmezei áll. elmegyógyint. főorvosa (1911–), igazgatója (1925–); közben tanulmányutat tett Belgiumban, Hollandiában és Nagy-Britanniaban (1914). Az I. vh.-ban mint katonaorvos teljesített szolgálatot. A bp.-i egy.-en a gyakorlati elmekórtan c. tárgykör magántanára (1924–). Mo. &#8211; on kezdeményezésére indult meg az elmebeteg-ápolók szakképzése. Tervei és elképzelései szerint épült fel a bp. &#8211; hárshegyi ideggyógyintézet, amelynek igazgatója is volt. Az Elmeorvosok Orsz. Egyes., elnöke. Számos tanulmányt írt az ideg- és elmekórtan kérdéseiről. – <strong>F. m.:</strong> Hogyan ápoljunk elmebetegeket? (Bp., 1914). <br /><strong>Irod.:</strong> Az 1909. évi aug. 28-án Bp.-en tartott V. Országos Elmeorvosi Értekezlet munkálatai (Bp., 1910); Forbáth Tivadar: Adatok a m. szegényügy rendezéséhez (Bp., 1908); Fülöp–Ferencz; Házsongárd; Kelemen Lajos 2006; Novák Ernő: A m. sebészirodalom bibliográfiája (Bp. s. a.); Ruzitska Béla: <strong>F. r.:</strong> emlékezete (Cluj-Kv., 1923); ÚIL; ÚMÉL</br></p>

<p>Kv., 1879. máj. 31., † Bp., 1936. okt. 30., Kv. -t a Házsongárdi temetőben nyugszik: orvos, ideg- és elmegyógyász. – Apja: F. Rudolf, vegytan tanár a kv.-i egyetemen. – A kv.-i egy.-en orvosi oklevelet szerzett (1902); az egy. elme- és idegkórtani klinikáján gyakornok (1902–), majd tanársegéd. A dicsőszentmártoni kórházban osztályos orvos (1906–11). Többekkel szerk. -tette [&hellip;]</p>
