{"id":7542,"date":"2025-06-29T09:55:35","date_gmt":"2025-06-29T07:55:35","guid":{"rendered":"https:\/\/uj.adatbank.ro\/lexikon\/termek\/fabricius-joseph-christian\/"},"modified":"2025-06-29T09:55:35","modified_gmt":"2025-06-29T07:55:35","slug":"fabricius-joseph-christian","status":"publish","type":"product","link":"https:\/\/uj.adatbank.ro\/lexikon\/termek\/fabricius-joseph-christian\/","title":{"rendered":"FABRICIUS Joseph Christian"},"content":{"rendered":"<p>Segesv\u00e1r, 1766. jan. 22., \u2020 Pr\u00e1zsm\u00e1r, 1851. j\u00fal. 30.: ev. lelk\u00e9sz. \u2013 Apja: Johann. Nagyapja \u00e9s apja Apoldon voltak lelk\u00e9szek, kor\u00e1n meghaltak, \u0151t atyai bar\u00e1tja R\u00f3th P\u00e1l tan\u00edttatta. \u2013 A k\u00f6z\u00e9piskol\u00e1t Brass\u00f3ban, az egyetemet J\u00e9n\u00e1ban v\u00e9gezte (1786). Brass\u00f3ban mint tan\u00edt\u00f3 kezdte p\u00e1ly\u00e1j\u00e1t, azut\u00e1n lektor a gimn.-ban. Pr\u00e1zsm\u00e1ron v\u00e1rosi lelk\u00e9sz (1797\u2013) ugyanakkor gimn.-i rektor (1810\u2013). \u2013 <strong>F. m.:<\/strong> Die Wohlfart und Bl\u00fcthe der S\u00e4chsischen Nation in Siebenb\u00fcrgen. (Hermannstadt, 1816); Ode auf die h\u00f6chst ersehte gl\u00fcckliche Ankunft J J. Majest\u00e4ten des Kaiser und Kaiserin von Oesterreich Franz I. und Karolina Augusta zu Kronstadt in Siebenb\u00fcrgen 13. Sept. 1817 (Kronstadt, 1817); Lieder auf die h\u00f6chst erw\u00fcnschte Ankunft JJ. Majest\u00e4ten des Kaiser und Kaiserin von Oesterreich Franz. und Karolina Augusta zu Kronstadt in Siebenb\u00fcrgen 13. Sept. 1817 (Kronstadt, 1817); Entwurf einer neuen Einrichtung der Kronst\u00e4dter evang. Knabenschulen (Kronstadt, 1845). <br \/><strong>Irod.:<\/strong> A magyar birodalom \u00e1llatvil\u00e1ga. 3. (Bp., 1896); Szab\u00f3\u2013Sz\u00f6gi; Szinnyei<\/br><\/p>\n","protected":false},"excerpt":{"rendered":"<p>Segesv\u00e1r, 1766. jan. 22., \u2020 Pr\u00e1zsm\u00e1r, 1851. j\u00fal. 30.: ev. lelk\u00e9sz. \u2013 Apja: Johann. Nagyapja \u00e9s apja Apoldon voltak lelk\u00e9szek, kor\u00e1n meghaltak, \u0151t atyai bar\u00e1tja R\u00f3th P\u00e1l tan\u00edttatta. \u2013 A k\u00f6z\u00e9piskol\u00e1t Brass\u00f3ban, az egyetemet J\u00e9n\u00e1ban v\u00e9gezte (1786). Brass\u00f3ban mint tan\u00edt\u00f3 kezdte p\u00e1ly\u00e1j\u00e1t, azut\u00e1n lektor a gimn.-ban. Pr\u00e1zsm\u00e1ron v\u00e1rosi lelk\u00e9sz (1797\u2013) ugyanakkor gimn.-i rektor (1810\u2013). \u2013 [&hellip;]<\/p>\n","protected":false},"featured_media":0,"comment_status":"open","ping_status":"closed","template":"","meta":[],"product_brand":[],"product_cat":[137],"product_tag":[],"class_list":{"0":"post-7542","1":"product","2":"type-product","3":"status-publish","5":"product_cat-maros-megyei-eletrajzi-lexikon","7":"first","8":"instock","9":"shipping-taxable","10":"product-type-simple"},"_links":{"self":[{"href":"https:\/\/uj.adatbank.ro\/lexikon\/wp-json\/wp\/v2\/product\/7542","targetHints":{"allow":["GET"]}}],"collection":[{"href":"https:\/\/uj.adatbank.ro\/lexikon\/wp-json\/wp\/v2\/product"}],"about":[{"href":"https:\/\/uj.adatbank.ro\/lexikon\/wp-json\/wp\/v2\/types\/product"}],"replies":[{"embeddable":true,"href":"https:\/\/uj.adatbank.ro\/lexikon\/wp-json\/wp\/v2\/comments?post=7542"}],"wp:attachment":[{"href":"https:\/\/uj.adatbank.ro\/lexikon\/wp-json\/wp\/v2\/media?parent=7542"}],"wp:term":[{"taxonomy":"product_brand","embeddable":true,"href":"https:\/\/uj.adatbank.ro\/lexikon\/wp-json\/wp\/v2\/product_brand?post=7542"},{"taxonomy":"product_cat","embeddable":true,"href":"https:\/\/uj.adatbank.ro\/lexikon\/wp-json\/wp\/v2\/product_cat?post=7542"},{"taxonomy":"product_tag","embeddable":true,"href":"https:\/\/uj.adatbank.ro\/lexikon\/wp-json\/wp\/v2\/product_tag?post=7542"}],"curies":[{"name":"wp","href":"https:\/\/api.w.org\/{rel}","templated":true}]}}

<p>Segesvár, 1766. jan. 22., † Prázsmár, 1851. júl. 30.: ev. lelkész. – Apja: Johann. Nagyapja és apja Apoldon voltak lelkészek, korán meghaltak, őt atyai barátja Róth Pál taníttatta. – A középiskolát Brassóban, az egyetemet Jénában végezte (1786). Brassóban mint tanító kezdte pályáját, azután lektor a gimn.-ban. Prázsmáron városi lelkész (1797–) ugyanakkor gimn.-i rektor (1810–). – <strong>F. m.:</strong> Die Wohlfart und Blüthe der Sächsischen Nation in Siebenbürgen. (Hermannstadt, 1816); Ode auf die höchst ersehte glückliche Ankunft J J. Majestäten des Kaiser und Kaiserin von Oesterreich Franz I. und Karolina Augusta zu Kronstadt in Siebenbürgen 13. Sept. 1817 (Kronstadt, 1817); Lieder auf die höchst erwünschte Ankunft JJ. Majestäten des Kaiser und Kaiserin von Oesterreich Franz. und Karolina Augusta zu Kronstadt in Siebenbürgen 13. Sept. 1817 (Kronstadt, 1817); Entwurf einer neuen Einrichtung der Kronstädter evang. Knabenschulen (Kronstadt, 1845). <br /><strong>Irod.:</strong> A magyar birodalom állatvilága. 3. (Bp., 1896); Szabó–Szögi; Szinnyei</br></p>

<p>Segesvár, 1766. jan. 22., † Prázsmár, 1851. júl. 30.: ev. lelkész. – Apja: Johann. Nagyapja és apja Apoldon voltak lelkészek, korán meghaltak, őt atyai barátja Róth Pál taníttatta. – A középiskolát Brassóban, az egyetemet Jénában végezte (1786). Brassóban mint tanító kezdte pályáját, azután lektor a gimn.-ban. Prázsmáron városi lelkész (1797–) ugyanakkor gimn.-i rektor (1810–). – [&hellip;]</p>
