{"id":7547,"date":"2025-06-29T09:55:45","date_gmt":"2025-06-29T07:55:45","guid":{"rendered":"https:\/\/uj.adatbank.ro\/lexikon\/termek\/fabritius-joseph\/"},"modified":"2025-06-29T09:55:45","modified_gmt":"2025-06-29T07:55:45","slug":"fabritius-joseph","status":"publish","type":"product","link":"https:\/\/uj.adatbank.ro\/lexikon\/termek\/fabritius-joseph\/","title":{"rendered":"FABRITIUS Joseph"},"content":{"rendered":"<p>Segesv\u00e1r, 1818. nov. 18., \u2020 Brass\u00f3, 1901. febr. 25\u00a0: orvosdoktor. \u2013 A k\u00f6z\u00e9piskol\u00e1t sz\u00fcl\u0151v\u00e1ros\u00e1ban (1837), az egyetemet B\u00e9csben v\u00e9gezte (1839\u20131845); sz\u00fcl\u00e9szorvosi magiszter (1846); seb\u00e9szetb\u0151l \u00e9s szem\u00e9szetb\u0151l doktor\u00e1lt (1847) \u00e9s ugyanekkor letelepedett Brass\u00f3ban. Brass\u00f3ban t\u00f6rv\u00e9nysz\u00e9ki orvos (1853\u201362, 1872\u201376), v\u00e1rosi tiszti f\u0151orvos (1877\u201398), a szem\u00e9szeti k\u00f3rh\u00e1z igazgat\u00f3ja (1972\u201395). <strong>Kit\u00fcntet\u00e9sei:<\/strong> Arany \u00c9rdemkereszt Koron\u00e1val \u00e9s Ferenc J\u00f3zsef Lovagkereszt \u00e9rdemrenddel. \u2013 <strong>F. m.:<\/strong> Die Mineral- Quellen zu Zajzon in Siebenb\u00fcrgen: Naturhistorisch und medizinisch dargestellt (Wien, 1845); Ist Kronstadt eine ungesund Stadt ? (Kronstadt, 1887); <strong>t\u00e1rssz.:<\/strong> Festschrift f\u00fcr die Mitglieder der 26. Wanderversammlung ungarische \u00c4rzte und Naturforscher (Brass\u00f3, 1892). <br \/><strong>Irod.:<\/strong> Gy\u0151ry; LSS; Szab\u00f3\u2013Sz\u00f6gi; Szinnyei; Szinnyei J\u00f3zsef; Szinnyei J\u00f3zsef \u2013 Sz. J.<\/br><\/p>\n","protected":false},"excerpt":{"rendered":"<p>Segesv\u00e1r, 1818. nov. 18., \u2020 Brass\u00f3, 1901. febr. 25\u00a0: orvosdoktor. \u2013 A k\u00f6z\u00e9piskol\u00e1t sz\u00fcl\u0151v\u00e1ros\u00e1ban (1837), az egyetemet B\u00e9csben v\u00e9gezte (1839\u20131845); sz\u00fcl\u00e9szorvosi magiszter (1846); seb\u00e9szetb\u0151l \u00e9s szem\u00e9szetb\u0151l doktor\u00e1lt (1847) \u00e9s ugyanekkor letelepedett Brass\u00f3ban. Brass\u00f3ban t\u00f6rv\u00e9nysz\u00e9ki orvos (1853\u201362, 1872\u201376), v\u00e1rosi tiszti f\u0151orvos (1877\u201398), a szem\u00e9szeti k\u00f3rh\u00e1z igazgat\u00f3ja (1972\u201395). Kit\u00fcntet\u00e9sei: Arany \u00c9rdemkereszt Koron\u00e1val \u00e9s Ferenc J\u00f3zsef Lovagkereszt \u00e9rdemrenddel. [&hellip;]<\/p>\n","protected":false},"featured_media":0,"comment_status":"open","ping_status":"closed","template":"","meta":[],"product_brand":[],"product_cat":[137],"product_tag":[],"class_list":{"0":"post-7547","1":"product","2":"type-product","3":"status-publish","5":"product_cat-maros-megyei-eletrajzi-lexikon","7":"first","8":"instock","9":"shipping-taxable","10":"product-type-simple"},"_links":{"self":[{"href":"https:\/\/uj.adatbank.ro\/lexikon\/wp-json\/wp\/v2\/product\/7547","targetHints":{"allow":["GET"]}}],"collection":[{"href":"https:\/\/uj.adatbank.ro\/lexikon\/wp-json\/wp\/v2\/product"}],"about":[{"href":"https:\/\/uj.adatbank.ro\/lexikon\/wp-json\/wp\/v2\/types\/product"}],"replies":[{"embeddable":true,"href":"https:\/\/uj.adatbank.ro\/lexikon\/wp-json\/wp\/v2\/comments?post=7547"}],"wp:attachment":[{"href":"https:\/\/uj.adatbank.ro\/lexikon\/wp-json\/wp\/v2\/media?parent=7547"}],"wp:term":[{"taxonomy":"product_brand","embeddable":true,"href":"https:\/\/uj.adatbank.ro\/lexikon\/wp-json\/wp\/v2\/product_brand?post=7547"},{"taxonomy":"product_cat","embeddable":true,"href":"https:\/\/uj.adatbank.ro\/lexikon\/wp-json\/wp\/v2\/product_cat?post=7547"},{"taxonomy":"product_tag","embeddable":true,"href":"https:\/\/uj.adatbank.ro\/lexikon\/wp-json\/wp\/v2\/product_tag?post=7547"}],"curies":[{"name":"wp","href":"https:\/\/api.w.org\/{rel}","templated":true}]}}

<p>Segesvár, 1818. nov. 18., † Brassó, 1901. febr. 25 : orvosdoktor. – A középiskolát szülővárosában (1837), az egyetemet Bécsben végezte (1839–1845); szülészorvosi magiszter (1846); sebészetből és szemészetből doktorált (1847) és ugyanekkor letelepedett Brassóban. Brassóban törvényszéki orvos (1853–62, 1872–76), városi tiszti főorvos (1877–98), a szemészeti kórház igazgatója (1972–95). <strong>Kitüntetései:</strong> Arany Érdemkereszt Koronával és Ferenc József Lovagkereszt érdemrenddel. – <strong>F. m.:</strong> Die Mineral- Quellen zu Zajzon in Siebenbürgen: Naturhistorisch und medizinisch dargestellt (Wien, 1845); Ist Kronstadt eine ungesund Stadt ? (Kronstadt, 1887); <strong>társsz.:</strong> Festschrift für die Mitglieder der 26. Wanderversammlung ungarische Ärzte und Naturforscher (Brassó, 1892). <br /><strong>Irod.:</strong> Győry; LSS; Szabó–Szögi; Szinnyei; Szinnyei József; Szinnyei József – Sz. J.</br></p>

<p>Segesvár, 1818. nov. 18., † Brassó, 1901. febr. 25 : orvosdoktor. – A középiskolát szülővárosában (1837), az egyetemet Bécsben végezte (1839–1845); szülészorvosi magiszter (1846); sebészetből és szemészetből doktorált (1847) és ugyanekkor letelepedett Brassóban. Brassóban törvényszéki orvos (1853–62, 1872–76), városi tiszti főorvos (1877–98), a szemészeti kórház igazgatója (1972–95). Kitüntetései: Arany Érdemkereszt Koronával és Ferenc József Lovagkereszt érdemrenddel. [&hellip;]</p>
