{"id":7549,"date":"2025-06-29T09:55:52","date_gmt":"2025-06-29T07:55:52","guid":{"rendered":"https:\/\/uj.adatbank.ro\/lexikon\/termek\/fabritius-karl-fabritius-carl-fabritius-karoly\/"},"modified":"2025-06-29T09:55:52","modified_gmt":"2025-06-29T07:55:52","slug":"fabritius-karl-fabritius-carl-fabritius-karoly","status":"publish","type":"product","link":"https:\/\/uj.adatbank.ro\/lexikon\/termek\/fabritius-karl-fabritius-carl-fabritius-karoly\/","title":{"rendered":"FABRITIUS Karl, Fabritius Carl, Fabritius K\u00e1roly"},"content":{"rendered":"<p>Segesv\u00e1r, 1826. okt. 28., \u2020 Bp, 1881. febr. 2. sz\u00fcl\u0151v\u00e1ros\u00e1ban temett\u00e9k: ev lelk\u00e9sz, tan\u00e1r, t\u00f6rt\u00e9n\u00e9sz. \u2013 A gimn. -ot sz\u00fcl\u0151v\u00e1rosban v\u00e9gezte (1847), teol\u00f3gi\u00e1t (1847\u201349), klasszikus filol\u00f3gi\u00e1t \u00e9s t\u00f6rt\u00e9nelmet tanult Lipcs\u00e9ben \u00e9s B\u00e9csben. Tanulm\u00e1nyutj\u00e1n N\u00e9meto.-ban, Sz\u00e1szo.-ban, Berlinben, a Rajnament\u00e9n kutatta a 12. sz. &#8211; ban Magyaro.-ra kiv\u00e1ndorolt sz\u00e1szok nyomait. B\u00e9cs, Pozsony, Nagyszeben ut\u00e1n (1850 okt. \u2013), Segesv\u00e1ron tev\u00e9kenykedik mint tan\u00e1r (1855\u2013). Tan\u00e1rt\u00e1rsaival \u00e9s Schuller Mih\u00e1ly f\u0151pap eln\u00f6klete alatt megalap\u00edtott\u00e1k a Verein f\u00fcr Siebenb\u00fcrgische Landeskunde vid\u00e9ki oszt\u00e1ly\u00e1t; emellett ev. m\u00e1sodlelk\u00e9ssz\u00e9 v\u00e1lasztott\u00e1k Segesv\u00e1ron (1855\u2013), majd els\u0151 seg\u00e9dlelk\u00e9sz (1865\u201368). Sz\u00e1szapoldon lelk\u00e9sz (1868\u201379). Ogy.-i k\u00e9pvisel\u0151 Bp.-en (1872\u201375, 1875\u201378), el\u0151bb De\u00e1k- p\u00e1rti, majd szabadelv\u0171 programmal, \u00edgy idej\u00e9nek nagyr\u00e9sz\u00e9t a f\u0151v\u00e1rosban t\u00f6lt\u00f6tte hal\u00e1l\u00e1ig. Tev\u00e9kenyen r\u00e9szt vett a politikai \u00e9letben, a hatvanas \u00e9vekben egyik vez\u00e9re volt az ifj\u00fa sz\u00e1szok hazafias p\u00e1rtj\u00e1nak. A sz\u00e1sz konziszt\u00f3rium nem n\u00e9zte j\u00f3 szemmel politikai tev\u00e9kenys\u00e9g\u00e9t, t\u00e1mad\u00e1soknak kit\u00e9ve lemondott papi hivat\u00e1s\u00e1r\u00f3l (1879), hogy t\u00f6rt\u00e9nelmi kutat\u00e1sainak szentelje idej\u00e9t. A MTA megv\u00e1lasztotta levelez\u0151 tagj\u00e1nak (1872). Bp.-en halt meg v\u00e9letlen szerencs\u00e9tlens\u00e9g k\u00f6vetkezt\u00e9ben. Gy\u0151ry Vilmos tartott f\u00f6l\u00f6tte b\u00facs\u00fabesz\u00e9det, a MTA \u2013\u00e1n Kozma Ferenc eml\u00e9kezett meg r\u00f3la (1883. \u00e1pr. 3.). A Siebenb\u00fcrger Bot\u00e9 szerk. (1850. aug. -szept). A t\u00f6rt\u00e9net\u00edr\u00e1s ter\u00e9n kiv\u00e1l\u00f3 munk\u00e1ss\u00e1got fejtett ki. Erd\u00e9ly 15. \u2013 18. sz.-i m\u0171vel\u0151d\u00e9s \u00e9s politikai t\u00f6rt\u00e9nelm\u00e9t kutatta. T\u00f6rt\u00e9nelmi cikkei, \u00e9rtekez\u00e9sei \u00e9s egy\u00e9bb k\u00f6zlem\u00e9nyei jelentek meg hazai \u00e9s k\u00fclf\u00f6di lapokban: Archiv des Vereins f\u00fcr sieben\u00adb\u00fcrgische Landeskunde. A nyomtat\u00e1sban megjelent m\u0171vein kiv\u00fcl k\u00e9zirat ban maradt tanulm\u00e1nyait a nagyszebeni \u00c1llami Lev\u00e9lt\u00e1r \u0151rzi. \u2013 <strong>F. m.:<\/strong> Der Process des Sch\u00e4ssb\u00fcrger B\u00fcrgermeisters Johann Schuller von Rosenthal (Wien, 1852); Siebenb\u00fcrgische Chronik des Sch\u00e4ssburger Stadschreibers Georg Kraus 1608\u20131665 (Wien, 1662, 1664); Die Beachtenswerthe Mahnung des Vereins der Gustav-Adolf Stiftung an die kleinen, Leute welche grosse Ziele erreichen wollen (Sch\u00e4ssburg, 1871); Rede, gehalten \u00fcber den Personalerwerbsteuer-Gesetz entwurf in der Unterhaussitzung von 17. M\u00e4rz 1873 (Bp., 1873); Urkundenbuch zur Geschichte des Kisder Kapitels vor der Reformation und der auf dem Gebiete des selben ehedem befindlichen Orden (Hermannstadt, 1875); Pemfflicher Mark sz\u00e1sz gr\u00f3f \u00e9lete k\u00fcl\u00f6n\u00f6s tekintettel a reform\u00e1tio elterjed\u00e9s\u00e9re az erd\u00e9lyi sz\u00e1szok k\u00f6z\u00f6tt (Bp, 1875); Erd\u00e9lynek Honter J\u00e1nos \u00e1ltal k\u00e9sz\u00edtett t\u00e9rk\u00e9pe 1532-b\u0151l (Bp., 1878; \u00faj kiad.: \u00d3don Erd\u00e9ly, I. Szerk. Sas P\u00e9ter. Bp., 1986); k\u00e9zirata: Repertorium zur Geschichte Siebenb\u00fcrgens; Die Geschichte des Jesuiten Ordens in Siebenb\u00fcrgen; Die Reverse s\u00e4chsische St\u00e4dte f\u00fcr Georg R\u00e1k\u00f3czi I.; Verhandlungen der Hermannst\u00e4dter wege Abretung einer Kirche an die Katolike; Zur Herkunft der Sachsen in Siebenb\u00fcrgen; Johann Hunyadi\u2019s Leben; Aufstand der Siebenb\u00fcrger gegen K\u00f6nig Mathias 1467. <br \/><strong>Irod.:<\/strong> Eml\u00e9kbesz\u00e9dek a MTA tagjai felett (Bp., 1904); F\u00fcl\u00f6p\u2013Ferencz; Kar\u00e1csonyi J\u00e1nos: Magyaro egyh\u00e1zt\u00f6rt\u00e9nete f\u0151bb vonatkoz\u00e1saiban 970\u20131900 (Nagyv\u00e1rad, 1906); Kozma Ferenc: Eml\u00e9kbesz\u00e9d F. K. levelez\u0151tag felett (Bp., 1883); LSS; M\u00c9L; MNL; Szab\u00f3\u2013Sz\u00f6gi; Szinnyei; Szinnyei J\u00f3zsef; Todea 2013; \u00daM\u00c9L; Zov\u00e1nyi<\/br><\/p>\n","protected":false},"excerpt":{"rendered":"<p>Segesv\u00e1r, 1826. okt. 28., \u2020 Bp, 1881. febr. 2. sz\u00fcl\u0151v\u00e1ros\u00e1ban temett\u00e9k: ev lelk\u00e9sz, tan\u00e1r, t\u00f6rt\u00e9n\u00e9sz. \u2013 A gimn. -ot sz\u00fcl\u0151v\u00e1rosban v\u00e9gezte (1847), teol\u00f3gi\u00e1t (1847\u201349), klasszikus filol\u00f3gi\u00e1t \u00e9s t\u00f6rt\u00e9nelmet tanult Lipcs\u00e9ben \u00e9s B\u00e9csben. Tanulm\u00e1nyutj\u00e1n N\u00e9meto.-ban, Sz\u00e1szo.-ban, Berlinben, a Rajnament\u00e9n kutatta a 12. sz. &#8211; ban Magyaro.-ra kiv\u00e1ndorolt sz\u00e1szok nyomait. B\u00e9cs, Pozsony, Nagyszeben ut\u00e1n (1850 okt. \u2013), [&hellip;]<\/p>\n","protected":false},"featured_media":0,"comment_status":"open","ping_status":"closed","template":"","meta":[],"product_brand":[],"product_cat":[137],"product_tag":[],"class_list":{"0":"post-7549","1":"product","2":"type-product","3":"status-publish","5":"product_cat-maros-megyei-eletrajzi-lexikon","7":"first","8":"instock","9":"shipping-taxable","10":"product-type-simple"},"_links":{"self":[{"href":"https:\/\/uj.adatbank.ro\/lexikon\/wp-json\/wp\/v2\/product\/7549","targetHints":{"allow":["GET"]}}],"collection":[{"href":"https:\/\/uj.adatbank.ro\/lexikon\/wp-json\/wp\/v2\/product"}],"about":[{"href":"https:\/\/uj.adatbank.ro\/lexikon\/wp-json\/wp\/v2\/types\/product"}],"replies":[{"embeddable":true,"href":"https:\/\/uj.adatbank.ro\/lexikon\/wp-json\/wp\/v2\/comments?post=7549"}],"wp:attachment":[{"href":"https:\/\/uj.adatbank.ro\/lexikon\/wp-json\/wp\/v2\/media?parent=7549"}],"wp:term":[{"taxonomy":"product_brand","embeddable":true,"href":"https:\/\/uj.adatbank.ro\/lexikon\/wp-json\/wp\/v2\/product_brand?post=7549"},{"taxonomy":"product_cat","embeddable":true,"href":"https:\/\/uj.adatbank.ro\/lexikon\/wp-json\/wp\/v2\/product_cat?post=7549"},{"taxonomy":"product_tag","embeddable":true,"href":"https:\/\/uj.adatbank.ro\/lexikon\/wp-json\/wp\/v2\/product_tag?post=7549"}],"curies":[{"name":"wp","href":"https:\/\/api.w.org\/{rel}","templated":true}]}}

FABRITIUS Karl, Fabritius Carl, Fabritius Károly

<p>Segesvár, 1826. okt. 28., † Bp, 1881. febr. 2. szülővárosában temették: ev lelkész, tanár, történész. – A gimn. -ot szülővárosban végezte (1847), teológiát (1847–49), klasszikus filológiát és történelmet tanult Lipcsében és Bécsben. Tanulmányutján Németo.-ban, Szászo.-ban, Berlinben, a Rajnamentén kutatta a 12. sz. &#8211; ban Magyaro.-ra kivándorolt szászok nyomait. Bécs, Pozsony, Nagyszeben után (1850 okt. –), Segesváron tevékenykedik mint tanár (1855–). Tanártársaival és Schuller Mihály főpap elnöklete alatt megalapították a Verein für Siebenbürgische Landeskunde vidéki osztályát; emellett ev. másodlelkésszé választották Segesváron (1855–), majd első segédlelkész (1865–68). Szászapoldon lelkész (1868–79). Ogy.-i képviselő Bp.-en (1872–75, 1875–78), előbb Deák- párti, majd szabadelvű programmal, így idejének nagyrészét a fővárosban töltötte haláláig. Tevékenyen részt vett a politikai életben, a hatvanas években egyik vezére volt az ifjú szászok hazafias pártjának. A szász konzisztórium nem nézte jó szemmel politikai tevékenységét, támadásoknak kitéve lemondott papi hivatásáról (1879), hogy történelmi kutatásainak szentelje idejét. A MTA megválasztotta levelező tagjának (1872). Bp.-en halt meg véletlen szerencsétlenség következtében. Győry Vilmos tartott fölötte búcsúbeszédet, a MTA –án Kozma Ferenc emlékezett meg róla (1883. ápr. 3.). A Siebenbürger Boté szerk. (1850. aug. -szept). A történetírás terén kiváló munkásságot fejtett ki. Erdély 15. – 18. sz.-i művelődés és politikai történelmét kutatta. Történelmi cikkei, értekezései és egyébb közleményei jelentek meg hazai és külfödi lapokban: Archiv des Vereins für sieben­bürgische Landeskunde. A nyomtatásban megjelent művein kivül kézirat ban maradt tanulmányait a nagyszebeni Állami Levéltár őrzi. – <strong>F. m.:</strong> Der Process des Schässbürger Bürgermeisters Johann Schuller von Rosenthal (Wien, 1852); Siebenbürgische Chronik des Schässburger Stadschreibers Georg Kraus 1608–1665 (Wien, 1662, 1664); Die Beachtenswerthe Mahnung des Vereins der Gustav-Adolf Stiftung an die kleinen, Leute welche grosse Ziele erreichen wollen (Schässburg, 1871); Rede, gehalten über den Personalerwerbsteuer-Gesetz entwurf in der Unterhaussitzung von 17. März 1873 (Bp., 1873); Urkundenbuch zur Geschichte des Kisder Kapitels vor der Reformation und der auf dem Gebiete des selben ehedem befindlichen Orden (Hermannstadt, 1875); Pemfflicher Mark szász gróf élete különös tekintettel a reformátio elterjedésére az erdélyi szászok között (Bp, 1875); Erdélynek Honter János által készített térképe 1532-ből (Bp., 1878; új kiad.: Ódon Erdély, I. Szerk. Sas Péter. Bp., 1986); kézirata: Repertorium zur Geschichte Siebenbürgens; Die Geschichte des Jesuiten Ordens in Siebenbürgen; Die Reverse sächsische Städte für Georg Rákóczi I.; Verhandlungen der Hermannstädter wege Abretung einer Kirche an die Katolike; Zur Herkunft der Sachsen in Siebenbürgen; Johann Hunyadi’s Leben; Aufstand der Siebenbürger gegen König Mathias 1467. <br /><strong>Irod.:</strong> Emlékbeszédek a MTA tagjai felett (Bp., 1904); Fülöp–Ferencz; Karácsonyi János: Magyaro egyháztörténete főbb vonatkozásaiban 970–1900 (Nagyvárad, 1906); Kozma Ferenc: Emlékbeszéd F. K. levelezőtag felett (Bp., 1883); LSS; MÉL; MNL; Szabó–Szögi; Szinnyei; Szinnyei József; Todea 2013; ÚMÉL; Zoványi</br></p>

<p>Segesvár, 1826. okt. 28., † Bp, 1881. febr. 2. szülővárosában temették: ev lelkész, tanár, történész. – A gimn. -ot szülővárosban végezte (1847), teológiát (1847–49), klasszikus filológiát és történelmet tanult Lipcsében és Bécsben. Tanulmányutján Németo.-ban, Szászo.-ban, Berlinben, a Rajnamentén kutatta a 12. sz. &#8211; ban Magyaro.-ra kivándorolt szászok nyomait. Bécs, Pozsony, Nagyszeben után (1850 okt. –), [&hellip;]</p>
