{"id":7550,"date":"2025-06-29T09:55:54","date_gmt":"2025-06-29T07:55:54","guid":{"rendered":"https:\/\/uj.adatbank.ro\/lexikon\/termek\/fabritius-simon\/"},"modified":"2025-06-29T09:55:54","modified_gmt":"2025-06-29T07:55:54","slug":"fabritius-simon","status":"publish","type":"product","link":"https:\/\/uj.adatbank.ro\/lexikon\/termek\/fabritius-simon\/","title":{"rendered":"FABRITIUS Simon"},"content":{"rendered":"<p>? \u2020\u00a01706.: iskolarektor. \u2013 A sz\u00e1szk\u00e9zdi iskola rektora. A l\u00e1zad\u00f3k \u00e9l\u00e9n \u00e1llt, a felkel\u0151k sz\u00f3sz\u00f3l\u00f3ja, amikor Sz\u00e1szk\u00e9zd mez\u0151v\u00e1ros fell\u00e1zadt Segesv\u00e1r ellen az ad\u00f3terhek ellen (1673). A mozgalmat elfojtott\u00e1k \u00e9s t\u00f6rv\u00e9ny el\u00e9 \u00e1ll\u00edtott\u00e1k, meg kellett volna halnia, de t\u00f6bb vil\u00e1gi \u00e9s egyh\u00e1zi \u00far k\u00f6zbenj\u00e1r\u00e1s\u00e1ra megkegyelmeztek neki. <br \/><strong>Irod.:<\/strong> Kraus: Erd\u00e9lyi kr\u00f3nika<\/br><\/p>\n","protected":false},"excerpt":{"rendered":"<p>? \u2020\u00a01706.: iskolarektor. \u2013 A sz\u00e1szk\u00e9zdi iskola rektora. A l\u00e1zad\u00f3k \u00e9l\u00e9n \u00e1llt, a felkel\u0151k sz\u00f3sz\u00f3l\u00f3ja, amikor Sz\u00e1szk\u00e9zd mez\u0151v\u00e1ros fell\u00e1zadt Segesv\u00e1r ellen az ad\u00f3terhek ellen (1673). A mozgalmat elfojtott\u00e1k \u00e9s t\u00f6rv\u00e9ny el\u00e9 \u00e1ll\u00edtott\u00e1k, meg kellett volna halnia, de t\u00f6bb vil\u00e1gi \u00e9s egyh\u00e1zi \u00far k\u00f6zbenj\u00e1r\u00e1s\u00e1ra megkegyelmeztek neki. Irod.: Kraus: Erd\u00e9lyi kr\u00f3nika<\/p>\n","protected":false},"featured_media":0,"comment_status":"open","ping_status":"closed","template":"","meta":[],"product_brand":[],"product_cat":[137],"product_tag":[],"class_list":{"0":"post-7550","1":"product","2":"type-product","3":"status-publish","5":"product_cat-maros-megyei-eletrajzi-lexikon","7":"first","8":"instock","9":"shipping-taxable","10":"product-type-simple"},"_links":{"self":[{"href":"https:\/\/uj.adatbank.ro\/lexikon\/wp-json\/wp\/v2\/product\/7550","targetHints":{"allow":["GET"]}}],"collection":[{"href":"https:\/\/uj.adatbank.ro\/lexikon\/wp-json\/wp\/v2\/product"}],"about":[{"href":"https:\/\/uj.adatbank.ro\/lexikon\/wp-json\/wp\/v2\/types\/product"}],"replies":[{"embeddable":true,"href":"https:\/\/uj.adatbank.ro\/lexikon\/wp-json\/wp\/v2\/comments?post=7550"}],"wp:attachment":[{"href":"https:\/\/uj.adatbank.ro\/lexikon\/wp-json\/wp\/v2\/media?parent=7550"}],"wp:term":[{"taxonomy":"product_brand","embeddable":true,"href":"https:\/\/uj.adatbank.ro\/lexikon\/wp-json\/wp\/v2\/product_brand?post=7550"},{"taxonomy":"product_cat","embeddable":true,"href":"https:\/\/uj.adatbank.ro\/lexikon\/wp-json\/wp\/v2\/product_cat?post=7550"},{"taxonomy":"product_tag","embeddable":true,"href":"https:\/\/uj.adatbank.ro\/lexikon\/wp-json\/wp\/v2\/product_tag?post=7550"}],"curies":[{"name":"wp","href":"https:\/\/api.w.org\/{rel}","templated":true}]}}

<p>? † 1706.: iskolarektor. – A szászkézdi iskola rektora. A lázadók élén állt, a felkelők szószólója, amikor Szászkézd mezőváros fellázadt Segesvár ellen az adóterhek ellen (1673). A mozgalmat elfojtották és törvény elé állították, meg kellett volna halnia, de több világi és egyházi úr közbenjárására megkegyelmeztek neki. <br /><strong>Irod.:</strong> Kraus: Erdélyi krónika</br></p>

<p>? † 1706.: iskolarektor. – A szászkézdi iskola rektora. A lázadók élén állt, a felkelők szószólója, amikor Szászkézd mezőváros fellázadt Segesvár ellen az adóterhek ellen (1673). A mozgalmat elfojtották és törvény elé állították, meg kellett volna halnia, de több világi és egyházi úr közbenjárására megkegyelmeztek neki. Irod.: Kraus: Erdélyi krónika</p>
