{"id":7554,"date":"2025-06-29T09:56:03","date_gmt":"2025-06-29T07:56:03","guid":{"rendered":"https:\/\/uj.adatbank.ro\/lexikon\/termek\/fagarasan-maria\/"},"modified":"2025-06-29T09:56:03","modified_gmt":"2025-06-29T07:56:03","slug":"fagarasan-maria","status":"publish","type":"product","link":"https:\/\/uj.adatbank.ro\/lexikon\/termek\/fagarasan-maria\/","title":{"rendered":"F\u0102G\u0102R\u0102\u015eAN Maria"},"content":{"rendered":"<p>1939., \u2020 Mv., 1987\u00a0: vegy\u00e9sz. \u2013 A MOGYI. adjunktusa. <br \/><strong>Irod.:<\/strong> Sz\u00f6ll\u0151si 2009; <\/br><\/p>\n","protected":false},"excerpt":{"rendered":"<p>1939., \u2020 Mv., 1987\u00a0: vegy\u00e9sz. \u2013 A MOGYI. adjunktusa. Irod.: Sz\u00f6ll\u0151si 2009;<\/p>\n","protected":false},"featured_media":0,"comment_status":"open","ping_status":"closed","template":"","meta":[],"product_brand":[],"product_cat":[137],"product_tag":[],"class_list":{"0":"post-7554","1":"product","2":"type-product","3":"status-publish","5":"product_cat-maros-megyei-eletrajzi-lexikon","7":"first","8":"instock","9":"shipping-taxable","10":"product-type-simple"},"_links":{"self":[{"href":"https:\/\/uj.adatbank.ro\/lexikon\/wp-json\/wp\/v2\/product\/7554","targetHints":{"allow":["GET"]}}],"collection":[{"href":"https:\/\/uj.adatbank.ro\/lexikon\/wp-json\/wp\/v2\/product"}],"about":[{"href":"https:\/\/uj.adatbank.ro\/lexikon\/wp-json\/wp\/v2\/types\/product"}],"replies":[{"embeddable":true,"href":"https:\/\/uj.adatbank.ro\/lexikon\/wp-json\/wp\/v2\/comments?post=7554"}],"wp:attachment":[{"href":"https:\/\/uj.adatbank.ro\/lexikon\/wp-json\/wp\/v2\/media?parent=7554"}],"wp:term":[{"taxonomy":"product_brand","embeddable":true,"href":"https:\/\/uj.adatbank.ro\/lexikon\/wp-json\/wp\/v2\/product_brand?post=7554"},{"taxonomy":"product_cat","embeddable":true,"href":"https:\/\/uj.adatbank.ro\/lexikon\/wp-json\/wp\/v2\/product_cat?post=7554"},{"taxonomy":"product_tag","embeddable":true,"href":"https:\/\/uj.adatbank.ro\/lexikon\/wp-json\/wp\/v2\/product_tag?post=7554"}],"curies":[{"name":"wp","href":"https:\/\/api.w.org\/{rel}","templated":true}]}}