{"id":7556,"date":"2025-06-29T09:56:06","date_gmt":"2025-06-29T07:56:06","guid":{"rendered":"https:\/\/uj.adatbank.ro\/lexikon\/termek\/fagarasanu-dimitrie-ioan-fagarasanu-dumitru-fogarasi-demeter-fogarasy-demeter-fogarsi-demetriu-fogarsi-dumitru\/"},"modified":"2025-06-29T09:56:06","modified_gmt":"2025-06-29T07:56:06","slug":"fagarasanu-dimitrie-ioan-fagarasanu-dumitru-fogarasi-demeter-fogarasy-demeter-fogarsi-demetriu-fogarsi-dumitru","status":"publish","type":"product","link":"https:\/\/uj.adatbank.ro\/lexikon\/termek\/fagarasanu-dimitrie-ioan-fagarasanu-dumitru-fogarasi-demeter-fogarasy-demeter-fogarsi-demetriu-fogarsi-dumitru\/","title":{"rendered":"F\u0102G\u0102R\u0102\u015eANU, Dimitrie Ioan, F\u0103g\u0103r\u0103\u015fanu Dumitru; Fogarasi Demeter, Fogarasy Demeter, Fogarsi Demetriu, Fogarsi Dumitru"},"content":{"rendered":"<p>Marosliget, 1800., \u2020 Mv., 1879. m\u00e1j. 24.: keresked\u0151, birtokos \u00e9s v\u00e1rosi k\u00e9pvisel\u0151, forradalm\u00e1r, mec\u00e9n\u00e1s. \u2013 Germekei: Fogarasi D\u00f6me, feles\u00e9ge: Dinstl Jeanette; Fogarasi Rudolf. \u2013 Gimn. -ot v\u00e9gzett. Mv.-en keresked\u0151 (1842\u2013), a t\u00f6rv\u00e9nysz\u00e9ken kereskedelmi \u00fcln\u00f6k, f\u00f6ldbirtokos. Vagyonos emberk\u00e9nt f\u0171szerkeresked\u00e9se \u00e9s emeletes h\u00e1za volt Mv. f\u0151ter\u00e9n, tiszts\u00e9get t\u00f6lt\u00f6tt be a t\u00f6rv\u00e9nysz\u00e9ken \u00e9s a v\u00e1ros el\u0151lj\u00e1r\u00f3s\u00e1g\u00e1ban 2 illetve 4 \u00e9vig. A rom\u00e1n nemzeti kult\u00fara t\u00e1mogat\u00f3ja, j\u00f3t\u00e9konykodott, egyetemist\u00e1knak \u00f6szt\u00f6nd\u00edjat biztos\u00edtott \u00e9s a szeg\u00e9ny de tanulni akar\u00f3 fiataloknak, \u00fajs\u00e1gokat \u00e9s tud. t\u00e1rsas\u00e1gokat seg\u00edtett. R\u00e9szt vett a bal\u00e1zsfalvi naggy\u0171l\u00e9sen (1848. m\u00e1j. 3\/15), a bal\u00e1zsfalvi rom\u00e1n nemzeti k\u00f6vetel\u00e9sekkel a cs\u00e1sz\u00e1rn\u00e1l k\u00f6vets\u00e9gben j\u00e1rt k\u00fcld\u00f6tts\u00e9g tagja (1848). Azzal v\u00e1dolt\u00e1k, hogy nagymennyis\u00e9g\u0171 l\u0151port dugdos \u00e9s titokban a rom\u00e1n nemzetis\u00e9g\u0171eknek osztogatja (1848. szept. 21.), a l\u0151port elkobozt\u00e1k, r\u00f6vid ideig Mv.-en fogvatartott\u00e1k, a v\u00e1rosi tan\u00e1cs felmentette, ezt Mik\u00f3 Imre is j\u00f3v\u00e1hagyta. \u00dczlet\u00e9t kifosztott\u00e1k \u00e9s feld\u00falt\u00e1k (1848. dec. 9.). Az osztr\u00e1k csapatokkal elhagyta a v\u00e1rost (1849. jan.), fellelt\u00e1rozt\u00e1k \u00e9s elkobozt\u00e1k javait \u00e9s \u00e1rver\u00e9sen \u00e9rt\u00e9kes\u00edtett\u00e9k a v\u00e1ros allodi\u00e1lis kassz\u00e1ja jav\u00e1ra (1849. febr.). Visszat\u00e9rt Mv. -re, \u00fajb\u00f3l megvagyonosodott. Az Albina Bank r\u00e9szv\u00e9nyeseinek egyike (1872), az Astra mv.-i fi\u00f3kj\u00e1nak alap\u00edt\u00f3 tagja (1876\u2013). R\u00e9szt vett Szebenben a Nemzeti Kongresszuson (1863). Eln\u00f6ke volt annak a bizotts\u00e1gnak, amely a 28 vagyonfosztott t\u00f3falvi csal\u00e1dot seg\u00edtette meg. <br \/><strong>Irod.:<\/strong> 1848\u20131849 Marossz\u00e9k; Gy\u00e1szjelent\u0151; Id\u0151t\u00e1r 2; P\u00e1l-Antal 2009; Traian Popa: Tg. M.; Transilvania 1848\u201349; Profiluri mure\u015fene. 2.; Todea 2013<\/br><\/p>\n","protected":false},"excerpt":{"rendered":"<p>Marosliget, 1800., \u2020 Mv., 1879. m\u00e1j. 24.: keresked\u0151, birtokos \u00e9s v\u00e1rosi k\u00e9pvisel\u0151, forradalm\u00e1r, mec\u00e9n\u00e1s. \u2013 Germekei: Fogarasi D\u00f6me, feles\u00e9ge: Dinstl Jeanette; Fogarasi Rudolf. \u2013 Gimn. -ot v\u00e9gzett. Mv.-en keresked\u0151 (1842\u2013), a t\u00f6rv\u00e9nysz\u00e9ken kereskedelmi \u00fcln\u00f6k, f\u00f6ldbirtokos. Vagyonos emberk\u00e9nt f\u0171szerkeresked\u00e9se \u00e9s emeletes h\u00e1za volt Mv. f\u0151ter\u00e9n, tiszts\u00e9get t\u00f6lt\u00f6tt be a t\u00f6rv\u00e9nysz\u00e9ken \u00e9s a v\u00e1ros el\u0151lj\u00e1r\u00f3s\u00e1g\u00e1ban 2 illetve [&hellip;]<\/p>\n","protected":false},"featured_media":0,"comment_status":"open","ping_status":"closed","template":"","meta":[],"product_brand":[],"product_cat":[137],"product_tag":[],"class_list":{"0":"post-7556","1":"product","2":"type-product","3":"status-publish","5":"product_cat-maros-megyei-eletrajzi-lexikon","7":"first","8":"instock","9":"shipping-taxable","10":"product-type-simple"},"_links":{"self":[{"href":"https:\/\/uj.adatbank.ro\/lexikon\/wp-json\/wp\/v2\/product\/7556","targetHints":{"allow":["GET"]}}],"collection":[{"href":"https:\/\/uj.adatbank.ro\/lexikon\/wp-json\/wp\/v2\/product"}],"about":[{"href":"https:\/\/uj.adatbank.ro\/lexikon\/wp-json\/wp\/v2\/types\/product"}],"replies":[{"embeddable":true,"href":"https:\/\/uj.adatbank.ro\/lexikon\/wp-json\/wp\/v2\/comments?post=7556"}],"wp:attachment":[{"href":"https:\/\/uj.adatbank.ro\/lexikon\/wp-json\/wp\/v2\/media?parent=7556"}],"wp:term":[{"taxonomy":"product_brand","embeddable":true,"href":"https:\/\/uj.adatbank.ro\/lexikon\/wp-json\/wp\/v2\/product_brand?post=7556"},{"taxonomy":"product_cat","embeddable":true,"href":"https:\/\/uj.adatbank.ro\/lexikon\/wp-json\/wp\/v2\/product_cat?post=7556"},{"taxonomy":"product_tag","embeddable":true,"href":"https:\/\/uj.adatbank.ro\/lexikon\/wp-json\/wp\/v2\/product_tag?post=7556"}],"curies":[{"name":"wp","href":"https:\/\/api.w.org\/{rel}","templated":true}]}}

FĂGĂRĂŞANU, Dimitrie Ioan, Făgărăşanu Dumitru; Fogarasi Demeter, Fogarasy Demeter, Fogarsi Demetriu, Fogarsi Dumitru

<p>Marosliget, 1800., † Mv., 1879. máj. 24.: kereskedő, birtokos és városi képviselő, forradalmár, mecénás. – Germekei: Fogarasi Döme, felesége: Dinstl Jeanette; Fogarasi Rudolf. – Gimn. -ot végzett. Mv.-en kereskedő (1842–), a törvényszéken kereskedelmi ülnök, földbirtokos. Vagyonos emberként fűszerkereskedése és emeletes háza volt Mv. főterén, tisztséget töltött be a törvényszéken és a város előljáróságában 2 illetve 4 évig. A román nemzeti kultúra támogatója, jótékonykodott, egyetemistáknak ösztöndíjat biztosított és a szegény de tanulni akaró fiataloknak, újságokat és tud. társaságokat segített. Részt vett a balázsfalvi naggyűlésen (1848. máj. 3/15), a balázsfalvi román nemzeti követelésekkel a császárnál követségben járt küldöttség tagja (1848). Azzal vádolták, hogy nagymennyiségű lőport dugdos és titokban a román nemzetiségűeknek osztogatja (1848. szept. 21.), a lőport elkobozták, rövid ideig Mv.-en fogvatartották, a városi tanács felmentette, ezt Mikó Imre is jóváhagyta. Üzletét kifosztották és feldúlták (1848. dec. 9.). Az osztrák csapatokkal elhagyta a várost (1849. jan.), felleltározták és elkobozták javait és árverésen értékesítették a város allodiális kasszája javára (1849. febr.). Visszatért Mv. -re, újból megvagyonosodott. Az Albina Bank részvényeseinek egyike (1872), az Astra mv.-i fiókjának alapító tagja (1876–). Részt vett Szebenben a Nemzeti Kongresszuson (1863). Elnöke volt annak a bizottságnak, amely a 28 vagyonfosztott tófalvi családot segítette meg. <br /><strong>Irod.:</strong> 1848–1849 Marosszék; Gyászjelentő; Időtár 2; Pál-Antal 2009; Traian Popa: Tg. M.; Transilvania 1848–49; Profiluri mureşene. 2.; Todea 2013</br></p>

<p>Marosliget, 1800., † Mv., 1879. máj. 24.: kereskedő, birtokos és városi képviselő, forradalmár, mecénás. – Germekei: Fogarasi Döme, felesége: Dinstl Jeanette; Fogarasi Rudolf. – Gimn. -ot végzett. Mv.-en kereskedő (1842–), a törvényszéken kereskedelmi ülnök, földbirtokos. Vagyonos emberként fűszerkereskedése és emeletes háza volt Mv. főterén, tisztséget töltött be a törvényszéken és a város előljáróságában 2 illetve [&hellip;]</p>
