{"id":7558,"date":"2025-06-29T09:56:09","date_gmt":"2025-06-29T07:56:09","guid":{"rendered":"https:\/\/uj.adatbank.ro\/lexikon\/termek\/faliboga-ioan-%c2%a7\/"},"modified":"2025-06-29T09:56:09","modified_gmt":"2025-06-29T07:56:09","slug":"faliboga-ioan-%c2%a7","status":"publish","type":"product","link":"https:\/\/uj.adatbank.ro\/lexikon\/termek\/faliboga-ioan-%c2%a7\/","title":{"rendered":"FALIBOGA Ioan, \u00a7"},"content":{"rendered":"<p>Vl\u0103s\u0103ne\u015fti, v. Ungureni (Dorohoi), 1905. m\u00e1j. 28. \u2020 Szamos\u00fajv\u00e1r, 1963. aug. 1.: katonatiszt, tan\u00edt\u00f3, hivatalnok. \u2013 Az erd\u00e9lyi kommunistaellenes mozgalom egyik szervez\u0151je \u00e9s vezet\u0151je. Mv. -re \u00e9rkezett Moldv\u00e1b\u00f3l. Drekulyatelepre, B\u00e1nd k\u00f6zs\u00e9gbe helyezt\u00e9k, ahol \u0151 volt az els\u0151 rom\u00e1n tan\u00edt\u00f3. A helyi lakosok seg\u00edts\u00e9g\u00e9vel iskol\u00e1t \u00e9p\u00edttetett (1924\u2013). Mv.-en tan\u00edt\u00f3 (1938\u201339). Besorozt\u00e1k katon\u00e1nak, \u0151rnagyi rangot szerzett. Elhagyta a v\u00e1rost (1940\u2013), a II. vh. alatt Besszar\u00e1bi\u00e1ban teljes\u00edtett katonai szolg\u00e1latot. H\u0151siess\u00e9g\u00e9t k\u00fcl\u00f6nb\u00f6z\u0151 kit\u00fcntet\u00e9sekkel jutalmazt\u00e1k. Visszatelepedett Mv. -re, a 6. sz. Remeteszegi iskola igazgat\u00f3ja (1944\u201345; 1949\u201352), majd tan\u00e1ra (1948\u201349), a 2. sz. iskola igazgat\u00f3ja (1945\u201348); katonatiszt, majd tisztvisel\u0151, a tartom\u00e1nyi N\u00e9ptan\u00e1csn\u00e1l oszt\u00e1lyvezet\u0151; megalak\u00edtotta az Avram Iancu szervezetet (1953). A magyaro.-i 1956-os forradalom hat\u00e1s\u00e1ra titkos antikommunista ellen\u00e1ll\u00e1si csoportok szervezkedtek, Maros megy\u00e9ben jelent\u0151sebbek voltak: a Faliboga, Kelemen; Veres \u00e9s Fodor csoportosul\u00e1sok. Faliboga m\u00e1r az el\u0151z\u0151 \u00e9vekben megalak\u00edtotta a Nemzeti Felszabad\u00edt\u00f3 Bizotts\u00e1g-ot, akik f\u0151leg jobb \u00e9letk\u00f6r\u00fclm\u00e9nyeket k\u00f6veteltek (1954\u2013), amelynek tagja volt m. r\u00e9szr\u0151l Frunda K\u00e1roly \u00e9s Miholcsa Gyula. A m. forradalom hat\u00e1s\u00e1ra Mv.-en \u00e9s a MAT-ban mozgalom szervez\u00e9s\u00e9be kezdett, amelynek \u00e9l\u00e9n 9 taral\u00e9kos tiszt \u00e9s aliszt \u00e1llott, k\u00f6zt\u00fck M\u00e1jer Gy\u00f6rgy ny. orvos, Ioachim Vlad, tartal\u00e9kos tiszt \u00e9s sokan m\u00e1sok: egykori tisztek \u00e9s katon\u00e1k, tan\u00fcgyi k\u00e1derek, magas rang\u00fa k\u00f6ztiszvisel\u0151k, vas\u00fati alkalmazottak, orvosok, f\u00f6ldm\u0171vesek. Patria 7 n\u00e9ven egy titkos szervezetet hoztak l\u00e9tre, amelynek c\u00e9lja a v\u00e1demel\u00e9se szerint: \u201eaz RNK n\u00e9pi demokratikus rendszer\u00e9nek er\u0151szakos megd\u00f6nt\u00e9se\u201d (1957. m\u00e1rc. 14.). Titkos \u00f6sszej\u00f6veteleket tartottak, tev\u00e9kenys\u00e9g\u00fcket kiterjesztett\u00e9k Brass\u00f3ban, Temesv\u00e1ron \u00e9s Buk.-ben is, mindenhol \u00fajabb tagokat toboroztak \u00e9s nyertek meg az \u00fcgynek. A mozgalom a kommunista rendszer megd\u00f6nt\u00e9s\u00e9nek terv\u00e9t is kidolgozta, bizotts\u00e1gokat szerveztek, amelyek a t\u00e1rsadalmi \u00e9s gazd.-i \u00e9let minden ter\u00fclet\u00e9t fel\u00f6lelt\u00e9k. K\u00fcl\u00f6n Katonai Bizotts\u00e1got is szervezett, amely a megfelel\u0151 pillanatban fegyveres t\u00e1mad\u00e1st is ind\u00edthatott volna a hatalom megszerz\u00e9se \u00e9rdek\u00e9ben (1956). Ellenforradalmi ki\u00e1ltv\u00e1nyt tettek k\u00f6zz\u00e9, amelyet M\u00e1jer Gy\u00f6rgy \u00e9s fia, S\u00e1ndor, ford\u00edtott m. nyelvre, sokszoros\u00edtott\u00e1k \u00e9s terjesztett\u00e9k. A Securitate azonban leleplezte a mozgalmat, 70 szem\u00e9lyt letart\u00f3ztattak (1956. nov.), \u00e9s Mv-en a Katonai \u00dcgy\u00e9szs\u00e9gen 6 katonai \u00fcgy\u00e9sz, 12 b\u0171n\u00fcgyi kivizsg\u00e1l\u00f3 \u00fcgyn\u00f6k h\u00e9t h\u00f3napon kereszt\u00fcl vallatta, k\u00ednozta \u0151ket a 0421-es Katonai Egys\u00e9gn\u00e9l, majd Szebenben Katonai \u00dcgy\u00e9szs\u00e9g el\u00e9 \u00e1ll\u00edtott\u00e1k. A h\u00e1rom vezet\u0151t hal\u00e1lra \u00edt\u00e9lt\u00e9k, amit k\u00e9s\u0151bb v\u00e9gre is hajtottak, a t\u00f6bbi 67 v\u00e1dlott k\u00fcl\u00f6nb\u00f6z\u0151 id\u0151tartam\u00fa b\u00f6rt\u00f6nb\u00fcntet\u00e9st kapott, de Gheorghiu Dej a m\u00e9g \u00e9letben maradottakat kegyelemben r\u00e9szes\u00edtette (1964). Sokan k\u00f6z\u00fcl\u00fck a b\u00f6rt\u00f6nben haltak meg. Letart\u00f3ztatt\u00e1k (1956. nov. 4.) \u00e9s Szebenben \u00e1llam- \u00e9s rendszerellenes izgat\u00e1s v\u00e1dj\u00e1val hal\u00e1lra (1957), m\u00e1s forr\u00e1sok szerint 25 \u00e9v k\u00e9nyszermunk\u00e1ra \u00edt\u00e9lt\u00e9k, amely \u00edt\u00e9letet k\u00e9s\u0151bb 20 \u00e9vi fogs\u00e1gra v\u00e1ltoztattak (1964. aug. 1.-ig). Drekulyatelepen (az \u00f6rd\u00f6gv\u00f6lgyi telepen) az \u00e1ltala \u00e9p\u00edtett iskola fal\u00e1ra eml\u00e9kt\u00e1bl\u00e1t helyeztek, az 1965-os m\u00e1rt\u00edr tisztelet\u00e9re. <br \/><strong>Irod.:<\/strong> \u00c1ldozatok; C. L. (1993. febr. 21.); Balint, Nicolae; Bartos 2012; Dasc\u0103li mure\u015feni, 1.; Dezs\u0151 Istv\u00e1n; Gimnaziul Al. I. Cuza; Id\u0151t\u00e1r 4.; Ioni\u0163oiu; Remeteszeg; Sepsisz\u00e9ki; Standavid-Tam\u00e1si; T\u00f3falvi 5.<\/br><\/p>\n","protected":false},"excerpt":{"rendered":"<p>Vl\u0103s\u0103ne\u015fti, v. Ungureni (Dorohoi), 1905. m\u00e1j. 28. \u2020 Szamos\u00fajv\u00e1r, 1963. aug. 1.: katonatiszt, tan\u00edt\u00f3, hivatalnok. \u2013 Az erd\u00e9lyi kommunistaellenes mozgalom egyik szervez\u0151je \u00e9s vezet\u0151je. Mv. -re \u00e9rkezett Moldv\u00e1b\u00f3l. Drekulyatelepre, B\u00e1nd k\u00f6zs\u00e9gbe helyezt\u00e9k, ahol \u0151 volt az els\u0151 rom\u00e1n tan\u00edt\u00f3. A helyi lakosok seg\u00edts\u00e9g\u00e9vel iskol\u00e1t \u00e9p\u00edttetett (1924\u2013). Mv.-en tan\u00edt\u00f3 (1938\u201339). Besorozt\u00e1k katon\u00e1nak, \u0151rnagyi rangot szerzett. Elhagyta [&hellip;]<\/p>\n","protected":false},"featured_media":0,"comment_status":"open","ping_status":"closed","template":"","meta":[],"product_brand":[],"product_cat":[137],"product_tag":[],"class_list":{"0":"post-7558","1":"product","2":"type-product","3":"status-publish","5":"product_cat-maros-megyei-eletrajzi-lexikon","7":"first","8":"instock","9":"shipping-taxable","10":"product-type-simple"},"_links":{"self":[{"href":"https:\/\/uj.adatbank.ro\/lexikon\/wp-json\/wp\/v2\/product\/7558","targetHints":{"allow":["GET"]}}],"collection":[{"href":"https:\/\/uj.adatbank.ro\/lexikon\/wp-json\/wp\/v2\/product"}],"about":[{"href":"https:\/\/uj.adatbank.ro\/lexikon\/wp-json\/wp\/v2\/types\/product"}],"replies":[{"embeddable":true,"href":"https:\/\/uj.adatbank.ro\/lexikon\/wp-json\/wp\/v2\/comments?post=7558"}],"wp:attachment":[{"href":"https:\/\/uj.adatbank.ro\/lexikon\/wp-json\/wp\/v2\/media?parent=7558"}],"wp:term":[{"taxonomy":"product_brand","embeddable":true,"href":"https:\/\/uj.adatbank.ro\/lexikon\/wp-json\/wp\/v2\/product_brand?post=7558"},{"taxonomy":"product_cat","embeddable":true,"href":"https:\/\/uj.adatbank.ro\/lexikon\/wp-json\/wp\/v2\/product_cat?post=7558"},{"taxonomy":"product_tag","embeddable":true,"href":"https:\/\/uj.adatbank.ro\/lexikon\/wp-json\/wp\/v2\/product_tag?post=7558"}],"curies":[{"name":"wp","href":"https:\/\/api.w.org\/{rel}","templated":true}]}}

<p>Vlăsăneşti, v. Ungureni (Dorohoi), 1905. máj. 28. † Szamosújvár, 1963. aug. 1.: katonatiszt, tanító, hivatalnok. – Az erdélyi kommunistaellenes mozgalom egyik szervezője és vezetője. Mv. -re érkezett Moldvából. Drekulyatelepre, Bánd községbe helyezték, ahol ő volt az első román tanító. A helyi lakosok segítségével iskolát építtetett (1924–). Mv.-en tanító (1938–39). Besorozták katonának, őrnagyi rangot szerzett. Elhagyta a várost (1940–), a II. vh. alatt Besszarábiában teljesített katonai szolgálatot. Hősiességét különböző kitüntetésekkel jutalmazták. Visszatelepedett Mv. -re, a 6. sz. Remeteszegi iskola igazgatója (1944–45; 1949–52), majd tanára (1948–49), a 2. sz. iskola igazgatója (1945–48); katonatiszt, majd tisztviselő, a tartományi Néptanácsnál osztályvezető; megalakította az Avram Iancu szervezetet (1953). A magyaro.-i 1956-os forradalom hatására titkos antikommunista ellenállási csoportok szervezkedtek, Maros megyében jelentősebbek voltak: a Faliboga, Kelemen; Veres és Fodor csoportosulások. Faliboga már az előző években megalakította a Nemzeti Felszabadító Bizottság-ot, akik főleg jobb életkörülményeket követeltek (1954–), amelynek tagja volt m. részről Frunda Károly és Miholcsa Gyula. A m. forradalom hatására Mv.-en és a MAT-ban mozgalom szervezésébe kezdett, amelynek élén 9 taralékos tiszt és aliszt állott, köztük Májer György ny. orvos, Ioachim Vlad, tartalékos tiszt és sokan mások: egykori tisztek és katonák, tanügyi káderek, magas rangú köztiszviselők, vasúti alkalmazottak, orvosok, földművesek. Patria 7 néven egy titkos szervezetet hoztak létre, amelynek célja a vádemelése szerint: „az RNK népi demokratikus rendszerének erőszakos megdöntése” (1957. márc. 14.). Titkos összejöveteleket tartottak, tevékenységüket kiterjesztették Brassóban, Temesváron és Buk.-ben is, mindenhol újabb tagokat toboroztak és nyertek meg az ügynek. A mozgalom a kommunista rendszer megdöntésének tervét is kidolgozta, bizottságokat szerveztek, amelyek a társadalmi és gazd.-i élet minden területét felölelték. Külön Katonai Bizottságot is szervezett, amely a megfelelő pillanatban fegyveres támadást is indíthatott volna a hatalom megszerzése érdekében (1956). Ellenforradalmi kiáltványt tettek közzé, amelyet Májer György és fia, Sándor, fordított m. nyelvre, sokszorosították és terjesztették. A Securitate azonban leleplezte a mozgalmat, 70 személyt letartóztattak (1956. nov.), és Mv-en a Katonai Ügyészségen 6 katonai ügyész, 12 bűnügyi kivizsgáló ügynök hét hónapon keresztül vallatta, kínozta őket a 0421-es Katonai Egységnél, majd Szebenben Katonai Ügyészség elé állították. A három vezetőt halálra ítélték, amit később végre is hajtottak, a többi 67 vádlott különböző időtartamú börtönbüntetést kapott, de Gheorghiu Dej a még életben maradottakat kegyelemben részesítette (1964). Sokan közülük a börtönben haltak meg. Letartóztatták (1956. nov. 4.) és Szebenben állam- és rendszerellenes izgatás vádjával halálra (1957), más források szerint 25 év kényszermunkára ítélték, amely ítéletet később 20 évi fogságra változtattak (1964. aug. 1.-ig). Drekulyatelepen (az ördögvölgyi telepen) az általa épített iskola falára emléktáblát helyeztek, az 1965-os mártír tiszteletére. <br /><strong>Irod.:</strong> Áldozatok; C. L. (1993. febr. 21.); Balint, Nicolae; Bartos 2012; Dascăli mureşeni, 1.; Dezső István; Gimnaziul Al. I. Cuza; Időtár 4.; Ioniţoiu; Remeteszeg; Sepsiszéki; Standavid-Tamási; Tófalvi 5.</br></p>

<p>Vlăsăneşti, v. Ungureni (Dorohoi), 1905. máj. 28. † Szamosújvár, 1963. aug. 1.: katonatiszt, tanító, hivatalnok. – Az erdélyi kommunistaellenes mozgalom egyik szervezője és vezetője. Mv. -re érkezett Moldvából. Drekulyatelepre, Bánd községbe helyezték, ahol ő volt az első román tanító. A helyi lakosok segítségével iskolát építtetett (1924–). Mv.-en tanító (1938–39). Besorozták katonának, őrnagyi rangot szerzett. Elhagyta [&hellip;]</p>
