{"id":7571,"date":"2025-06-29T09:56:34","date_gmt":"2025-06-29T07:56:34","guid":{"rendered":"https:\/\/uj.adatbank.ro\/lexikon\/termek\/faluvegi-andras-2\/"},"modified":"2025-06-29T09:56:34","modified_gmt":"2025-06-29T07:56:34","slug":"faluvegi-andras-2","status":"publish","type":"product","link":"https:\/\/uj.adatbank.ro\/lexikon\/termek\/faluvegi-andras-2\/","title":{"rendered":"FALUV\u00c9GI Andr\u00e1s"},"content":{"rendered":"<p>Sz\u00e9kelyszentistv\u00e1n, 1893., \u2020\u00a0? : gazd\u00e1lkod\u00f3, k\u00f6zs\u00e9gi b\u00edr\u00f3. \u2013 Iskol\u00e1i elv\u00e9gz\u00e9se ut\u00e1n gazd\u00e1lkodni kezdett sz\u00fcl\u0151faluj\u00e1ban 65 holdas birtok\u00e1n. Az I. vh.-ban a 22. gy. ezredben szolg\u00e1lt, k\u00e9tszer sebes\u00fclt, mint tizedes szerelt le, a II. ez\u00fcst, k\u00e9t bronz vit. \u00e9rem \u00e9s a K\u00e1roly Csapatkereszt kit\u00fcntet\u00e9ssel. K\u00f6zs\u00e9gi b\u00edr\u00f3 (1940\u2013), a ref. egyh\u00e1z gondnoka. <br \/><strong>Irod.:<\/strong> Erd\u00e9lyi ezredek; Sz\u00e9kelyf\u00f6ld \u00ed. k.<\/br><\/p>\n","protected":false},"excerpt":{"rendered":"<p>Sz\u00e9kelyszentistv\u00e1n, 1893., \u2020\u00a0? : gazd\u00e1lkod\u00f3, k\u00f6zs\u00e9gi b\u00edr\u00f3. \u2013 Iskol\u00e1i elv\u00e9gz\u00e9se ut\u00e1n gazd\u00e1lkodni kezdett sz\u00fcl\u0151faluj\u00e1ban 65 holdas birtok\u00e1n. Az I. vh.-ban a 22. gy. ezredben szolg\u00e1lt, k\u00e9tszer sebes\u00fclt, mint tizedes szerelt le, a II. ez\u00fcst, k\u00e9t bronz vit. \u00e9rem \u00e9s a K\u00e1roly Csapatkereszt kit\u00fcntet\u00e9ssel. K\u00f6zs\u00e9gi b\u00edr\u00f3 (1940\u2013), a ref. egyh\u00e1z gondnoka. Irod.: Erd\u00e9lyi ezredek; Sz\u00e9kelyf\u00f6ld \u00ed. [&hellip;]<\/p>\n","protected":false},"featured_media":0,"comment_status":"open","ping_status":"closed","template":"","meta":[],"product_brand":[],"product_cat":[137],"product_tag":[],"class_list":{"0":"post-7571","1":"product","2":"type-product","3":"status-publish","5":"product_cat-maros-megyei-eletrajzi-lexikon","7":"first","8":"instock","9":"shipping-taxable","10":"product-type-simple"},"_links":{"self":[{"href":"https:\/\/uj.adatbank.ro\/lexikon\/wp-json\/wp\/v2\/product\/7571","targetHints":{"allow":["GET"]}}],"collection":[{"href":"https:\/\/uj.adatbank.ro\/lexikon\/wp-json\/wp\/v2\/product"}],"about":[{"href":"https:\/\/uj.adatbank.ro\/lexikon\/wp-json\/wp\/v2\/types\/product"}],"replies":[{"embeddable":true,"href":"https:\/\/uj.adatbank.ro\/lexikon\/wp-json\/wp\/v2\/comments?post=7571"}],"wp:attachment":[{"href":"https:\/\/uj.adatbank.ro\/lexikon\/wp-json\/wp\/v2\/media?parent=7571"}],"wp:term":[{"taxonomy":"product_brand","embeddable":true,"href":"https:\/\/uj.adatbank.ro\/lexikon\/wp-json\/wp\/v2\/product_brand?post=7571"},{"taxonomy":"product_cat","embeddable":true,"href":"https:\/\/uj.adatbank.ro\/lexikon\/wp-json\/wp\/v2\/product_cat?post=7571"},{"taxonomy":"product_tag","embeddable":true,"href":"https:\/\/uj.adatbank.ro\/lexikon\/wp-json\/wp\/v2\/product_tag?post=7571"}],"curies":[{"name":"wp","href":"https:\/\/api.w.org\/{rel}","templated":true}]}}