{"id":7572,"date":"2025-06-29T09:56:37","date_gmt":"2025-06-29T07:56:37","guid":{"rendered":"https:\/\/uj.adatbank.ro\/lexikon\/termek\/faluvegi-denes\/"},"modified":"2025-06-29T09:56:37","modified_gmt":"2025-06-29T07:56:37","slug":"faluvegi-denes","status":"publish","type":"product","link":"https:\/\/uj.adatbank.ro\/lexikon\/termek\/faluvegi-denes\/","title":{"rendered":"FALUV\u00c9GI D\u00e9nes"},"content":{"rendered":"<p>Sz\u00e9kelyszentistv\u00e1n, 1888. dec. 17. \u2020 Buchenwald, 1945. \u00e1pr.: \u00fajs\u00e1g\u00edr\u00f3. &#8211; Tan\u00edt\u00f3i oklevelet szerzett, majd \u00fajs\u00e1g\u00edr\u00f3 lett. Szerk. -tette az Aranykorszak (1922\u201324), a kv.-i Igazs\u00e1g c. k\u00e9pes foly\u00f3iratot (1926\u201327), majd ennek folytat\u00e1s\u00e1t, az Erd\u00e9lyi K\u00e9peslapot (1927\u201328). \u00daj kor k\u00fcsz\u00f6b\u00e9n c. munk\u00e1ja bibliaid\u00e9zeteken alapul\u00f3 erk\u00f6lcsi vitairat, hasonl\u00f3an az Aranykorszak c. foly\u00f3irathoz. H\u00e1bor\u00faellenes magatart\u00e1sa miatt (megtagadta a fegyvervisel\u00e9st) letart\u00f3ztatt\u00e1k (1941), a hadit\u00f6rv\u00e9nysz\u00e9k hal\u00e1lra \u00edt\u00e9lte (1942), majd \u00edt\u00e9let\u00e9t \u00e9letfogytiglani b\u00f6rt\u00f6nre v\u00e1ltoztatt\u00e1k. A Gestapo elhurcolta (1944), a buchenwaldi l\u00e1gerben halt meg. \u2013 <strong>F. m.:<\/strong> \u00daj kor k\u00fcsz\u00f6b\u00e9n (Kv. 1941).<br \/><strong>Irod.:<\/strong> RMIL, M\u00c9L<\/br><\/p>\n","protected":false},"excerpt":{"rendered":"<p>Sz\u00e9kelyszentistv\u00e1n, 1888. dec. 17. \u2020 Buchenwald, 1945. \u00e1pr.: \u00fajs\u00e1g\u00edr\u00f3. &#8211; Tan\u00edt\u00f3i oklevelet szerzett, majd \u00fajs\u00e1g\u00edr\u00f3 lett. Szerk. -tette az Aranykorszak (1922\u201324), a kv.-i Igazs\u00e1g c. k\u00e9pes foly\u00f3iratot (1926\u201327), majd ennek folytat\u00e1s\u00e1t, az Erd\u00e9lyi K\u00e9peslapot (1927\u201328). \u00daj kor k\u00fcsz\u00f6b\u00e9n c. munk\u00e1ja bibliaid\u00e9zeteken alapul\u00f3 erk\u00f6lcsi vitairat, hasonl\u00f3an az Aranykorszak c. foly\u00f3irathoz. H\u00e1bor\u00faellenes magatart\u00e1sa miatt (megtagadta a fegyvervisel\u00e9st) [&hellip;]<\/p>\n","protected":false},"featured_media":0,"comment_status":"open","ping_status":"closed","template":"","meta":[],"product_brand":[],"product_cat":[137],"product_tag":[],"class_list":{"0":"post-7572","1":"product","2":"type-product","3":"status-publish","5":"product_cat-maros-megyei-eletrajzi-lexikon","7":"first","8":"instock","9":"shipping-taxable","10":"product-type-simple"},"_links":{"self":[{"href":"https:\/\/uj.adatbank.ro\/lexikon\/wp-json\/wp\/v2\/product\/7572","targetHints":{"allow":["GET"]}}],"collection":[{"href":"https:\/\/uj.adatbank.ro\/lexikon\/wp-json\/wp\/v2\/product"}],"about":[{"href":"https:\/\/uj.adatbank.ro\/lexikon\/wp-json\/wp\/v2\/types\/product"}],"replies":[{"embeddable":true,"href":"https:\/\/uj.adatbank.ro\/lexikon\/wp-json\/wp\/v2\/comments?post=7572"}],"wp:attachment":[{"href":"https:\/\/uj.adatbank.ro\/lexikon\/wp-json\/wp\/v2\/media?parent=7572"}],"wp:term":[{"taxonomy":"product_brand","embeddable":true,"href":"https:\/\/uj.adatbank.ro\/lexikon\/wp-json\/wp\/v2\/product_brand?post=7572"},{"taxonomy":"product_cat","embeddable":true,"href":"https:\/\/uj.adatbank.ro\/lexikon\/wp-json\/wp\/v2\/product_cat?post=7572"},{"taxonomy":"product_tag","embeddable":true,"href":"https:\/\/uj.adatbank.ro\/lexikon\/wp-json\/wp\/v2\/product_tag?post=7572"}],"curies":[{"name":"wp","href":"https:\/\/api.w.org\/{rel}","templated":true}]}}

FALUVÉGI Dénes

<p>Székelyszentistván, 1888. dec. 17. † Buchenwald, 1945. ápr.: újságíró. &#8211; Tanítói oklevelet szerzett, majd újságíró lett. Szerk. -tette az Aranykorszak (1922–24), a kv.-i Igazság c. képes folyóiratot (1926–27), majd ennek folytatását, az Erdélyi Képeslapot (1927–28). Új kor küszöbén c. munkája bibliaidézeteken alapuló erkölcsi vitairat, hasonlóan az Aranykorszak c. folyóirathoz. Háborúellenes magatartása miatt (megtagadta a fegyverviselést) letartóztatták (1941), a haditörvényszék halálra ítélte (1942), majd ítéletét életfogytiglani börtönre változtatták. A Gestapo elhurcolta (1944), a buchenwaldi lágerben halt meg. – <strong>F. m.:</strong> Új kor küszöbén (Kv. 1941).<br /><strong>Irod.:</strong> RMIL, MÉL</br></p>

<p>Székelyszentistván, 1888. dec. 17. † Buchenwald, 1945. ápr.: újságíró. &#8211; Tanítói oklevelet szerzett, majd újságíró lett. Szerk. -tette az Aranykorszak (1922–24), a kv.-i Igazság c. képes folyóiratot (1926–27), majd ennek folytatását, az Erdélyi Képeslapot (1927–28). Új kor küszöbén c. munkája bibliaidézeteken alapuló erkölcsi vitairat, hasonlóan az Aranykorszak c. folyóirathoz. Háborúellenes magatartása miatt (megtagadta a fegyverviselést) [&hellip;]</p>
