{"id":7582,"date":"2025-06-29T09:56:58","date_gmt":"2025-06-29T07:56:58","guid":{"rendered":"https:\/\/uj.adatbank.ro\/lexikon\/termek\/fanfaret-petru\/"},"modified":"2025-06-29T09:56:58","modified_gmt":"2025-06-29T07:56:58","slug":"fanfaret-petru","status":"publish","type":"product","link":"https:\/\/uj.adatbank.ro\/lexikon\/termek\/fanfaret-petru\/","title":{"rendered":"F\u0102NF\u0102RE\u0162 Petru"},"content":{"rendered":"<p>V\u00e9cke, 1920. okt. 22., \u2020 Mv., 2006.: tan\u00edt\u00f3. \u2013 Apja V\u00e9cke polg\u00e1rmestere volt (1927\u201334). Iskol\u00e1it V\u00e9ck\u00e9n v\u00e9gezte, b\u00e1tyj\u00e1val Olth\u00e9v\u00edzre sz\u00f6k\u00f6tt (1942\u2013). Bevonult katon\u00e1nak a 83-as tordai gyalogezredhez (1944 m\u00e1j.), a frontra ker\u00fclt. A h\u00e1bor\u00fa ut\u00e1n beiratkozott az Al. Papiu Ilarian L\u00edc. l\u00e1togat\u00e1s n\u00e9lk\u00fcli oszt\u00e1ly\u00e1ba, ahol n\u00e9gy \u00e9vet v\u00e9gzett el. Helyettes tan\u00edt\u00f3 Sz\u00e9kelys\u00e1rdon, V\u00e9ck\u00e9n, Sept\u00e9ren \u00e9s Mez\u0151cs\u00e1v\u00e1son (1946\u201354). Mag\u00e1n\u00faton elv\u00e9gzte a sz\u00e1szr\u00e9geni Pedag\u00f3giai Iskol\u00e1t (1948\u2013), tan\u00edt\u00f3i oklevelet szerzett. Drekulyatelepre nevezt\u00e9k ki az I-IV. oszt\u00e1lyos osztatlan iskol\u00e1ba, ahol folyamatosan 30 \u00e9vig tan\u00edtott nyugd\u00edjaz\u00e1s\u00e1ig (1955\u201384). B\u00e1nd k\u00f6zs\u00e9gbe (1972\u2013), azut\u00e1n Mv. -re k\u00f6lt\u00f6z\u00f6tt. Drekulyatelepen \u00e9l\u00e9nk kult\u00farmunk\u00e1t v\u00e9gzett. \u00daj iskol\u00e1t \u00e9s kult\u00farotthont \u00e9p\u00edtett V\u00e9ck\u00e9n \u00e9s Drekulyatelepen eml\u00e9kt\u00e1bl\u00e1kat \u00e9s eml\u00e9km\u0171veket \u00e1ll\u00edtott az illet\u0151 falvak k\u00fcl\u00f6nb\u00f6z\u0151 \u00e9vfordul\u00f3in. Tagja volt a h\u00e1bor\u00fas veter\u00e1nok k\u00f3rus\u00e1nak, a \u201eCultul Eroilor\u201d Nemzeti Sz\u00f6vets\u00e9g\u00e9nek (1999\u2013). Eml\u00e9keit, \u00e9lm\u00e9nyeit k\u00f6nyvben \u00edrta meg. \u2013 <strong>F. m.:<\/strong> M\u0103rturisirile unui dasc\u0103l de \u0163ar\u0103 c. (Ion Tompea red.; 1 p\u00e9ld\u00e1nyban (Tg. M.). Band k\u00f6zs\u00e9g d\u00edszpolg\u00e1ra diplom\u00e1val t\u00fcntetett\u00e9k ki (2004). <br \/><strong>Irod.:<\/strong> Dasc\u0103li mure\u015feni, 1.<\/br><\/p>\n","protected":false},"excerpt":{"rendered":"<p>V\u00e9cke, 1920. okt. 22., \u2020 Mv., 2006.: tan\u00edt\u00f3. \u2013 Apja V\u00e9cke polg\u00e1rmestere volt (1927\u201334). Iskol\u00e1it V\u00e9ck\u00e9n v\u00e9gezte, b\u00e1tyj\u00e1val Olth\u00e9v\u00edzre sz\u00f6k\u00f6tt (1942\u2013). Bevonult katon\u00e1nak a 83-as tordai gyalogezredhez (1944 m\u00e1j.), a frontra ker\u00fclt. A h\u00e1bor\u00fa ut\u00e1n beiratkozott az Al. Papiu Ilarian L\u00edc. l\u00e1togat\u00e1s n\u00e9lk\u00fcli oszt\u00e1ly\u00e1ba, ahol n\u00e9gy \u00e9vet v\u00e9gzett el. Helyettes tan\u00edt\u00f3 Sz\u00e9kelys\u00e1rdon, V\u00e9ck\u00e9n, Sept\u00e9ren \u00e9s [&hellip;]<\/p>\n","protected":false},"featured_media":0,"comment_status":"open","ping_status":"closed","template":"","meta":[],"product_brand":[],"product_cat":[137],"product_tag":[],"class_list":{"0":"post-7582","1":"product","2":"type-product","3":"status-publish","5":"product_cat-maros-megyei-eletrajzi-lexikon","7":"first","8":"instock","9":"shipping-taxable","10":"product-type-simple"},"_links":{"self":[{"href":"https:\/\/uj.adatbank.ro\/lexikon\/wp-json\/wp\/v2\/product\/7582","targetHints":{"allow":["GET"]}}],"collection":[{"href":"https:\/\/uj.adatbank.ro\/lexikon\/wp-json\/wp\/v2\/product"}],"about":[{"href":"https:\/\/uj.adatbank.ro\/lexikon\/wp-json\/wp\/v2\/types\/product"}],"replies":[{"embeddable":true,"href":"https:\/\/uj.adatbank.ro\/lexikon\/wp-json\/wp\/v2\/comments?post=7582"}],"wp:attachment":[{"href":"https:\/\/uj.adatbank.ro\/lexikon\/wp-json\/wp\/v2\/media?parent=7582"}],"wp:term":[{"taxonomy":"product_brand","embeddable":true,"href":"https:\/\/uj.adatbank.ro\/lexikon\/wp-json\/wp\/v2\/product_brand?post=7582"},{"taxonomy":"product_cat","embeddable":true,"href":"https:\/\/uj.adatbank.ro\/lexikon\/wp-json\/wp\/v2\/product_cat?post=7582"},{"taxonomy":"product_tag","embeddable":true,"href":"https:\/\/uj.adatbank.ro\/lexikon\/wp-json\/wp\/v2\/product_tag?post=7582"}],"curies":[{"name":"wp","href":"https:\/\/api.w.org\/{rel}","templated":true}]}}

FĂNFĂREŢ Petru

<p>Vécke, 1920. okt. 22., † Mv., 2006.: tanító. – Apja Vécke polgármestere volt (1927–34). Iskoláit Véckén végezte, bátyjával Olthévízre szökött (1942–). Bevonult katonának a 83-as tordai gyalogezredhez (1944 máj.), a frontra került. A háború után beiratkozott az Al. Papiu Ilarian Líc. látogatás nélküli osztályába, ahol négy évet végzett el. Helyettes tanító Székelysárdon, Véckén, Septéren és Mezőcsáváson (1946–54). Magánúton elvégzte a szászrégeni Pedagógiai Iskolát (1948–), tanítói oklevelet szerzett. Drekulyatelepre nevezték ki az I-IV. osztályos osztatlan iskolába, ahol folyamatosan 30 évig tanított nyugdíjazásáig (1955–84). Bánd községbe (1972–), azután Mv. -re költözött. Drekulyatelepen élénk kultúrmunkát végzett. Új iskolát és kultúrotthont épített Véckén és Drekulyatelepen emléktáblákat és emlékműveket állított az illető falvak különböző évfordulóin. Tagja volt a háborús veteránok kórusának, a „Cultul Eroilor” Nemzeti Szövetségének (1999–). Emlékeit, élményeit könyvben írta meg. – <strong>F. m.:</strong> Mărturisirile unui dascăl de ţară c. (Ion Tompea red.; 1 példányban (Tg. M.). Band község díszpolgára diplomával tüntetették ki (2004). <br /><strong>Irod.:</strong> Dascăli mureşeni, 1.</br></p>

<p>Vécke, 1920. okt. 22., † Mv., 2006.: tanító. – Apja Vécke polgármestere volt (1927–34). Iskoláit Véckén végezte, bátyjával Olthévízre szökött (1942–). Bevonult katonának a 83-as tordai gyalogezredhez (1944 máj.), a frontra került. A háború után beiratkozott az Al. Papiu Ilarian Líc. látogatás nélküli osztályába, ahol négy évet végzett el. Helyettes tanító Székelysárdon, Véckén, Septéren és [&hellip;]</p>
