{"id":7583,"date":"2025-06-29T09:56:59","date_gmt":"2025-06-29T07:56:59","guid":{"rendered":"https:\/\/uj.adatbank.ro\/lexikon\/termek\/fanfaret-petru-%c2%a7\/"},"modified":"2025-06-29T09:56:59","modified_gmt":"2025-06-29T07:56:59","slug":"fanfaret-petru-%c2%a7","status":"publish","type":"product","link":"https:\/\/uj.adatbank.ro\/lexikon\/termek\/fanfaret-petru-%c2%a7\/","title":{"rendered":"FANFARE\u0162 Petru, \u00a7"},"content":{"rendered":"<p>V\u00e9cke, 1920. okt. 22., \u2020\u00a0Mv., 2006.: tan\u00edt\u00f3. \u2013 Elemi iskol\u00e1t a sz\u00fcl\u0151faluj\u00e1ban v\u00e9gzett. B\u00e1tyj\u00e1val Olth\u00e9v\u00edzre sz\u00f6k\u00f6tt (1942). Bevonult katon\u00e1nak a 83-as tordai gyalogezredhe (1944 m\u00e1j.), r\u00e9szt vett a II. vh.-ban. Mv.-en folytatta k\u00f6z\u00e9piskolai tanulm\u00e1nyait a Papiu Ilarian L\u00edc.-ban. Sz\u00e9kelys\u00e1rdon, V\u00e9ck\u00e9n, Sept\u00e9ren \u00e9s Mez\u0151r\u00fccs\u00f6n helyettes tan\u00edt\u00f3 (1946\u20131954). Tan\u00edt\u00f3i oklevelet szerzett a r\u00e9geni Pedag\u00f3giai Iskol\u00e1ban (1954). Drekulyatelepen tan\u00edtott (1955 szept. 1. \u2013 1984). K\u00f6zben B\u00e1ndra (1972), azut\u00e1n Mv. -re k\u00f6lt\u00f6z\u00f6tt. Drekulyatelepen \u00faj iskol\u00e1t \u00e9s \u00faj kult\u00farotthont \u00e9p\u00edttetett, neves \u00e9vfordul\u00f3k alkalm\u00e1val eml\u00e9km\u0171veket \u00e9s eml\u00e9kt\u00e1bl\u00e1kat helyeztettett el a falvak h\u00edres szem\u00e9lyis\u00e9geir\u0151l Drekulyatelepen \u00e9s V\u00e9ck\u00e9n. Tagja volt a h\u00e1bor\u00fas veter\u00e1nok k\u00f3rus\u00e1nak \u00e9s a \u201eCultul Eroilor\u201d Nemzeti Sz\u00f6vets\u00e9gnek. B\u00e1nd K\u00f6zs\u00e9g D\u00edszpolg\u00e1ra c\u00edmet adom\u00e1nyozt\u00e1k neki (2004). \u2013 <strong>F. m.:<\/strong> M\u0103rturisirile unui dasc\u0103l de \u0163ar\u0103. <br \/><strong>Irod.:<\/strong> Dasc\u0103li mure\u015feni, 1.<\/br><\/p>\n","protected":false},"excerpt":{"rendered":"<p>V\u00e9cke, 1920. okt. 22., \u2020\u00a0Mv., 2006.: tan\u00edt\u00f3. \u2013 Elemi iskol\u00e1t a sz\u00fcl\u0151faluj\u00e1ban v\u00e9gzett. B\u00e1tyj\u00e1val Olth\u00e9v\u00edzre sz\u00f6k\u00f6tt (1942). Bevonult katon\u00e1nak a 83-as tordai gyalogezredhe (1944 m\u00e1j.), r\u00e9szt vett a II. vh.-ban. Mv.-en folytatta k\u00f6z\u00e9piskolai tanulm\u00e1nyait a Papiu Ilarian L\u00edc.-ban. Sz\u00e9kelys\u00e1rdon, V\u00e9ck\u00e9n, Sept\u00e9ren \u00e9s Mez\u0151r\u00fccs\u00f6n helyettes tan\u00edt\u00f3 (1946\u20131954). Tan\u00edt\u00f3i oklevelet szerzett a r\u00e9geni Pedag\u00f3giai Iskol\u00e1ban (1954). Drekulyatelepen [&hellip;]<\/p>\n","protected":false},"featured_media":0,"comment_status":"open","ping_status":"closed","template":"","meta":[],"product_brand":[],"product_cat":[137],"product_tag":[],"class_list":{"0":"post-7583","1":"product","2":"type-product","3":"status-publish","5":"product_cat-maros-megyei-eletrajzi-lexikon","7":"first","8":"instock","9":"shipping-taxable","10":"product-type-simple"},"_links":{"self":[{"href":"https:\/\/uj.adatbank.ro\/lexikon\/wp-json\/wp\/v2\/product\/7583","targetHints":{"allow":["GET"]}}],"collection":[{"href":"https:\/\/uj.adatbank.ro\/lexikon\/wp-json\/wp\/v2\/product"}],"about":[{"href":"https:\/\/uj.adatbank.ro\/lexikon\/wp-json\/wp\/v2\/types\/product"}],"replies":[{"embeddable":true,"href":"https:\/\/uj.adatbank.ro\/lexikon\/wp-json\/wp\/v2\/comments?post=7583"}],"wp:attachment":[{"href":"https:\/\/uj.adatbank.ro\/lexikon\/wp-json\/wp\/v2\/media?parent=7583"}],"wp:term":[{"taxonomy":"product_brand","embeddable":true,"href":"https:\/\/uj.adatbank.ro\/lexikon\/wp-json\/wp\/v2\/product_brand?post=7583"},{"taxonomy":"product_cat","embeddable":true,"href":"https:\/\/uj.adatbank.ro\/lexikon\/wp-json\/wp\/v2\/product_cat?post=7583"},{"taxonomy":"product_tag","embeddable":true,"href":"https:\/\/uj.adatbank.ro\/lexikon\/wp-json\/wp\/v2\/product_tag?post=7583"}],"curies":[{"name":"wp","href":"https:\/\/api.w.org\/{rel}","templated":true}]}}

FANFAREŢ Petru, §

<p>Vécke, 1920. okt. 22., † Mv., 2006.: tanító. – Elemi iskolát a szülőfalujában végzett. Bátyjával Olthévízre szökött (1942). Bevonult katonának a 83-as tordai gyalogezredhe (1944 máj.), részt vett a II. vh.-ban. Mv.-en folytatta középiskolai tanulmányait a Papiu Ilarian Líc.-ban. Székelysárdon, Véckén, Septéren és Mezőrücsön helyettes tanító (1946–1954). Tanítói oklevelet szerzett a régeni Pedagógiai Iskolában (1954). Drekulyatelepen tanított (1955 szept. 1. – 1984). Közben Bándra (1972), azután Mv. -re költözött. Drekulyatelepen új iskolát és új kultúrotthont építtetett, neves évfordulók alkalmával emlékműveket és emléktáblákat helyeztettett el a falvak híres személyiségeiről Drekulyatelepen és Véckén. Tagja volt a háborús veteránok kórusának és a „Cultul Eroilor” Nemzeti Szövetségnek. Bánd Község Díszpolgára címet adományozták neki (2004). – <strong>F. m.:</strong> Mărturisirile unui dascăl de ţară. <br /><strong>Irod.:</strong> Dascăli mureşeni, 1.</br></p>

<p>Vécke, 1920. okt. 22., † Mv., 2006.: tanító. – Elemi iskolát a szülőfalujában végzett. Bátyjával Olthévízre szökött (1942). Bevonult katonának a 83-as tordai gyalogezredhe (1944 máj.), részt vett a II. vh.-ban. Mv.-en folytatta középiskolai tanulmányait a Papiu Ilarian Líc.-ban. Székelysárdon, Véckén, Septéren és Mezőrücsön helyettes tanító (1946–1954). Tanítói oklevelet szerzett a régeni Pedagógiai Iskolában (1954). Drekulyatelepen [&hellip;]</p>
