{"id":7585,"date":"2025-06-29T09:57:03","date_gmt":"2025-06-29T07:57:03","guid":{"rendered":"https:\/\/uj.adatbank.ro\/lexikon\/termek\/fanici-andras-%c2%a7-fanics-andras-fanici-andrei\/"},"modified":"2025-06-29T09:57:03","modified_gmt":"2025-06-29T07:57:03","slug":"fanici-andras-%c2%a7-fanics-andras-fanici-andrei","status":"publish","type":"product","link":"https:\/\/uj.adatbank.ro\/lexikon\/termek\/fanici-andras-%c2%a7-fanics-andras-fanici-andrei\/","title":{"rendered":"FANICI Andr\u00e1s, \u00a7 F\u00e1nics Andr\u00e1s, Fanici Andrei"},"content":{"rendered":"<p>Marosh\u00e9v\u00edz, 1955. \u00e1pr. 14., \u2020\u00a0Mv., 2008. szept. 3.: labdar\u00fag\u00f3. \u2013 A Mv.-i ASA Sportklub egykori \u201earanycsapat\u00e1nak\u201d csat\u00e1ra. 350 m\u00e9rk\u00f6z\u00e9sen 90 g\u00f3lt szerzett csapat\u00e1nak, a Mure\u015fulnak, amelyben k\u00e9t \u00e9vig j\u00e1tszott (1971\u201373). Onnan a brass\u00f3i Steagul Ro\u015fu-hoz ker\u00fclt, ahol felk\u00fczd\u00f6tte mag\u00e1t a rom\u00e1n labdar\u00fag\u00e1s \u00e9lvonal\u00e1ba. A B oszt\u00e1lyos Unirea Foc\u015fani-hoz igazolt \u00e1t (1974\u2013). Mv. -re az ASA \u2013hoz ker\u00fclt (1975), amelynek h\u00edres edz\u0151je, B\u00f3n\u00e9 Tibor ir\u00e1ny\u00edt\u00e1s\u00e1val k\u00e9pezte mag\u00e1t \u00e9s j\u00e1tszott (1987-ig). Egy\u00e9vig az Elektromarosn\u00e1l, majd Cornel Dinu vezet\u0151edz\u0151 k\u00e9r\u00e9s\u00e9re visszaigazolt az ASA-hoz, amely csapatban visszavonul\u00e1s\u00e1ig (2000) j\u00e1tszott. Ezut\u00e1n \u00e9vekig b\u00edr\u00e1skodott, majd harmadik lig\u00e1s sz\u00f6vets\u00e9gi megfigyel\u0151k\u00e9nt tev\u00e9kenykedett. Karriere sor\u00e1n az ifiv\u00e1logatott mez\u00e9t nyolcszor, az olimpiai csapat\u00e9t n\u00e9gyszer vehette fel, a feln\u0151tt v\u00e1logatottban bar\u00e1ts\u00e1gos m\u00e9rk\u00f6z\u00e9sen Argentina v\u00e1logatottja ellen is j\u00e1tszott. H\u00e1rom alkalommal szerzett mesterh\u00e1rmast az ASA mez\u00e9ben a bajnoks\u00e1gban, a Farul Constan\u0163a, a CSM Resicab\u00e1nya, ill. a nagy riv\u00e1lis Steaua elleni m\u00e9rk\u00f6z\u00e9seken. <br \/><strong>Irod.:<\/strong> Elhunyt F\u00e1nics Andr\u00e1s (V\u00e1s\u00e1rhelyi H\u00edrlap, 2008. szept. 4.); [Nekrol\u00f3g ](N\u00fa., 2008. szept. 8.); Todea 2013; Szucher<\/br><\/p>\n","protected":false},"excerpt":{"rendered":"<p>Marosh\u00e9v\u00edz, 1955. \u00e1pr. 14., \u2020\u00a0Mv., 2008. szept. 3.: labdar\u00fag\u00f3. \u2013 A Mv.-i ASA Sportklub egykori \u201earanycsapat\u00e1nak\u201d csat\u00e1ra. 350 m\u00e9rk\u00f6z\u00e9sen 90 g\u00f3lt szerzett csapat\u00e1nak, a Mure\u015fulnak, amelyben k\u00e9t \u00e9vig j\u00e1tszott (1971\u201373). Onnan a brass\u00f3i Steagul Ro\u015fu-hoz ker\u00fclt, ahol felk\u00fczd\u00f6tte mag\u00e1t a rom\u00e1n labdar\u00fag\u00e1s \u00e9lvonal\u00e1ba. A B oszt\u00e1lyos Unirea Foc\u015fani-hoz igazolt \u00e1t (1974\u2013). Mv. -re az ASA [&hellip;]<\/p>\n","protected":false},"featured_media":0,"comment_status":"open","ping_status":"closed","template":"","meta":[],"product_brand":[],"product_cat":[137],"product_tag":[],"class_list":{"0":"post-7585","1":"product","2":"type-product","3":"status-publish","5":"product_cat-maros-megyei-eletrajzi-lexikon","7":"first","8":"instock","9":"shipping-taxable","10":"product-type-simple"},"_links":{"self":[{"href":"https:\/\/uj.adatbank.ro\/lexikon\/wp-json\/wp\/v2\/product\/7585","targetHints":{"allow":["GET"]}}],"collection":[{"href":"https:\/\/uj.adatbank.ro\/lexikon\/wp-json\/wp\/v2\/product"}],"about":[{"href":"https:\/\/uj.adatbank.ro\/lexikon\/wp-json\/wp\/v2\/types\/product"}],"replies":[{"embeddable":true,"href":"https:\/\/uj.adatbank.ro\/lexikon\/wp-json\/wp\/v2\/comments?post=7585"}],"wp:attachment":[{"href":"https:\/\/uj.adatbank.ro\/lexikon\/wp-json\/wp\/v2\/media?parent=7585"}],"wp:term":[{"taxonomy":"product_brand","embeddable":true,"href":"https:\/\/uj.adatbank.ro\/lexikon\/wp-json\/wp\/v2\/product_brand?post=7585"},{"taxonomy":"product_cat","embeddable":true,"href":"https:\/\/uj.adatbank.ro\/lexikon\/wp-json\/wp\/v2\/product_cat?post=7585"},{"taxonomy":"product_tag","embeddable":true,"href":"https:\/\/uj.adatbank.ro\/lexikon\/wp-json\/wp\/v2\/product_tag?post=7585"}],"curies":[{"name":"wp","href":"https:\/\/api.w.org\/{rel}","templated":true}]}}