{"id":7587,"date":"2025-06-29T09:57:06","date_gmt":"2025-06-29T07:57:06","guid":{"rendered":"https:\/\/uj.adatbank.ro\/lexikon\/termek\/farago-andras\/"},"modified":"2025-06-29T09:57:06","modified_gmt":"2025-06-29T07:57:06","slug":"farago-andras","status":"publish","type":"product","link":"https:\/\/uj.adatbank.ro\/lexikon\/termek\/farago-andras\/","title":{"rendered":"FARAG\u00d3 Andr\u00e1s"},"content":{"rendered":"<p>? \u2020\u00a01823.: ref. lelk\u00e9sz. \u2013 Sz\u0151kefalv\u00e1n (1815\u201340), majd Mv.-en m\u0171k\u00f6d\u00f6tt. \u2013 <strong>F. m.:<\/strong> Halotti besz\u00e9d b\u00e1r\u00f3 Szentkereszti Zsigmond felett Sz\u0151kefalv\u00e1n, 1823. dec. 29. (Mv., 1824). <br \/><strong>Irod.:<\/strong> Halotti besz\u00e9dek; Nagy L\u00e1szl\u00f3; Szinnyei<\/br><\/p>\n","protected":false},"excerpt":{"rendered":"<p>? \u2020\u00a01823.: ref. lelk\u00e9sz. \u2013 Sz\u0151kefalv\u00e1n (1815\u201340), majd Mv.-en m\u0171k\u00f6d\u00f6tt. \u2013 F. m.: Halotti besz\u00e9d b\u00e1r\u00f3 Szentkereszti Zsigmond felett Sz\u0151kefalv\u00e1n, 1823. dec. 29. (Mv., 1824). Irod.: Halotti besz\u00e9dek; Nagy L\u00e1szl\u00f3; Szinnyei<\/p>\n","protected":false},"featured_media":0,"comment_status":"open","ping_status":"closed","template":"","meta":[],"product_brand":[],"product_cat":[137],"product_tag":[],"class_list":{"0":"post-7587","1":"product","2":"type-product","3":"status-publish","5":"product_cat-maros-megyei-eletrajzi-lexikon","7":"first","8":"instock","9":"shipping-taxable","10":"product-type-simple"},"_links":{"self":[{"href":"https:\/\/uj.adatbank.ro\/lexikon\/wp-json\/wp\/v2\/product\/7587","targetHints":{"allow":["GET"]}}],"collection":[{"href":"https:\/\/uj.adatbank.ro\/lexikon\/wp-json\/wp\/v2\/product"}],"about":[{"href":"https:\/\/uj.adatbank.ro\/lexikon\/wp-json\/wp\/v2\/types\/product"}],"replies":[{"embeddable":true,"href":"https:\/\/uj.adatbank.ro\/lexikon\/wp-json\/wp\/v2\/comments?post=7587"}],"wp:attachment":[{"href":"https:\/\/uj.adatbank.ro\/lexikon\/wp-json\/wp\/v2\/media?parent=7587"}],"wp:term":[{"taxonomy":"product_brand","embeddable":true,"href":"https:\/\/uj.adatbank.ro\/lexikon\/wp-json\/wp\/v2\/product_brand?post=7587"},{"taxonomy":"product_cat","embeddable":true,"href":"https:\/\/uj.adatbank.ro\/lexikon\/wp-json\/wp\/v2\/product_cat?post=7587"},{"taxonomy":"product_tag","embeddable":true,"href":"https:\/\/uj.adatbank.ro\/lexikon\/wp-json\/wp\/v2\/product_tag?post=7587"}],"curies":[{"name":"wp","href":"https:\/\/api.w.org\/{rel}","templated":true}]}}