{"id":7589,"date":"2025-06-29T09:57:11","date_gmt":"2025-06-29T07:57:11","guid":{"rendered":"https:\/\/uj.adatbank.ro\/lexikon\/termek\/farago-elie-farago-ilie-farago-illes-farago-ilyes\/"},"modified":"2025-06-29T09:57:11","modified_gmt":"2025-06-29T07:57:11","slug":"farago-elie-farago-ilie-farago-illes-farago-ilyes","status":"publish","type":"product","link":"https:\/\/uj.adatbank.ro\/lexikon\/termek\/farago-elie-farago-ilie-farago-illes-farago-ilyes\/","title":{"rendered":"FARAGO Elie, Farago Ilie, Farag\u00f3 Ill\u00e9s, Farag\u00f3 Ily\u00e9s"},"content":{"rendered":"<p>Marosszentgy\u00f6rgy, 1806., \u2020\u00a0Veresmart, 1880.: g. kat. pap, esperes, tan\u00e1r. \u2013 Bal\u00e1zsfalv\u00e1n v\u00e9gezte a teol\u00f3gi\u00e1t, n\u00f6tlenk\u00e9nt papp\u00e1 szentelt\u00e9k (1828), \u00e9s uo. tan\u00e1r (1828\u201333). Mv.-en pl\u00e9b\u00e1nos, esperes (1833\u201354). Irodalomp\u00e1rtol\u00f3, el\u0151fizet\u0151je volt kora sz\u00e1mos sajt\u00f3term\u00e9k\u00e9nek (Gazeta de Transilvania, Foaie pentru minte, inim\u0103 \u015fi literatur\u0103, Organul lumin\u0103rii), ugyanakkor sz\u00e9p k\u00f6nyvt\u00e1rat hagyott h\u00e1tra. Kapcsolatot tartott fenn a Kir\u00e1lyi T\u00e1bla kancellist\u00e1ival, \u00e9s szerepe volt az Olvas\u00f3 k\u00f6r (Societetea de lectur\u0103) l\u00e9trehoz\u00e1s\u00e1ban. R\u00e9szt vett a bal\u00e1zsfalvi n\u00e9pgy\u0171l\u00e9sen (1848. m\u00e1j. 15\u201317), \u00e9s vezet\u0151je volt a kv.-i di\u00e9tara k\u00fcld\u00f6tt rom\u00e1n deput\u00e1ci\u00f3nak. Al\u00e1\u00edrta a kv.-i petici\u00f3t is, amelyben a rom\u00e1nok vagyonmegfoszt\u00e1sa ellen emelte fel szav\u00e1t. Felforgatt\u00e1k a h\u00e1z\u00e1t Mv.-en (1848 szept.), Szeben k\u00f6rny\u00e9k\u00e9re menek\u00fclt, majd visszaj\u00f6tt \u00e9s dec. 30-\u00e1n \u00fajb\u00f3l elhagyta a v\u00e1rost, javait elkobozt\u00e1k. Bal\u00e1zsfalv\u00e1n a teol\u00f3giai int\u00e9zet rektora, prof. (1854\u20131860), majd pl\u00e9b\u00e1nos \u00e9s esperes Veresmarton (ma Unirea). Nagy szerepe volt az erd\u00e9lyi, ezen bel\u00fcl a marosmenti rom\u00e1n oktat\u00e1s fenntart\u00e1s\u00e1ban \u00e9s fejleszt\u00e9s\u00e9ben. Egyik szorgalmaz\u00f3ja volt az ASTRA megalap\u00edt\u00e1s\u00e1nak (1860. m\u00e1j. 10.). <br \/><strong>Irod.:<\/strong> 1848\u20131849 Marossz\u00e9k; Com\u015fa; Com\u015fa-Seiceanu; Fola; Hancu; Id\u0151t\u00e1r 1; Id\u0151t\u00e1r 2; Opri\u015f 1999; Profiluri muresene 1; S\u00e2ngeorgiu de Mure\u015f; \u015eerban 2006; \u015eincan 2006; Todea 2013; Transilvania 1848\u201349.<\/br><\/p>\n","protected":false},"excerpt":{"rendered":"<p>Marosszentgy\u00f6rgy, 1806., \u2020\u00a0Veresmart, 1880.: g. kat. pap, esperes, tan\u00e1r. \u2013 Bal\u00e1zsfalv\u00e1n v\u00e9gezte a teol\u00f3gi\u00e1t, n\u00f6tlenk\u00e9nt papp\u00e1 szentelt\u00e9k (1828), \u00e9s uo. tan\u00e1r (1828\u201333). Mv.-en pl\u00e9b\u00e1nos, esperes (1833\u201354). Irodalomp\u00e1rtol\u00f3, el\u0151fizet\u0151je volt kora sz\u00e1mos sajt\u00f3term\u00e9k\u00e9nek (Gazeta de Transilvania, Foaie pentru minte, inim\u0103 \u015fi literatur\u0103, Organul lumin\u0103rii), ugyanakkor sz\u00e9p k\u00f6nyvt\u00e1rat hagyott h\u00e1tra. Kapcsolatot tartott fenn a Kir\u00e1lyi T\u00e1bla kancellist\u00e1ival, [&hellip;]<\/p>\n","protected":false},"featured_media":0,"comment_status":"open","ping_status":"closed","template":"","meta":[],"product_brand":[],"product_cat":[137],"product_tag":[],"class_list":{"0":"post-7589","1":"product","2":"type-product","3":"status-publish","5":"product_cat-maros-megyei-eletrajzi-lexikon","7":"first","8":"instock","9":"shipping-taxable","10":"product-type-simple"},"_links":{"self":[{"href":"https:\/\/uj.adatbank.ro\/lexikon\/wp-json\/wp\/v2\/product\/7589","targetHints":{"allow":["GET"]}}],"collection":[{"href":"https:\/\/uj.adatbank.ro\/lexikon\/wp-json\/wp\/v2\/product"}],"about":[{"href":"https:\/\/uj.adatbank.ro\/lexikon\/wp-json\/wp\/v2\/types\/product"}],"replies":[{"embeddable":true,"href":"https:\/\/uj.adatbank.ro\/lexikon\/wp-json\/wp\/v2\/comments?post=7589"}],"wp:attachment":[{"href":"https:\/\/uj.adatbank.ro\/lexikon\/wp-json\/wp\/v2\/media?parent=7589"}],"wp:term":[{"taxonomy":"product_brand","embeddable":true,"href":"https:\/\/uj.adatbank.ro\/lexikon\/wp-json\/wp\/v2\/product_brand?post=7589"},{"taxonomy":"product_cat","embeddable":true,"href":"https:\/\/uj.adatbank.ro\/lexikon\/wp-json\/wp\/v2\/product_cat?post=7589"},{"taxonomy":"product_tag","embeddable":true,"href":"https:\/\/uj.adatbank.ro\/lexikon\/wp-json\/wp\/v2\/product_tag?post=7589"}],"curies":[{"name":"wp","href":"https:\/\/api.w.org\/{rel}","templated":true}]}}

FARAGO Elie, Farago Ilie, Faragó Illés, Faragó Ilyés

<p>Marosszentgyörgy, 1806., † Veresmart, 1880.: g. kat. pap, esperes, tanár. – Balázsfalván végezte a teológiát, nötlenként pappá szentelték (1828), és uo. tanár (1828–33). Mv.-en plébános, esperes (1833–54). Irodalompártoló, előfizetője volt kora számos sajtótermékének (Gazeta de Transilvania, Foaie pentru minte, inimă şi literatură, Organul luminării), ugyanakkor szép könyvtárat hagyott hátra. Kapcsolatot tartott fenn a Királyi Tábla kancellistáival, és szerepe volt az Olvasó kör (Societetea de lectură) létrehozásában. Részt vett a balázsfalvi népgyűlésen (1848. máj. 15–17), és vezetője volt a kv.-i diétara küldött román deputációnak. Aláírta a kv.-i peticiót is, amelyben a románok vagyonmegfosztása ellen emelte fel szavát. Felforgatták a házát Mv.-en (1848 szept.), Szeben környékére menekült, majd visszajött és dec. 30-án újból elhagyta a várost, javait elkobozták. Balázsfalván a teológiai intézet rektora, prof. (1854–1860), majd plébános és esperes Veresmarton (ma Unirea). Nagy szerepe volt az erdélyi, ezen belül a marosmenti román oktatás fenntartásában és fejlesztésében. Egyik szorgalmazója volt az ASTRA megalapításának (1860. máj. 10.). <br /><strong>Irod.:</strong> 1848–1849 Marosszék; Comşa; Comşa-Seiceanu; Fola; Hancu; Időtár 1; Időtár 2; Opriş 1999; Profiluri muresene 1; Sângeorgiu de Mureş; Şerban 2006; Şincan 2006; Todea 2013; Transilvania 1848–49.</br></p>

<p>Marosszentgyörgy, 1806., † Veresmart, 1880.: g. kat. pap, esperes, tanár. – Balázsfalván végezte a teológiát, nötlenként pappá szentelték (1828), és uo. tanár (1828–33). Mv.-en plébános, esperes (1833–54). Irodalompártoló, előfizetője volt kora számos sajtótermékének (Gazeta de Transilvania, Foaie pentru minte, inimă şi literatură, Organul luminării), ugyanakkor szép könyvtárat hagyott hátra. Kapcsolatot tartott fenn a Királyi Tábla kancellistáival, [&hellip;]</p>
