{"id":7592,"date":"2025-06-29T09:57:16","date_gmt":"2025-06-29T07:57:16","guid":{"rendered":"https:\/\/uj.adatbank.ro\/lexikon\/termek\/farago-odon-fischer-odon\/"},"modified":"2025-06-29T09:57:16","modified_gmt":"2025-06-29T07:57:16","slug":"farago-odon-fischer-odon","status":"publish","type":"product","link":"https:\/\/uj.adatbank.ro\/lexikon\/termek\/farago-odon-fischer-odon\/","title":{"rendered":"FARAG\u00d3 \u00d6d\u00f6n, Fischer \u00d6d\u00f6n"},"content":{"rendered":"<p>Zalaegerszeg, 1869. j\u00fal. 31, \u2020 Bp, 1935. m\u00e1j. 12.: bels\u0151\u00e9p\u00edt\u00e9sz. \u2013 Bp.-en \u00e9s B\u00e9csben tanult, majd egy b\u00e9csi b\u00fatorgy\u00e1rt\u00f3 c\u00e9g rajzol\u00f3ja lett. A c\u00e9g megb\u00edz\u00e1s\u00e1b\u00f3l a bp.-i Wodianer-, K\u00e1rolyi-, Wenckheim- \u00e9s m\u00e1s palot\u00e1k berendez\u00e9s\u00e9n dolgozott. Az Orsz\u00e1gh\u00e1z bels\u0151 kik\u00e9pz\u00e9s\u00e9ben vett r\u00e9szt (1890\u201391). T\u00f6bb vil\u00e1gki\u00e1ll\u00edt\u00e1s m. pavilonj\u00e1nak tervez\u00e9s\u00e9ben m\u0171k\u00f6d\u00f6tt k\u00f6zre (P\u00e1rizs, 1900; Torino, 1902; Mil\u00e1n\u00f3, 1906; Philadelphia, 1927). A bp.-i fels\u0151-iparisk. tan\u00e1ra nyugd\u00edjaz\u00e1s\u00e1ig (1899\u20131920). Kapcsolata volt a mv.-i ipari szakiskol\u00e1val, az \u0151 tervei alapj\u00e1n itt k\u00e9sz\u00edtett\u00e9k azt a pill\u00e9rszekr\u00e9ny\u00e9t \u00e9s \u00e9kszerszekr\u00e9ny\u00e9t, amit t\u00f6bbek k\u00f6zt a P\u00e1rizsi Vil\u00e1gki\u00e1ll\u00edt\u00e1son mutattak be (1900). \u2013 <strong>F. m.:<\/strong> Iparm\u0171v\u00e9szet (Bp., 1904); Biedermayer (Bp., 1911); Lak\u00e1sm\u0171v\u00e9szet (Bp., 1912); A b\u00fator \u00e9s a lak\u00e1sberendez\u00e9s t\u00f6rt\u00e9nete (Bp., \u00e9. n. [1912?]). <br \/><strong>Irod.:<\/strong> Magyaro. a P\u00e1rizsi Vil\u00e1gki\u00e1ll\u00edt\u00e1son (Bp., 1901); Malkowsky Georg: Die Paroser Weltausstellung in Wort und Bild (Berlin, 1900); \u00daM\u00c9L<\/br><\/p>\n","protected":false},"excerpt":{"rendered":"<p>Zalaegerszeg, 1869. j\u00fal. 31, \u2020 Bp, 1935. m\u00e1j. 12.: bels\u0151\u00e9p\u00edt\u00e9sz. \u2013 Bp.-en \u00e9s B\u00e9csben tanult, majd egy b\u00e9csi b\u00fatorgy\u00e1rt\u00f3 c\u00e9g rajzol\u00f3ja lett. A c\u00e9g megb\u00edz\u00e1s\u00e1b\u00f3l a bp.-i Wodianer-, K\u00e1rolyi-, Wenckheim- \u00e9s m\u00e1s palot\u00e1k berendez\u00e9s\u00e9n dolgozott. Az Orsz\u00e1gh\u00e1z bels\u0151 kik\u00e9pz\u00e9s\u00e9ben vett r\u00e9szt (1890\u201391). T\u00f6bb vil\u00e1gki\u00e1ll\u00edt\u00e1s m. pavilonj\u00e1nak tervez\u00e9s\u00e9ben m\u0171k\u00f6d\u00f6tt k\u00f6zre (P\u00e1rizs, 1900; Torino, 1902; Mil\u00e1n\u00f3, 1906; [&hellip;]<\/p>\n","protected":false},"featured_media":0,"comment_status":"open","ping_status":"closed","template":"","meta":[],"product_brand":[],"product_cat":[137],"product_tag":[],"class_list":{"0":"post-7592","1":"product","2":"type-product","3":"status-publish","5":"product_cat-maros-megyei-eletrajzi-lexikon","7":"first","8":"instock","9":"shipping-taxable","10":"product-type-simple"},"_links":{"self":[{"href":"https:\/\/uj.adatbank.ro\/lexikon\/wp-json\/wp\/v2\/product\/7592","targetHints":{"allow":["GET"]}}],"collection":[{"href":"https:\/\/uj.adatbank.ro\/lexikon\/wp-json\/wp\/v2\/product"}],"about":[{"href":"https:\/\/uj.adatbank.ro\/lexikon\/wp-json\/wp\/v2\/types\/product"}],"replies":[{"embeddable":true,"href":"https:\/\/uj.adatbank.ro\/lexikon\/wp-json\/wp\/v2\/comments?post=7592"}],"wp:attachment":[{"href":"https:\/\/uj.adatbank.ro\/lexikon\/wp-json\/wp\/v2\/media?parent=7592"}],"wp:term":[{"taxonomy":"product_brand","embeddable":true,"href":"https:\/\/uj.adatbank.ro\/lexikon\/wp-json\/wp\/v2\/product_brand?post=7592"},{"taxonomy":"product_cat","embeddable":true,"href":"https:\/\/uj.adatbank.ro\/lexikon\/wp-json\/wp\/v2\/product_cat?post=7592"},{"taxonomy":"product_tag","embeddable":true,"href":"https:\/\/uj.adatbank.ro\/lexikon\/wp-json\/wp\/v2\/product_tag?post=7592"}],"curies":[{"name":"wp","href":"https:\/\/api.w.org\/{rel}","templated":true}]}}

FARAGÓ Ödön, Fischer Ödön

<p>Zalaegerszeg, 1869. júl. 31, † Bp, 1935. máj. 12.: belsőépítész. – Bp.-en és Bécsben tanult, majd egy bécsi bútorgyártó cég rajzolója lett. A cég megbízásából a bp.-i Wodianer-, Károlyi-, Wenckheim- és más paloták berendezésén dolgozott. Az Országház belső kiképzésében vett részt (1890–91). Több világkiállítás m. pavilonjának tervezésében működött közre (Párizs, 1900; Torino, 1902; Milánó, 1906; Philadelphia, 1927). A bp.-i felső-iparisk. tanára nyugdíjazásáig (1899–1920). Kapcsolata volt a mv.-i ipari szakiskolával, az ő tervei alapján itt készítették azt a pillérszekrényét és ékszerszekrényét, amit többek közt a Párizsi Világkiállításon mutattak be (1900). – <strong>F. m.:</strong> Iparművészet (Bp., 1904); Biedermayer (Bp., 1911); Lakásművészet (Bp., 1912); A bútor és a lakásberendezés története (Bp., é. n. [1912?]). <br /><strong>Irod.:</strong> Magyaro. a Párizsi Világkiállításon (Bp., 1901); Malkowsky Georg: Die Paroser Weltausstellung in Wort und Bild (Berlin, 1900); ÚMÉL</br></p>

<p>Zalaegerszeg, 1869. júl. 31, † Bp, 1935. máj. 12.: belsőépítész. – Bp.-en és Bécsben tanult, majd egy bécsi bútorgyártó cég rajzolója lett. A cég megbízásából a bp.-i Wodianer-, Károlyi-, Wenckheim- és más paloták berendezésén dolgozott. Az Országház belső kiképzésében vett részt (1890–91). Több világkiállítás m. pavilonjának tervezésében működött közre (Párizs, 1900; Torino, 1902; Milánó, 1906; [&hellip;]</p>
