{"id":7593,"date":"2025-06-29T09:57:17","date_gmt":"2025-06-29T07:57:17","guid":{"rendered":"https:\/\/uj.adatbank.ro\/lexikon\/termek\/farago-pal\/"},"modified":"2025-06-29T09:57:17","modified_gmt":"2025-06-29T07:57:17","slug":"farago-pal","status":"publish","type":"product","link":"https:\/\/uj.adatbank.ro\/lexikon\/termek\/farago-pal\/","title":{"rendered":"FARAG\u00d3 P\u00e1l"},"content":{"rendered":"<p>\u2020\u00a0Kv., ? : m\u00e9rn\u00f6k. \u2013A H\u00e1zsong\u00e1rdi temet\u0151ben nyugszik. Le\u00e1nya: F. Erzs\u00e9bet Kolumb\u00e1n P\u00e1ln\u00e9. -. A sakk tette vil\u00e1gh\u00edr\u0171v\u00e9. Magas szint\u0171 sakkfeladv\u00e1nyokat szerkesztett. Els\u0151 d\u00edjat nyert a m\u00fcncheni szakkolimpia feladv\u00e1nyszerz\u0151 verseny\u00e9n (Berlin, 1936), \u00edgy lett az els\u0151 olimpiai bajnok Rom\u00e1ni\u00e1ban. K\u00e9s\u0151bb bronz\u00e9rmet is nyert a helsinki olimpi\u00e1n (1952). Nemzetk\u00f6zi versenyeken 65 feladv\u00e1ny\u00e1t d\u00edjazt\u00e1k, ebb\u0151l 17 esetben nyert els\u0151 d\u00edjat. Rengeteg feladv\u00e1ny\u00e1t 19 orsz\u00e1g 56 foly\u00f3irat\u00e1ban k\u00f6z\u00f6lte. \u2013 <strong>F. m.:<\/strong> \u00daj gondolatok a m\u0171v\u00e9szi sakkban. \u2013 <strong>Kit\u00fcntet\u00e9sei:<\/strong> \u00c9rdemes Mester, Nagymester valamint a Nemzetk\u00f6zi B\u00edr\u00f3 \u00e9s a Nemzetk\u00f6zi Mester c\u00edmmel jutalmazt\u00e1k. <br \/><strong>Irod.:<\/strong> Nagy L.<\/br><\/p>\n","protected":false},"excerpt":{"rendered":"<p>\u2020\u00a0Kv., ? : m\u00e9rn\u00f6k. \u2013A H\u00e1zsong\u00e1rdi temet\u0151ben nyugszik. Le\u00e1nya: F. Erzs\u00e9bet Kolumb\u00e1n P\u00e1ln\u00e9. -. A sakk tette vil\u00e1gh\u00edr\u0171v\u00e9. Magas szint\u0171 sakkfeladv\u00e1nyokat szerkesztett. Els\u0151 d\u00edjat nyert a m\u00fcncheni szakkolimpia feladv\u00e1nyszerz\u0151 verseny\u00e9n (Berlin, 1936), \u00edgy lett az els\u0151 olimpiai bajnok Rom\u00e1ni\u00e1ban. K\u00e9s\u0151bb bronz\u00e9rmet is nyert a helsinki olimpi\u00e1n (1952). Nemzetk\u00f6zi versenyeken 65 feladv\u00e1ny\u00e1t d\u00edjazt\u00e1k, ebb\u0151l 17 esetben [&hellip;]<\/p>\n","protected":false},"featured_media":0,"comment_status":"open","ping_status":"closed","template":"","meta":[],"product_brand":[],"product_cat":[137],"product_tag":[],"class_list":{"0":"post-7593","1":"product","2":"type-product","3":"status-publish","5":"product_cat-maros-megyei-eletrajzi-lexikon","7":"first","8":"instock","9":"shipping-taxable","10":"product-type-simple"},"_links":{"self":[{"href":"https:\/\/uj.adatbank.ro\/lexikon\/wp-json\/wp\/v2\/product\/7593","targetHints":{"allow":["GET"]}}],"collection":[{"href":"https:\/\/uj.adatbank.ro\/lexikon\/wp-json\/wp\/v2\/product"}],"about":[{"href":"https:\/\/uj.adatbank.ro\/lexikon\/wp-json\/wp\/v2\/types\/product"}],"replies":[{"embeddable":true,"href":"https:\/\/uj.adatbank.ro\/lexikon\/wp-json\/wp\/v2\/comments?post=7593"}],"wp:attachment":[{"href":"https:\/\/uj.adatbank.ro\/lexikon\/wp-json\/wp\/v2\/media?parent=7593"}],"wp:term":[{"taxonomy":"product_brand","embeddable":true,"href":"https:\/\/uj.adatbank.ro\/lexikon\/wp-json\/wp\/v2\/product_brand?post=7593"},{"taxonomy":"product_cat","embeddable":true,"href":"https:\/\/uj.adatbank.ro\/lexikon\/wp-json\/wp\/v2\/product_cat?post=7593"},{"taxonomy":"product_tag","embeddable":true,"href":"https:\/\/uj.adatbank.ro\/lexikon\/wp-json\/wp\/v2\/product_tag?post=7593"}],"curies":[{"name":"wp","href":"https:\/\/api.w.org\/{rel}","templated":true}]}}