{"id":7594,"date":"2025-06-29T09:57:19","date_gmt":"2025-06-29T07:57:19","guid":{"rendered":"https:\/\/uj.adatbank.ro\/lexikon\/termek\/farcas-lupu-leon\/"},"modified":"2025-06-29T09:57:19","modified_gmt":"2025-06-29T07:57:19","slug":"farcas-lupu-leon","status":"publish","type":"product","link":"https:\/\/uj.adatbank.ro\/lexikon\/termek\/farcas-lupu-leon\/","title":{"rendered":"F\u0102RCA\u015e \/ LUPU Leon"},"content":{"rendered":"<p>1829., \u2020 G\u00f6rg\u00e9nyhod\u00e1k, 1893. sept. 27.: g. kat. pap. \u2013 Apja F. \u015etefan, egy\u00fctt szolg\u00e1ltak Hod\u00e1kban (1850\u201352). Nev\u00fcket n\u00e9ha magyarul, m\u00e1skor rom\u00e1nul (Lupu) haszn\u00e1lt\u00e1k. Miut\u00e1n Leon egyed\u00fcl maradt a falu papjak\u00e9nt (1852), nev\u00e9t Lupura v\u00e1ltoztatta (1872). <br \/><strong>Irod.:<\/strong> Dobozi<\/br><\/p>\n","protected":false},"excerpt":{"rendered":"<p>1829., \u2020 G\u00f6rg\u00e9nyhod\u00e1k, 1893. sept. 27.: g. kat. pap. \u2013 Apja F. \u015etefan, egy\u00fctt szolg\u00e1ltak Hod\u00e1kban (1850\u201352). Nev\u00fcket n\u00e9ha magyarul, m\u00e1skor rom\u00e1nul (Lupu) haszn\u00e1lt\u00e1k. Miut\u00e1n Leon egyed\u00fcl maradt a falu papjak\u00e9nt (1852), nev\u00e9t Lupura v\u00e1ltoztatta (1872). Irod.: Dobozi<\/p>\n","protected":false},"featured_media":0,"comment_status":"open","ping_status":"closed","template":"","meta":[],"product_brand":[],"product_cat":[137],"product_tag":[],"class_list":{"0":"post-7594","1":"product","2":"type-product","3":"status-publish","5":"product_cat-maros-megyei-eletrajzi-lexikon","7":"first","8":"instock","9":"shipping-taxable","10":"product-type-simple"},"_links":{"self":[{"href":"https:\/\/uj.adatbank.ro\/lexikon\/wp-json\/wp\/v2\/product\/7594","targetHints":{"allow":["GET"]}}],"collection":[{"href":"https:\/\/uj.adatbank.ro\/lexikon\/wp-json\/wp\/v2\/product"}],"about":[{"href":"https:\/\/uj.adatbank.ro\/lexikon\/wp-json\/wp\/v2\/types\/product"}],"replies":[{"embeddable":true,"href":"https:\/\/uj.adatbank.ro\/lexikon\/wp-json\/wp\/v2\/comments?post=7594"}],"wp:attachment":[{"href":"https:\/\/uj.adatbank.ro\/lexikon\/wp-json\/wp\/v2\/media?parent=7594"}],"wp:term":[{"taxonomy":"product_brand","embeddable":true,"href":"https:\/\/uj.adatbank.ro\/lexikon\/wp-json\/wp\/v2\/product_brand?post=7594"},{"taxonomy":"product_cat","embeddable":true,"href":"https:\/\/uj.adatbank.ro\/lexikon\/wp-json\/wp\/v2\/product_cat?post=7594"},{"taxonomy":"product_tag","embeddable":true,"href":"https:\/\/uj.adatbank.ro\/lexikon\/wp-json\/wp\/v2\/product_tag?post=7594"}],"curies":[{"name":"wp","href":"https:\/\/api.w.org\/{rel}","templated":true}]}}