{"id":7596,"date":"2025-06-29T09:57:24","date_gmt":"2025-06-29T07:57:24","guid":{"rendered":"https:\/\/uj.adatbank.ro\/lexikon\/termek\/farcas-eugenia-%c2%a7-nica-eugenia\/"},"modified":"2025-06-29T09:57:24","modified_gmt":"2025-06-29T07:57:24","slug":"farcas-eugenia-%c2%a7-nica-eugenia","status":"publish","type":"product","link":"https:\/\/uj.adatbank.ro\/lexikon\/termek\/farcas-eugenia-%c2%a7-nica-eugenia\/","title":{"rendered":"F\u0102RCA\u015e Eugenia, \u00a7 Nica Eugenia"},"content":{"rendered":"<p>F\u0103rca\u015fu, 1919. aug. 19., \u2020 Hod\u00e1k, 1992. m\u00e1j. 5.: tan\u00edt\u00f3n\u0151. \u2013 Tan\u00edt\u00f3k\u00e9pz\u0151t Krajov\u00e1n v\u00e9gzett, a beszar\u00e1biai Hotin megy\u00e9be helyezt\u00e9k, onnan Hod\u00e1kra ker\u00fclt, ahol hal\u00e1l\u00e1ig \u00e9lt (1945\u2013). Hat\u00e9kony nevel\u0151i \u00e9s m\u0171vel\u0151d\u00e9si tev\u00e9kenys\u00e9get fejtett ki: az \u00e1ltala vezetett furulya egy\u00fcttes t\u00f6bb alkalommal nyert orsz\u00e1gos I. d\u00edjat, a sz\u00ednj\u00e1tsz\u00f3 csoportja is redszeresen m\u0171k\u0151d\u00f6tt nagy sikerrel. <br \/><strong>Irod.:<\/strong> Dasc\u0103li mure\u015feni, 4.<\/br><\/p>\n","protected":false},"excerpt":{"rendered":"<p>F\u0103rca\u015fu, 1919. aug. 19., \u2020 Hod\u00e1k, 1992. m\u00e1j. 5.: tan\u00edt\u00f3n\u0151. \u2013 Tan\u00edt\u00f3k\u00e9pz\u0151t Krajov\u00e1n v\u00e9gzett, a beszar\u00e1biai Hotin megy\u00e9be helyezt\u00e9k, onnan Hod\u00e1kra ker\u00fclt, ahol hal\u00e1l\u00e1ig \u00e9lt (1945\u2013). Hat\u00e9kony nevel\u0151i \u00e9s m\u0171vel\u0151d\u00e9si tev\u00e9kenys\u00e9get fejtett ki: az \u00e1ltala vezetett furulya egy\u00fcttes t\u00f6bb alkalommal nyert orsz\u00e1gos I. d\u00edjat, a sz\u00ednj\u00e1tsz\u00f3 csoportja is redszeresen m\u0171k\u0151d\u00f6tt nagy sikerrel. Irod.: Dasc\u0103li mure\u015feni, [&hellip;]<\/p>\n","protected":false},"featured_media":0,"comment_status":"open","ping_status":"closed","template":"","meta":[],"product_brand":[],"product_cat":[137],"product_tag":[],"class_list":{"0":"post-7596","1":"product","2":"type-product","3":"status-publish","5":"product_cat-maros-megyei-eletrajzi-lexikon","7":"first","8":"instock","9":"shipping-taxable","10":"product-type-simple"},"_links":{"self":[{"href":"https:\/\/uj.adatbank.ro\/lexikon\/wp-json\/wp\/v2\/product\/7596","targetHints":{"allow":["GET"]}}],"collection":[{"href":"https:\/\/uj.adatbank.ro\/lexikon\/wp-json\/wp\/v2\/product"}],"about":[{"href":"https:\/\/uj.adatbank.ro\/lexikon\/wp-json\/wp\/v2\/types\/product"}],"replies":[{"embeddable":true,"href":"https:\/\/uj.adatbank.ro\/lexikon\/wp-json\/wp\/v2\/comments?post=7596"}],"wp:attachment":[{"href":"https:\/\/uj.adatbank.ro\/lexikon\/wp-json\/wp\/v2\/media?parent=7596"}],"wp:term":[{"taxonomy":"product_brand","embeddable":true,"href":"https:\/\/uj.adatbank.ro\/lexikon\/wp-json\/wp\/v2\/product_brand?post=7596"},{"taxonomy":"product_cat","embeddable":true,"href":"https:\/\/uj.adatbank.ro\/lexikon\/wp-json\/wp\/v2\/product_cat?post=7596"},{"taxonomy":"product_tag","embeddable":true,"href":"https:\/\/uj.adatbank.ro\/lexikon\/wp-json\/wp\/v2\/product_tag?post=7596"}],"curies":[{"name":"wp","href":"https:\/\/api.w.org\/{rel}","templated":true}]}}

FĂRCAŞ Eugenia, § Nica Eugenia

<p>Fărcaşu, 1919. aug. 19., † Hodák, 1992. máj. 5.: tanítónő. – Tanítóképzőt Krajován végzett, a beszarábiai Hotin megyébe helyezték, onnan Hodákra került, ahol haláláig élt (1945–). Hatékony nevelői és művelődési tevékenységet fejtett ki: az általa vezetett furulya együttes több alkalommal nyert országos I. díjat, a színjátszó csoportja is redszeresen műkődött nagy sikerrel. <br /><strong>Irod.:</strong> Dascăli mureşeni, 4.</br></p>

<p>Fărcaşu, 1919. aug. 19., † Hodák, 1992. máj. 5.: tanítónő. – Tanítóképzőt Krajován végzett, a beszarábiai Hotin megyébe helyezték, onnan Hodákra került, ahol haláláig élt (1945–). Hatékony nevelői és művelődési tevékenységet fejtett ki: az általa vezetett furulya együttes több alkalommal nyert országos I. díjat, a színjátszó csoportja is redszeresen műkődött nagy sikerrel. Irod.: Dascăli mureşeni, [&hellip;]</p>
