{"id":7597,"date":"2025-06-29T09:57:26","date_gmt":"2025-06-29T07:57:26","guid":{"rendered":"https:\/\/uj.adatbank.ro\/lexikon\/termek\/farcas-gheorghe\/"},"modified":"2025-06-29T09:57:26","modified_gmt":"2025-06-29T07:57:26","slug":"farcas-gheorghe","status":"publish","type":"product","link":"https:\/\/uj.adatbank.ro\/lexikon\/termek\/farcas-gheorghe\/","title":{"rendered":"F\u0102RCA\u015e Gheorghe"},"content":{"rendered":"<p>Kendermez\u0151, 1933. m\u00e1j. 10. \u2020 ? : matematikus, tan\u00e1r. \u2013 Doktor\u00e1lt Kv.-on a BBTE Matematika Fakult\u00e1s\u00e1n (1972). A mv.-i Pedag\u00f3giai F\u0151iskola rektora. T\u00f6bb \u00edr\u00e1sa \u00e9s cikke jelent meg a hazai \u00e9s a nemzetk\u00f6zi szaksajt\u00f3ban. Dolgozatai hozz\u00e1j\u00e1rultak az absztrakt algebra elm\u00e9leti fejleszt\u00e9s\u00e9hez. \u2013 <strong>F. m.:<\/strong> Algebr\u0103 (Buk., 1979); <strong>t\u00e1rssz.:<\/strong> Matematika alm\u00e9rn\u00f6k\u00f6knek. (Kurzus a hallgat\u00f3k r\u00e9sz\u00e9re, Kiss Elem\u00e9r, Petrescu Adriannal; Tg. M., 1982). <br \/><strong>Irod.:<\/strong> Id\u0151t\u00e1r 4.; MMK; R\u00e9thy-\u00dajv\u00e1ri-V\u00e1czy<\/br><\/p>\n","protected":false},"excerpt":{"rendered":"<p>Kendermez\u0151, 1933. m\u00e1j. 10. \u2020 ? : matematikus, tan\u00e1r. \u2013 Doktor\u00e1lt Kv.-on a BBTE Matematika Fakult\u00e1s\u00e1n (1972). A mv.-i Pedag\u00f3giai F\u0151iskola rektora. T\u00f6bb \u00edr\u00e1sa \u00e9s cikke jelent meg a hazai \u00e9s a nemzetk\u00f6zi szaksajt\u00f3ban. Dolgozatai hozz\u00e1j\u00e1rultak az absztrakt algebra elm\u00e9leti fejleszt\u00e9s\u00e9hez. \u2013 F. m.: Algebr\u0103 (Buk., 1979); t\u00e1rssz.: Matematika alm\u00e9rn\u00f6k\u00f6knek. (Kurzus a hallgat\u00f3k r\u00e9sz\u00e9re, Kiss [&hellip;]<\/p>\n","protected":false},"featured_media":0,"comment_status":"open","ping_status":"closed","template":"","meta":[],"product_brand":[],"product_cat":[137],"product_tag":[],"class_list":{"0":"post-7597","1":"product","2":"type-product","3":"status-publish","5":"product_cat-maros-megyei-eletrajzi-lexikon","7":"first","8":"instock","9":"shipping-taxable","10":"product-type-simple"},"_links":{"self":[{"href":"https:\/\/uj.adatbank.ro\/lexikon\/wp-json\/wp\/v2\/product\/7597","targetHints":{"allow":["GET"]}}],"collection":[{"href":"https:\/\/uj.adatbank.ro\/lexikon\/wp-json\/wp\/v2\/product"}],"about":[{"href":"https:\/\/uj.adatbank.ro\/lexikon\/wp-json\/wp\/v2\/types\/product"}],"replies":[{"embeddable":true,"href":"https:\/\/uj.adatbank.ro\/lexikon\/wp-json\/wp\/v2\/comments?post=7597"}],"wp:attachment":[{"href":"https:\/\/uj.adatbank.ro\/lexikon\/wp-json\/wp\/v2\/media?parent=7597"}],"wp:term":[{"taxonomy":"product_brand","embeddable":true,"href":"https:\/\/uj.adatbank.ro\/lexikon\/wp-json\/wp\/v2\/product_brand?post=7597"},{"taxonomy":"product_cat","embeddable":true,"href":"https:\/\/uj.adatbank.ro\/lexikon\/wp-json\/wp\/v2\/product_cat?post=7597"},{"taxonomy":"product_tag","embeddable":true,"href":"https:\/\/uj.adatbank.ro\/lexikon\/wp-json\/wp\/v2\/product_tag?post=7597"}],"curies":[{"name":"wp","href":"https:\/\/api.w.org\/{rel}","templated":true}]}}

FĂRCAŞ Gheorghe

<p>Kendermező, 1933. máj. 10. † ? : matematikus, tanár. – Doktorált Kv.-on a BBTE Matematika Fakultásán (1972). A mv.-i Pedagógiai Főiskola rektora. Több írása és cikke jelent meg a hazai és a nemzetközi szaksajtóban. Dolgozatai hozzájárultak az absztrakt algebra elméleti fejlesztéséhez. – <strong>F. m.:</strong> Algebră (Buk., 1979); <strong>társsz.:</strong> Matematika almérnököknek. (Kurzus a hallgatók részére, Kiss Elemér, Petrescu Adriannal; Tg. M., 1982). <br /><strong>Irod.:</strong> Időtár 4.; MMK; Réthy-Újvári-Váczy</br></p>

<p>Kendermező, 1933. máj. 10. † ? : matematikus, tanár. – Doktorált Kv.-on a BBTE Matematika Fakultásán (1972). A mv.-i Pedagógiai Főiskola rektora. Több írása és cikke jelent meg a hazai és a nemzetközi szaksajtóban. Dolgozatai hozzájárultak az absztrakt algebra elméleti fejlesztéséhez. – F. m.: Algebră (Buk., 1979); társsz.: Matematika almérnököknek. (Kurzus a hallgatók részére, Kiss [&hellip;]</p>
